000
CXUS51 KAKQ 011010
CF6ORF
PRELIMINARY LOCAL CLIMATOLOGICAL DATA (WS FORM: F-6)

                                          STATION:   NORFOLK VA
                                          MONTH:     SEPTEMBER
                                          YEAR:      2014
                                          LATITUDE:   36 54 N
                                          LONGITUDE:  76 12 W

  TEMPERATURE IN F:       :PCPN:    SNOW:  WIND      :SUNSHINE: SKY     :PK WND
================================================================================
1   2   3   4   5  6A  6B    7    8   9   10  11  12  13   14  15   16   17  18
                                     12Z  AVG MX 2MIN
DY MAX MIN AVG DEP HDD CDD  WTR  SNW DPTH SPD SPD DIR MIN PSBL S-S WX    SPD DR
================================================================================

 1  95  76  86  10   0  21 0.00  0.0    0 11.4 21 210   M    M   1        26 210
 2  99  79  89  13   0  24 0.00  0.0    0 11.5 20 230   M    M   1        26 210
 3  89  77  83   7   0  18 0.00  0.0    0  8.3 18 230   M    M   1 1      23 240
 4  89  73  81   6   0  16 1.89  0.0    0  5.7 17 130   M    M   5 18     23 220
 5  90  73  82   7   0  17 0.02  0.0    0  5.9 14 210   M    M   1        17 210
 6  92  75  84   9   0  19 0.00  0.0    0 12.5 18 200   M    M   1 8      23 190
 7  79  72  76   1   0  11 0.01  0.0    0 12.2 18  20   M    M   9 8      24  10
 8  75  70  73  -2   0   8 3.05  0.0    0 13.5 29  60   M    M  10 1      41  60
 9  79  72  76   2   0  11 1.72  0.0    0 12.3 24  30   M    M  10 1      30  60
10  79  69  74   0   0   9    T  0.0    0  8.7 17  30   M    M   5        20  30
11  88  68  78   4   0  13 0.00  0.0    0 10.7 22 220   M    M   1        26 240
12  79  71  75   1   0  10 0.01  0.0    0 10.6 18  20   M    M   9 18     24 360
13  80  69  75   2   0  10 0.33  0.0    0  7.7 23  20   M    M   9 1      29  30
14  72  64  68  -5   0   3 0.00  0.0    0 10.9 24  30   M    M   5        30  30
15  73  63  68  -5   0   3 0.00  0.0    0  4.2 10 150   M    M   7        18 160
16  80  66  73   1   0   8 0.00  0.0    0  7.5 16  10   M    M   5        20  30
17  75  66  71  -1   0   6 0.03  0.0    0  8.5 15  60   M    M   6        20  30
18  76  62  69  -3   0   4 0.00  0.0    0  4.9 13  60   M    M   2        17  60
19  77  65  71  -1   0   6 0.00  0.0    0  5.8 14  80   M    M   4        23  70
20  76  68  72   1   0   7    T  0.0    0  9.5 18  60   M    M   5        25  60
21  81  71  76   5   0  11 0.49  0.0    0 10.7 18  60   M    M   5 1      25  20
22  77  68  73   3   0   8 0.00  0.0    0  8.7 21  30   M    M   1        24  30
23  69  62  66  -4   0   1 0.00  0.0    0 14.8 24  30   M    M   4        30  40
24  71  65  68  -2   0   3 1.56  0.0    0 18.0 26  70   M    M   9 1      37  60
25  72  66  69   0   0   4 0.04  0.0    0  8.0 21  20   M    M   9 1      27  30
26  72  65  69   0   0   4    T  0.0    0 12.8 21  20   M    M   6 1      26  10
27  77  62  70   1   0   5 0.00  0.0    0  6.8 14  30   M    M   1        16  30
28  74  59  67  -1   0   2 0.00  0.0    0  3.6 10  30   M    M   1        12  30
29  75  62  69   1   0   4 0.01  0.0    0  2.3  9 360   M    M   2 1      12 360
30  75  64  70   2   0   5 0.01  0.0    0  4.6 12  30   M    M   3        15  40
================================================================================
SM 2385 2042         0 271  9.17     0.0 272.6          M      138
================================================================================
AV 79.5 68.1                               9.1 FASTST   M    M   5    MAX(MPH)
                                 MISC ---->  # 29  60               # 41   60
================================================================================
NOTES:
# LAST OF SEVERAL OCCURRENCES

COLUMN 17 PEAK WIND IN M.P.H.

PRELIMINARY LOCAL CLIMATOLOGICAL DATA (WS FORM: F-6) , PAGE 2

                                          STATION:  NORFOLK VA
                                          MONTH:    SEPTEMBER
                                          YEAR:     2014
                                          LATITUDE:   36 54 N
                                          LONGITUDE:  76 12 W

[TEMPERATURE DATA]      [PRECIPITATION DATA]       SYMBOLS USED IN COLUMN 16

AVERAGE MONTHLY: 73.8   TOTAL FOR MONTH:   9.17    1 = FOG OR MIST
DPTR FM NORMAL:   1.5   DPTR FM NORMAL:    4.41    2 = FOG REDUCING VISIBILITY
HIGHEST:    99 ON  2    GRTST 24HR  4.75 ON  8- 9      TO 1/4 MILE OR LESS
LOWEST:     59 ON 28                               3 = THUNDER
                        SNOW, ICE PELLETS, HAIL    4 = ICE PELLETS
                        TOTAL MONTH:   0.0 INCH    5 = HAIL
                        GRTST 24HR     0.0         6 = FREEZING RAIN OR DRIZZLE
                        GRTST DEPTH:   0           7 = DUSTSTORM OR SANDSTORM:
                                                       VSBY 1/2 MILE OR LESS
                                                   8 = SMOKE OR HAZE
[NO. OF DAYS WITH]      [WEATHER - DAYS WITH]      9 = BLOWING SNOW
                                                   X = TORNADO
MAX 32 OR BELOW:   0    0.01 INCH OR MORE:  13
MAX 90 OR ABOVE:   4    0.10 INCH OR MORE:   6
MIN 32 OR BELOW:   0    0.50 INCH OR MORE:   4
MIN  0 OR BELOW:   0    1.00 INCH OR MORE:   4

[HDD (BASE 65) ]
TOTAL THIS MO.     0    CLEAR  (SCALE 0-3)  12
DPTR FM NORMAL   -11    PTCLDY (SCALE 4-7)  11
TOTAL FM JUL 1     0    CLOUDY (SCALE 8-10)  7
DPTR FM NORMAL   -11

[CDD (BASE 65) ]
TOTAL THIS MO.   271
DPTR FM NORMAL    41    [PRESSURE DATA]
TOTAL FM JAN 1  1644    HIGHEST SLP 30.33 ON 23
DPTR FM NORMAL    79    LOWEST  SLP 29.71 ON 21

[REMARKS]
#FINAL-09-14#
