000
CXUS51 KAKQ 171139
CF6ORF
PRELIMINARY LOCAL CLIMATOLOGICAL DATA (WS FORM: F-6)

                                          STATION:   NORFOLK VA
                                          MONTH:     DECEMBER
                                          YEAR:      2014
                                          LATITUDE:   36 54 N
                                          LONGITUDE:  76 12 W

  TEMPERATURE IN F:       :PCPN:    SNOW:  WIND      :SUNSHINE: SKY     :PK WND
================================================================================
1   2   3   4   5  6A  6B    7    8   9   10  11  12  13   14  15   16   17  18
                                     12Z  AVG MX 2MIN
DY MAX MIN AVG DEP HDD CDD  WTR  SNW DPTH SPD SPD DIR MIN PSBL S-S WX    SPD DR
================================================================================

 1  74  47  61  13   4   0 0.00  0.0    0 11.2 28 360   M    M   0        38  10
 2  50  43  47  -1  18   0    T  0.0    0  9.9 21  40   M    M  10 18     28  10
 3  59  43  51   3  14   0 0.00  0.0    0  8.2 18 210   M    M   7 12     22 210
 4  51  43  47   0  18   0 0.00  0.0    0 11.6 21  30   M    M   2        26  30
 5  52  45  49   2  16   0 0.00  0.0    0  6.5 14 360   M    M   8 8      17 360
 6  64  47  56   9   9   0 0.33  0.0    0  4.5 21 360   M    M   8 8      31 350
 7  50  42  46   0  19   0    T  0.0    0 23.2 32 360   M    M   9        46  20
 8  46  42  44  -2  21   0 0.10  0.0    0 18.0 24  10   M    M  10 18     34  10
 9  46  40  43  -3  22   0 0.05  0.0    0  8.6 17 350   M    M  10 18     24  10
10  54  42  48   3  17   0 0.00  0.0    0  9.1 16 280   M    M   7        26 340
11  46  33  40  -5  25   0 0.00  0.0    0  7.6 15 250   M    M   0        22 240
12  50  30  40  -5  25   0 0.00  0.0    0  5.4 14 360   M    M   2        20 350
13  46  35  41  -4  24   0 0.00  0.0    0  3.2 10 360   M    M   0 18     14 360
14  53  29  41  -3  24   0 0.00  0.0    0  2.3  9  20   M    M   0 18     11 230
15  52  33  43  -1  22   0 0.00  0.0    0  3.1  9  30   M    M   1 1      11  30
16  63  37  50   6  15   0 0.26  0.0    0  6.7 16 190   M    M   4 138    20 170
================================================================================
SM  856  631       293   0  0.74     0.0 139.1          M       78
================================================================================
AV 53.5 39.4                               8.7 FASTST   M    M   5    MAX(MPH)
                                 MISC ---->  # 32 360               # 46   20
================================================================================
NOTES:
# LAST OF SEVERAL OCCURRENCES

COLUMN 17 PEAK WIND IN M.P.H.

PRELIMINARY LOCAL CLIMATOLOGICAL DATA (WS FORM: F-6) , PAGE 2

                                          STATION:  NORFOLK VA
                                          MONTH:    DECEMBER
                                          YEAR:     2014
                                          LATITUDE:   36 54 N
                                          LONGITUDE:  76 12 W

[TEMPERATURE DATA]      [PRECIPITATION DATA]       SYMBOLS USED IN COLUMN 16

AVERAGE MONTHLY: 46.5   TOTAL FOR MONTH:   0.74    1 = FOG OR MIST
DPTR FM NORMAL:   0.5   DPTR FM NORMAL:   -0.95    2 = FOG REDUCING VISIBILITY
HIGHEST:    74 ON  1    GRTST 24HR  0.33 ON  6- 6      TO 1/4 MILE OR LESS
LOWEST:     29 ON 14                               3 = THUNDER
                        SNOW, ICE PELLETS, HAIL    4 = ICE PELLETS
                        TOTAL MONTH:   0.0 INCH    5 = HAIL
                        GRTST 24HR     0.0         6 = FREEZING RAIN OR DRIZZLE
                        GRTST DEPTH:   0           7 = DUSTSTORM OR SANDSTORM:
                                                       VSBY 1/2 MILE OR LESS
                                                   8 = SMOKE OR HAZE
[NO. OF DAYS WITH]      [WEATHER - DAYS WITH]      9 = BLOWING SNOW
                                                   X = TORNADO
MAX 32 OR BELOW:   0    0.01 INCH OR MORE:   4
MAX 90 OR ABOVE:   0    0.10 INCH OR MORE:   3
MIN 32 OR BELOW:   2    0.50 INCH OR MORE:   0
MIN  0 OR BELOW:   0    1.00 INCH OR MORE:   0

[HDD (BASE 65) ]
TOTAL THIS MO.   293    CLEAR  (SCALE 0-3)   7
DPTR FM NORMAL   -14    PTCLDY (SCALE 4-7)   4
TOTAL FM JUL 1   856    CLOUDY (SCALE 8-10)  5
DPTR FM NORMAL    19

[CDD (BASE 65) ]
TOTAL THIS MO.     0
DPTR FM NORMAL     0    [PRESSURE DATA]
TOTAL FM JAN 1  1724    HIGHEST SLP M ON M
DPTR FM NORMAL    96    LOWEST  SLP 29.79 ON 10

[REMARKS]
