000
CXUS52 KMLB 311127
CF6ORL
PRELIMINARY LOCAL CLIMATOLOGICAL DATA (WS FORM: F-6)

                                          STATION:   ORLANDO EXEC
                                          MONTH:     OCTOBER
                                          YEAR:      2014
                                          LATITUDE:   28 32 N
                                          LONGITUDE:  81 20 W

  TEMPERATURE IN F:       :PCPN:    SNOW:  WIND      :SUNSHINE: SKY     :PK WND
================================================================================
1   2   3   4   5  6A  6B    7    8   9   10  11  12  13   14  15   16   17  18
                                     12Z  AVG MX 2MIN
DY MAX MIN AVG DEP HDD CDD  WTR  SNW DPTH SPD SPD DIR MIN PSBL S-S WX    SPD DR
================================================================================

 1  84  75  80   0   0  15 0.17  0.0    0  3.5 15  70   M    M   7 13     20  70
 2  91  75  83   3   0  18 0.03  0.0    0  5.4 14  80   M    M   2        19  80
 3  91  74  83   4   0  18 0.07  0.0    0  4.9 20 270   M    M   2        26 280
 4  88  69  79   0   0  14 0.01  0.0    0  9.0 20 290   M    M   2        28 300
 5  80  60  70  -9   0   5 0.00  0.0    0  7.5 14  60   M    M   0        20 340
 6  83  62  73  -6   0   8 0.00  0.0    0  5.5 12 130   M    M   1        15 150
 7  87  68  78   0   0  13 0.06  0.0    0  3.3 12 150   M    M   2 3      15 120
 8  91  73  82   4   0  17 0.00  0.0    0  3.2 13 100   M    M   1        15 100
 9  89  71  80   2   0  15 0.00  0.0    0  5.8 16  70   M    M   1 1      20  60
10  90  71  81   3   0  16 0.00  0.0    0  6.6 16  80   M    M   1 1      22  80
11  91  70  81   4   0  16 0.00  0.0    0  4.0 16  90   M    M   1        18  80
12  90  69  80   3   0  15 0.00  0.0    0  4.9 18 100   M    M   1 1      22 120
13  90  70  80   3   0  15 0.00  0.0    0  9.1 17 110   M    M   1        27 120
14  90  73  82   6   0  17 0.48  0.0    0  8.4 28 260   M    M   2 13     41 250
15  82  67  75  -1   0  10 0.03  0.0    0  8.1 14 290   M    M   4 1      17 270
16  83  64  74  -2   0   9 0.00  0.0    0  7.7 20 300   M    M   0        25 290
17  83  62  73  -3   0   8 0.00  0.0    0  4.4 13 300   M    M   0        14  20
18  83  62  73  -2   0   8 0.00  0.0    0  4.5 13 280   M    M   0        18 270
19  86  65  76   1   0  11 0.00  0.0    0  6.4 16  70   M    M   1 1      20  70
20  86  67  77   2   0  12 0.00  0.0    0  3.6 13  90   M    M   2        17 160
21  86  71  79   4   0  14 0.00  0.0    0  2.9  9  80   M    M   1        12 280
22  86  68  77   3   0  12 0.00  0.0    0  5.7 13  40   M    M   1 1      18  50
23  81  64  73  -1   0   8 0.00  0.0    0  7.6 16  80   M    M   1        19  50
24  81  64  73  -1   0   8 0.00  0.0    0  8.0 17  60   M    M   4        22  60
25  81  64  73  -1   0   8 0.00  0.0    0  6.7 12 320   M    M   1        16 340
26  84  58  71  -2   0   6 0.00  0.0    0  3.4 10 290   M    M   0        14  10
27  86  60  73   0   0   8 0.00  0.0    0  4.5 15 140   M    M   0        19 130
28  87  63  75   2   0  10 0.00  0.0    0  3.6 15  90   M    M   2 1      20 160
29  86  64  75   3   0  10 0.00  0.0    0  1.6 13  80   M    M   0 1      17  70
30  84  67  76   4   0  11 0.00  0.0    0  2.9  9 300   M    M   4 1      12 290
================================================================================
SM 2580 2010         0 355  0.85     0.0 162.7          M       45
================================================================================
AV 86.0 67.0                               5.4 FASTST   M    M   2    MAX(MPH)
                                 MISC ---->  # 28 260               # 41  250
================================================================================
NOTES:
# LAST OF SEVERAL OCCURRENCES

COLUMN 17 PEAK WIND IN M.P.H.

PRELIMINARY LOCAL CLIMATOLOGICAL DATA (WS FORM: F-6) , PAGE 2

                                          STATION:  ORLANDO EXEC
                                          MONTH:    OCTOBER
                                          YEAR:     2014
                                          LATITUDE:   28 32 N
                                          LONGITUDE:  81 20 W

[TEMPERATURE DATA]      [PRECIPITATION DATA]       SYMBOLS USED IN COLUMN 16

AVERAGE MONTHLY: 76.5   TOTAL FOR MONTH:   0.85    1 = FOG OR MIST
DPTR FM NORMAL:   0.4   DPTR FM NORMAL:   -2.36    2 = FOG REDUCING VISIBILITY
HIGHEST:    91 ON 11, 8 GRTST 24HR  0.51 ON 14-15      TO 1/4 MILE OR LESS
LOWEST:     58 ON 26                               3 = THUNDER
                        SNOW, ICE PELLETS, HAIL    4 = ICE PELLETS
                        TOTAL MONTH:   0.0 INCH    5 = HAIL
                        GRTST 24HR     0.0         6 = FREEZING RAIN OR DRIZZLE
                        GRTST DEPTH:   0           7 = DUSTSTORM OR SANDSTORM:
                                                       VSBY 1/2 MILE OR LESS
                                                   8 = SMOKE OR HAZE
[NO. OF DAYS WITH]      [WEATHER - DAYS WITH]      9 = BLOWING SNOW
                                                   X = TORNADO
MAX 32 OR BELOW:   0    0.01 INCH OR MORE:   7
MAX 90 OR ABOVE:   8    0.10 INCH OR MORE:   2
MIN 32 OR BELOW:   0    0.50 INCH OR MORE:   0
MIN  0 OR BELOW:   0    1.00 INCH OR MORE:   0

[HDD (BASE 65) ]
TOTAL THIS MO.     0    CLEAR  (SCALE 0-3)  26
DPTR FM NORMAL     0    PTCLDY (SCALE 4-7)   4
TOTAL FM JUL 1     0    CLOUDY (SCALE 8-10)  0
DPTR FM NORMAL     0

[CDD (BASE 65) ]
TOTAL THIS MO.   355
DPTR FM NORMAL    19    [PRESSURE DATA]
TOTAL FM JAN 1  3510    HIGHEST SLP M ON M
DPTR FM NORMAL   174    LOWEST  SLP 29.82 ON  4

[REMARKS]
