000
CXUS53 KDMX 270920
CF6OTM
PRELIMINARY LOCAL CLIMATOLOGICAL DATA (WS FORM: F-6)

                                          STATION:   OTTUMWA IA
                                          MONTH:     MARCH
                                          YEAR:      2017
                                          LATITUDE:   41  6 N
                                          LONGITUDE:  92 27 W

  TEMPERATURE IN F:       :PCPN:    SNOW:  WIND      :SUNSHINE: SKY     :PK WND
================================================================================
1   2   3   4   5  6A  6B    7    8   9   10  11  12  13   14  15   16   17  18
                                     12Z  AVG MX 2MIN
DY MAX MIN AVG DEP HDD CDD  WTR  SNW DPTH SPD SPD DIR MIN PSBL S-S WX    SPD DR
================================================================================

 1  44  33  39   7  26   0 0.01  0.0    0 18.6 35 300   M    M   9 1      42 300
 2  39  20  30  -3  35   0    T    T    0  9.9 22 330   M    M   6 1      28 340
 3  41  15  28  -5  37   0 0.00  0.0    0  9.7 18 100   M    M   1 1      26 150
 4  69  26  48  14  17   0 0.00  0.0    0 10.4 16 130   M    M   0        22 160
 5  64  47  56  22   9   0 0.00  0.0    0 17.1 29 200   M    M   7        37 210
 6  74  50  62  27   3   0 0.23  0.0    0 22.3 53 250   M    M   9 13     69 250
 7  56  35  46  11  19   0 0.00  0.0    0 15.1 32 250   M    M   2        41 250
 8  57  31  44   8  21   0 0.00  0.0    0 11.5 24 280   M    M   0        33 260
 9  49  28  39   3  26   0 0.00  0.0    0 12.0 23 350   M    M   0        27 350
10  32  20  26 -10  39   0    T    T    0 13.4 23 340   M    M   M        29 350
11  33  20  27 -10  38   0 0.02    M    M  6.9 12 340   M    M   M 1      13 350
12  37  23  30  -7  35   0 0.10    M    0 10.0 21 140   M    M  10 1      25 130
13  31  24  28 -10  37   0 0.02    M    M 13.5 22 350   M    M  10 18     24 350
14  29  11  20 -18  45   0 0.00  0.0    0  8.5 17 340   M    M   2        22  10
15  37   7  22 -16  43   0 0.00  0.0    0  5.1  9 200   M    M   0        14 220
16  50  21  36  -3  29   0    T    M    0 13.1 23 130   M    M   6        29 130
17  66  35  51  12  14   0 0.00  0.0    0 15.8 31 330   M    M   2        39 340
18  52  34  43   3  22   0 0.00  0.0    0 12.4 22 320   M    M   3        29 320
19  64  29  47   7  18   0 0.00  0.0    0 15.4 29 160   M    M   1        36 160
20  69  44  57  16   8   0 0.00  0.0    0 10.4 21  30   M    M   0        25  20
21  51  32  42   1  23   0 0.14    M    0 11.5 31 350   M    M   4 1      36 350
22  48  27  38  -3  27   0 0.00  0.0    0 13.0 21 110   M    M   3        26 110
23  55  39  47   5  18   0    T    M    0 14.9 26 140   M    M   6        31 150
24  74  49  62  20   3   0 0.42    M    0 11.5 24 240   M    M   6 1      29 230
25  52  43  48   5  17   0 0.41  0.0    0 13.4 23  50   M    M   9 12     29  60
26  49  43  46   3  19   0 0.36    M    0  8.4 14 280   M    M  10 1      17 290
================================================================================
SM 1322  786       628   0  1.71    T    323.8          M      106
================================================================================
AV 50.9 30.2                              12.5 FASTST   M    M   4    MAX(MPH)
                                 MISC ---->  # 53 250               # 69  250
================================================================================
NOTES:
# LAST OF SEVERAL OCCURRENCES

COLUMN 17 PEAK WIND IN M.P.H.

PRELIMINARY LOCAL CLIMATOLOGICAL DATA (WS FORM: F-6) , PAGE 2

                                          STATION:  OTTUMWA IA
                                          MONTH:    MARCH
                                          YEAR:     2017
                                          LATITUDE:   41  6 N
                                          LONGITUDE:  92 27 W

[TEMPERATURE DATA]      [PRECIPITATION DATA]       SYMBOLS USED IN COLUMN 16

AVERAGE MONTHLY: 40.5   TOTAL FOR MONTH:   1.71    1 = FOG OR MIST
DPTR FM NORMAL:   2.7   DPTR FM NORMAL:   -0.11    2 = FOG REDUCING VISIBILITY
HIGHEST:    74 ON 24, 6 GRTST 24HR  0.42 ON 24-24      TO 1/4 MILE OR LESS
LOWEST:      7 ON 15                               3 = THUNDER
                        SNOW, ICE PELLETS, HAIL    4 = ICE PELLETS
                        TOTAL MONTH:    T          5 = HAIL
                        GRTST 24HR    T  ON 10-10  6 = FREEZING RAIN OR DRIZZLE
                        GRTST DEPTH:   0           7 = DUSTSTORM OR SANDSTORM:
                                                       VSBY 1/2 MILE OR LESS
                                                   8 = SMOKE OR HAZE
[NO. OF DAYS WITH]      [WEATHER - DAYS WITH]      9 = BLOWING SNOW
                                                   X = TORNADO
MAX 32 OR BELOW:   3    0.01 INCH OR MORE:   9
MAX 90 OR ABOVE:   0    0.10 INCH OR MORE:   6
MIN 32 OR BELOW:  15    0.50 INCH OR MORE:   0
MIN  0 OR BELOW:   0    1.00 INCH OR MORE:   0

[HDD (BASE 65) ]
TOTAL THIS MO.   628    CLEAR  (SCALE 0-3)  11
DPTR FM NORMAL   -79    PTCLDY (SCALE 4-7)   7
TOTAL FM JUL 1  4435    CLOUDY (SCALE 8-10)  6
DPTR FM NORMAL -1157

[CDD (BASE 65) ]
TOTAL THIS MO.     0
DPTR FM NORMAL     0    [PRESSURE DATA]
TOTAL FM JAN 1     0    HIGHEST SLP M ON M
DPTR FM NORMAL     0    LOWEST  SLP 29.22 ON  6

[REMARKS]
