000
CXAK56 PAFG 251241
CF6OTZ
PRELIMINARY LOCAL CLIMATOLOGICAL DATA (WS FORM: F-6)

                                          STATION:   KOTZEBUE AK
                                          MONTH:     SEPTEMBER
                                          YEAR:      2017
                                          LATITUDE:   66 52 N
                                          LONGITUDE: 162 38 W

  TEMPERATURE IN F:       :PCPN:    SNOW:  WIND      :SUNSHINE: SKY     :PK WND
================================================================================
1   2   3   4   5  6A  6B    7    8   9   10  11  12  13   14  15   16   17  18
                                     12Z  AVG MX 2MIN
DY MAX MIN AVG DEP HDD CDD  WTR  SNW DPTH SPD SPD DIR MIN PSBL S-S WX    SPD DR
================================================================================

 1  50  40  45  -3  20   0 0.01  0.0    0  9.2 14 170   M    M   8 1      18 170
 2  50  39  45  -3  20   0 0.10  0.0    0  8.9 16 160   M    M   6 1      19 160
 3  53  39  46  -2  19   0    T  0.0    0 11.9 20 130   M    M   6        22 120
 4  57  43  50   3  15   0    T  0.0    0  6.5 13 300   M    M   2        15 300
 5  59  42  51   4  14   0 0.00  0.0    0 10.0 18 130   M    M   0        21 120
 6  55  45  50   3  15   0 0.03  0.0    0 10.1 21 360   M    M   6 1      25  10
 7  51  44  48   2  17   0 0.11  0.0    0  8.5 14 360   M    M   9 1      17  80
 8  46  43  45  -1  20   0 0.02    M    0  4.6  9 260   M    M   9 1      11 260
 9  50  43  47   1  18   0 0.01  0.0    0  5.3 13 360   M    M  10        15 360
10  48  41  45   0  20   0 0.19  0.0    0  9.4 21 280   M    M  10 1      24 280
11  45  39  42  -3  23   0 0.09  0.0    0 11.8 28 120   M    M  10 1      35 120
12  51  42  47   3  18   0 0.67  0.0    0 17.9 33 160   M    M  10 1      40 160
13  45  41  43  -1  22   0 0.32  0.0    0  9.0 16 320   M    M  10 1      19  20
14  48  39  44   0  21   0 0.00  0.0    0  5.8 12 340   M    M   6        13 320
15  48  35  42  -1  23   0    T  0.0    0  7.7 14 100   M    M   5 1      17 110
16  54  44  49   6  16   0 0.00  0.0    0  8.7 14  10   M    M   4        18  10
17  49  44  47   5  18   0 0.00  0.0    0  8.5 15 290   M    M   5        17 290
18  46  39  43   1  22   0 0.00  0.0    0 14.6 26 310   M    M   6        31 310
19  45  37  41   0  24   0 0.00  0.0    0  9.3 18 310   M    M   4        21 320
20  46  37  42   1  23   0    T  0.0    0  6.7 13  10   M    M   9        15  20
21  47  37  42   2  23   0 0.03  0.0    0  8.1 13 350   M    M   8 1      16 360
22  48  34  41   2  24   0 0.00  0.0    0 10.5 20  60   M    M   2        22  50
23  51  35  43   4  22   0 0.00  0.0    0  7.4 17  50   M    M   5        22  60
24  45  34  40   2  25   0 0.00  0.0    0  6.6 13 310   M    M   0        16  40
================================================================================
SM 1187  956       482   0  1.58     0.0 217.0          M      150
================================================================================
AV 49.5 39.8                               9.0 FASTST   M    M   6    MAX(MPH)
                                 MISC ---->  # 33 160               # 40  160
================================================================================
NOTES:
# LAST OF SEVERAL OCCURRENCES

COLUMN 17 PEAK WIND IN M.P.H.

PRELIMINARY LOCAL CLIMATOLOGICAL DATA (WS FORM: F-6) , PAGE 2

                                          STATION:  KOTZEBUE AK
                                          MONTH:    SEPTEMBER
                                          YEAR:     2017
                                          LATITUDE:   66 52 N
                                          LONGITUDE: 162 38 W

[TEMPERATURE DATA]      [PRECIPITATION DATA]       SYMBOLS USED IN COLUMN 16

AVERAGE MONTHLY: 44.7   TOTAL FOR MONTH:   1.58    1 = FOG OR MIST
DPTR FM NORMAL:   0.8   DPTR FM NORMAL:    0.29    2 = FOG REDUCING VISIBILITY
HIGHEST:    59 ON  5    GRTST 24HR  0.67 ON 12-12      TO 1/4 MILE OR LESS
LOWEST:     34 ON 24,22                            3 = THUNDER
                        SNOW, ICE PELLETS, HAIL    4 = ICE PELLETS
                        TOTAL MONTH:   0.0 INCH    5 = HAIL
                        GRTST 24HR     0.0         6 = FREEZING RAIN OR DRIZZLE
                        GRTST DEPTH:   0           7 = DUSTSTORM OR SANDSTORM:
                                                       VSBY 1/2 MILE OR LESS
                                                   8 = SMOKE OR HAZE
[NO. OF DAYS WITH]      [WEATHER - DAYS WITH]      9 = BLOWING SNOW
                                                   X = TORNADO
MAX 32 OR BELOW:   0    0.01 INCH OR MORE:  11
MAX 90 OR ABOVE:   0    0.10 INCH OR MORE:   5
MIN 32 OR BELOW:   0    0.50 INCH OR MORE:   1
MIN  0 OR BELOW:   0    1.00 INCH OR MORE:   0

[HDD (BASE 65) ]
TOTAL THIS MO.   482    CLEAR  (SCALE 0-3)   4
DPTR FM NORMAL   -26    PTCLDY (SCALE 4-7)  12
TOTAL FM JUL 1  1169    CLOUDY (SCALE 8-10)  8
DPTR FM NORMAL   -77

[CDD (BASE 65) ]
TOTAL THIS MO.     0
DPTR FM NORMAL     0    [PRESSURE DATA]
TOTAL FM JAN 1     1    HIGHEST SLP M ON M
DPTR FM NORMAL    -4    LOWEST  SLP 29.33 ON 12

[REMARKS]
