000
CXUS55 KPAH 230631
CF6OWB
PRELIMINARY LOCAL CLIMATOLOGICAL DATA (WS FORM: F-6)

                                          STATION:   OWENSBORO KY
                                          MONTH:     FEBRUARY
                                          YEAR:      2018
                                          LATITUDE:   37 45 N
                                          LONGITUDE:  87 10 W

  TEMPERATURE IN F:       :PCPN:    SNOW:  WIND      :SUNSHINE: SKY     :PK WND
================================================================================
1   2   3   4   5  6A  6B    7    8   9   10  11  12  13   14  15   16   17  18
                                     12Z  AVG MX 2MIN
DY MAX MIN AVG DEP HDD CDD  WTR  SNW DPTH SPD SPD DIR MIN PSBL S-S WX    SPD DR
================================================================================

 1  45  20  33  -4  32   0 0.07    M    M 10.4 21 330   M    M   5 1      25 350
 2  29  12  21 -16  44   0 0.00    M    M  6.0 14 330   M    M   0        16 350
 3  43  19  31  -6  34   0 0.04    M    0  9.7 33 200   M    M   7        39 190
 4  47  20  34  -4  31   0 0.18    M    M 11.5 28 320   M    M   9 18     33 310
 5  31  14  23 -15  42   0    T    M    M  6.7 14 350   M    M   6        17 340
 6  37  30  34  -4  31   0 0.10    M    M  6.2 14  60   M    M  10 16     16  60
 7  32  22  27 -11  38   0 0.25    M    0  8.8 18 320   M    M   8 16     21 330
 8  39  19  29  -9  36   0 0.00  0.0    0  3.9  9 160   M    M   1 1      12 150
 9  59  32  46   7  19   0 0.00  0.0    0  6.8 18 220   M    M   3        21 210
10  48  38  43   4  22   0 0.08    M    0  6.0 15 300   M    M  10 18     17 330
11  38  28  33  -6  32   0 0.43    M    0 10.7 18 310   M    M  10 1      21 310
12  44  22  33  -6  32   0 0.00  0.0    0  9.0 15  50   M    M   1        18  50
13  45  28  37  -3  28   0 0.00  0.0    0  5.1 13  60   M    M   5        15  40
14  62  42  52  12  13   0 0.09  0.0    0 12.1 21 210   M    M  10 1      25 200
15  74  62  68  28   0   3    T  0.0    0 18.1 32 230   M    M   8 1      40 230
16  69  38  54  14  11   0 0.86    M    0 10.6 28 320   M    M  10 18     33 330
17  42  33  38  -3  27   0 0.38    M    0  6.2 18 300   M    M   8 1      23 300
18  54  29  42   1  23   0 0.00  0.0    0  6.0 16 160   M    M   2 128    20 140
19  76  52  64  23   1   0 0.00  0.0    0 16.6 32 210   M    M   5        40 210
20  79  65  72  31   0   7 0.00  0.0    0 16.4 28 210   M    M   3        36 210
21  70  40  55  13  10   0 1.43    M    0 10.2 28 320   M    M   9 1      33 320
22  54  42  48   6  17   0 0.95    M    0  6.9 18 310   M    M   9 1      22 310
================================================================================
SM 1117  707       523  10  4.86     0.0 203.9          M      139
================================================================================
AV 50.8 32.1                               9.3 FASTST   M    M   6    MAX(MPH)
                                 MISC ---->  # 33 200               # 40  230
================================================================================
NOTES:
# LAST OF SEVERAL OCCURRENCES

COLUMN 17 PEAK WIND IN M.P.H.

PRELIMINARY LOCAL CLIMATOLOGICAL DATA (WS FORM: F-6) , PAGE 2

                                          STATION:  OWENSBORO KY
                                          MONTH:    FEBRUARY
                                          YEAR:     2018
                                          LATITUDE:   37 45 N
                                          LONGITUDE:  87 10 W

[TEMPERATURE DATA]      [PRECIPITATION DATA]       SYMBOLS USED IN COLUMN 16

AVERAGE MONTHLY: 41.5   TOTAL FOR MONTH:   4.86    1 = FOG OR MIST
DPTR FM NORMAL:   2.1   DPTR FM NORMAL:    1.53    2 = FOG REDUCING VISIBILITY
HIGHEST:    79 ON 20    GRTST 24HR  1.43 ON 21-21      TO 1/4 MILE OR LESS
LOWEST:     12 ON  2                               3 = THUNDER
                        SNOW, ICE PELLETS, HAIL    4 = ICE PELLETS
                        TOTAL MONTH:   0.0 INCH    5 = HAIL
                        GRTST 24HR     0.0         6 = FREEZING RAIN OR DRIZZLE
                        GRTST DEPTH:   0           7 = DUSTSTORM OR SANDSTORM:
                                                       VSBY 1/2 MILE OR LESS
                                                   8 = SMOKE OR HAZE
[NO. OF DAYS WITH]      [WEATHER - DAYS WITH]      9 = BLOWING SNOW
                                                   X = TORNADO
MAX 32 OR BELOW:   3    0.01 INCH OR MORE:  12
MAX 90 OR ABOVE:   0    0.10 INCH OR MORE:   8
MIN 32 OR BELOW:  13    0.50 INCH OR MORE:   3
MIN  0 OR BELOW:   0    1.00 INCH OR MORE:   1

[HDD (BASE 65) ]
TOTAL THIS MO.   523    CLEAR  (SCALE 0-3)   5
DPTR FM NORMAL   -42    PTCLDY (SCALE 4-7)   7
TOTAL FM JUL 1  3209    CLOUDY (SCALE 8-10) 10
DPTR FM NORMAL   252

[CDD (BASE 65) ]
TOTAL THIS MO.    10
DPTR FM NORMAL    10    [PRESSURE DATA]
TOTAL FM JAN 1    10    HIGHEST SLP M ON M
DPTR FM NORMAL    10    LOWEST  SLP 29.77 ON 15

[REMARKS]
