000
CXUS56 KLKN 271001
CF6P68
PRELIMINARY LOCAL CLIMATOLOGICAL DATA (WS FORM: F-6)

                                          STATION:   EUREKA AIRPORT NV
                                          MONTH:     AUGUST
                                          YEAR:      2014
                                          LATITUDE:   39 30 N
                                          LONGITUDE: 115 58 W

  TEMPERATURE IN F:       :PCPN:    SNOW:  WIND      :SUNSHINE: SKY     :PK WND
================================================================================
1   2   3   4   5  6A  6B    7    8   9   10  11  12  13   14  15   16   17  18
                                     12Z  AVG MX 2MIN
DY MAX MIN AVG DEP HDD CDD  WTR  SNW DPTH SPD SPD DIR MIN PSBL S-S WX    SPD DR
================================================================================

 1  91  47  69  -1   0   4 0.00    M    M  5.9 25  50   M    M   M        33 190
 2  94  51  73   3   0   8 0.00    M    M  7.2 24 260   M    M   M        33 350
 3  86  59  73   3   0   8 0.00    M    M  7.9 24 160   M    M   M        29 150
 4  70  59  65  -5   0   0 0.27    M    M  4.8 20 130   M    M   M        23 130
 5  77  58  68  -2   0   3 0.05    M    M  5.7 16  20   M    M   M        20  10
 6  81  51  66  -3   0   1 0.09    M    M  5.5 24 320   M    M   M        28 320
 7  79  49  64  -5   1   0 0.01    M    M  4.2 15 160   M    M   M        18 160
 8  83  49  66  -3   0   1 0.00    M    M  6.5 25 190   M    M   M        31 190
 9  89  52  71   2   0   6 0.00    M    M  7.4 20 160   M    M   M        28 150
10  89  50  70   1   0   5 0.00    M    M  6.7 28 120   M    M   M        35 120
11  74  50  62  -6   3   0 0.09    M    M  6.8 22 150   M    M   M        26 150
12  84  48  66  -2   0   1 1.14    M    M  7.0 26 160   M    M   M        33 290
13  84  56  70   2   0   5 0.04    M    M  9.0 24 160   M    M   M        32 170
14  86  48  67  -1   0   2 0.00    M    M  6.6 23 170   M    M   M        29 180
15  89  49  69   1   0   4 0.00    M    M  5.7 17 260   M    M   M        24 280
16  91  50  71   4   0   6 0.00    M    M  5.5 16 160   M    M   M        20 170
17  91  52  72   5   0   7 0.00    M    M  4.6 13 180   M    M   M        16 160
18  89  48  69   2   0   4 0.00    M    M  7.3 23 180   M    M   M        29 160
19  82  61  72   5   0   7 0.00    M    M  9.7 22 220   M    M   M        29 230
20  81  50  66   0   0   1 0.11    M    M  7.0 28 160   M    M   M        32 150
21  84  59  72   6   0   7 0.00    M    M  7.7 17 180   M    M   M        23 190
22  81  51  66   0   0   1 0.04    M    M  6.7 18 310   M    M   M        24 290
23  77  42  60  -6   5   0 0.00    M    M  6.6 21 340   M    M   M        26 350
24  81  41  61  -5   4   0 0.00    M    M  6.2 13  10   M    M   M        17  40
25  74  49  62  -3   3   0 0.00    M    M  6.3 20  20   M    M   M        25  20
26  76  47  62  -3   3   0 0.00    M    M  5.9 20 140   M    M   M        36 130
================================================================================
SM 2163 1326        19  81  1.84    M    170.4          M        M
================================================================================
AV 83.2 51.0                               6.6 FASTST   M    M   1    MAX(MPH)
                                 MISC ---->  # 28 120                 36    M
================================================================================
NOTES:
# LAST OF SEVERAL OCCURRENCES

COLUMN 17 PEAK WIND IN M.P.H.

PRELIMINARY LOCAL CLIMATOLOGICAL DATA (WS FORM: F-6) , PAGE 2

                                          STATION:  EUREKA AIRPORT NV
                                          MONTH:    AUGUST
                                          YEAR:     2014
                                          LATITUDE:   39 30 N
                                          LONGITUDE: 115 58 W

[TEMPERATURE DATA]      [PRECIPITATION DATA]       SYMBOLS USED IN COLUMN 16

AVERAGE MONTHLY: 67.1   TOTAL FOR MONTH:   1.84    1 = FOG OR MIST
DPTR FM NORMAL:  -0.7   DPTR FM NORMAL:    1.36    2 = FOG REDUCING VISIBILITY
HIGHEST:    94 ON  2    GRTST 24HR  1.14 ON 12-12      TO 1/4 MILE OR LESS
LOWEST:     41 ON 24                               3 = THUNDER
                        SNOW, ICE PELLETS, HAIL    4 = ICE PELLETS
                        TOTAL MONTH:    M          5 = HAIL
                        GRTST 24HR    M  ON   M    6 = FREEZING RAIN OR DRIZZLE
                        GRTST DEPTH:  M  ON   M    7 = DUSTSTORM OR SANDSTORM:
                                                       VSBY 1/2 MILE OR LESS
                                                   8 = SMOKE OR HAZE
[NO. OF DAYS WITH]      [WEATHER - DAYS WITH]      9 = BLOWING SNOW
                                                   X = TORNADO
MAX 32 OR BELOW:   0    0.01 INCH OR MORE:   9
MAX 90 OR ABOVE:   4    0.10 INCH OR MORE:   3
MIN 32 OR BELOW:   0    0.50 INCH OR MORE:   1
MIN  0 OR BELOW:   0    1.00 INCH OR MORE:   1

[HDD (BASE 65) ]
TOTAL THIS MO.    19    CLEAR  (SCALE 0-3)   0
DPTR FM NORMAL    -3    PTCLDY (SCALE 4-7)   0
TOTAL FM JUL 1    19    CLOUDY (SCALE 8-10)  0
DPTR FM NORMAL   -16

[CDD (BASE 65) ]
TOTAL THIS MO.    81
DPTR FM NORMAL   -12    [PRESSURE DATA]
TOTAL FM JAN 1   384    HIGHEST SLP M ON M
DPTR FM NORMAL   116    LOWEST  SLP 29.63 ON 19

[REMARKS]
