000
CXUS52 KFFC 271110
CF6PDK
PRELIMINARY LOCAL CLIMATOLOGICAL DATA (WS FORM: F-6)

                                          STATION:   DEKALB PEACHTREE AIRPORT
                                          MONTH:     FEBRUARY
                                          YEAR:      2015
                                          LATITUDE:   33 52 N
                                          LONGITUDE:  84 18 W

  TEMPERATURE IN F:       :PCPN:    SNOW:  WIND      :SUNSHINE: SKY     :PK WND
================================================================================
1   2   3   4   5  6A  6B    7    8   9   10  11  12  13   14  15   16   17  18
                                     12Z  AVG MX 2MIN
DY MAX MIN AVG DEP HDD CDD  WTR  SNW DPTH SPD SPD DIR MIN PSBL S-S WX    SPD DR
================================================================================

 1  55  38  47   3  18   0 0.71  0.0    M  7.1 18 180   M    M   5 1      25 170
 2  55  27  41  -3  24   0 0.17  0.0    M 15.3 29 300   M    M   6 1      38 280
 3  50  23  37  -7  28   0 0.00  0.0    M  3.1 12 310   M    M   0        16 310
 4  50  29  40  -4  25   0 0.00    M    M  1.3  8 170   M    M   0        10 170
 5  51  28  40  -4  25   0 0.00    M    M  9.7 22 330   M    M   0        29 290
 6  51  19  35 -10  30   0 0.00    M    M  0.9  9 250   M    M   0        13 250
 7  64  25  45   0  20   0 0.00    M    M  4.8 15 210   M    M   0        20 260
 8  67  35  51   6  14   0 0.00  0.0    M  6.7 18 220   M    M   2        23 210
 9  63  43  53   8  12   0 0.34  0.0    M  8.5 18 300   M    M  10 138    25 320
10  53  37  45   0  20   0 0.00    M    M 11.4 21 310   M    M   6 1      26 310
11  62  30  46   1  19   0 0.00  0.0    M  3.8 12 310   M    M   0 1      15 230
12  48  26  37  -9  28   0 0.00    M    M 14.8 29 310   M    M   0 8      39 350
13  44  24  34 -12  31   0 0.00    M    M  6.8 16 320   M    M   0        21 320
14  59  28  44  -2  21   0 0.00  0.0    0 11.0 28 320   M    M   2        36 300
15  42  20  31 -15  34   0 0.00  0.0    0  8.5 24 330   M    M   3        35 300
16  38  31  35 -11  30   0 0.81  0.0    0  4.8 15 330   M    M  10 1      20 110
17  36  25  31 -16  34   0 0.01  0.0    0 11.1 23 310   M    M   4 1      29 310
18  37  21  29 -18  36   0    T    T    M 14.3 29 290   M    M   4 8      40 300
19  26  12  19 -28  46   0 0.00  0.0    M 13.1 23 290   M    M   1        30 290
20  33  14  24 -23  41   0    T    T    M  5.4 14 320   M    M   8        20 310
21  50  32  41  -6  24   0 0.12    M    M  4.6 13 350   M    M  10 1      15 340
22  55  40  48   0  17   0 0.30  0.0    M  3.6 16 340   M    M   9 12     21 330
23  47  35  41  -7  24   0 0.34  0.0    M  9.2 20 310   M    M   7 18     26 320
24  35  29  32 -16  33   0 0.24    M    M  3.3 10 320   M    M   9 168    13  40
25  38  29  34 -14  31   0 0.48    M    M  4.4 12  10   M    M   5 1      20  30
26  37  31  34 -15  31   0 0.00    M    M  7.8 16 300   M    M   8 18     22 310
================================================================================
SM 1246  731       696   0  3.52    T    195.3          M      109
================================================================================
AV 47.9 28.1                               7.5 FASTST   M    M   4    MAX(MPH)
                                 MISC ---->  # 29 300               # 40  300
================================================================================
NOTES:
# LAST OF SEVERAL OCCURRENCES

COLUMN 17 PEAK WIND IN M.P.H.

PRELIMINARY LOCAL CLIMATOLOGICAL DATA (WS FORM: F-6) , PAGE 2

                                          STATION:  DEKALB PEACHTREE AIRPORT
                                          MONTH:    FEBRUARY
                                          YEAR:     2015
                                          LATITUDE:   33 52 N
                                          LONGITUDE:  84 18 W

[TEMPERATURE DATA]      [PRECIPITATION DATA]       SYMBOLS USED IN COLUMN 16

AVERAGE MONTHLY: 38.0   TOTAL FOR MONTH:   3.52    1 = FOG OR MIST
DPTR FM NORMAL:  -8.0   DPTR FM NORMAL:   -1.08    2 = FOG REDUCING VISIBILITY
HIGHEST:    67 ON  8    GRTST 24HR  0.88 ON  1- 2      TO 1/4 MILE OR LESS
LOWEST:     12 ON 19                               3 = THUNDER
                        SNOW, ICE PELLETS, HAIL    4 = ICE PELLETS
                        TOTAL MONTH:    T          5 = HAIL
                        GRTST 24HR    T  ON 20-20  6 = FREEZING RAIN OR DRIZZLE
                        GRTST DEPTH:   0           7 = DUSTSTORM OR SANDSTORM:
                                                       VSBY 1/2 MILE OR LESS
                                                   8 = SMOKE OR HAZE
[NO. OF DAYS WITH]      [WEATHER - DAYS WITH]      9 = BLOWING SNOW
                                                   X = TORNADO
MAX 32 OR BELOW:   1    0.01 INCH OR MORE:  10
MAX 90 OR ABOVE:   0    0.10 INCH OR MORE:   9
MIN 32 OR BELOW:  20    0.50 INCH OR MORE:   2
MIN  0 OR BELOW:   0    1.00 INCH OR MORE:   0

[HDD (BASE 65) ]
TOTAL THIS MO.   696    CLEAR  (SCALE 0-3)  12
DPTR FM NORMAL   201    PTCLDY (SCALE 4-7)   8
TOTAL FM JUL 1  2638    CLOUDY (SCALE 8-10)  6
DPTR FM NORMAL   270

[CDD (BASE 65) ]
TOTAL THIS MO.     0
DPTR FM NORMAL     0    [PRESSURE DATA]
TOTAL FM JAN 1     0    HIGHEST SLP  0.00 ON M
DPTR FM NORMAL     0    LOWEST  SLP 29.65 ON  2

[REMARKS]
