000
CXUS56 KPDT 011832
CF6PDT
PRELIMINARY LOCAL CLIMATOLOGICAL DATA (WS FORM: F-6)

                                          STATION:   PENDLETON OR
                                          MONTH:     JUNE
                                          YEAR:      2015
                                          LATITUDE:   45 40 N
                                          LONGITUDE: 118 51 W

  TEMPERATURE IN F:       :PCPN:    SNOW:  WIND      :SUNSHINE: SKY     :PK WND
================================================================================
1   2   3   4   5  6A  6B    7    8   9   10  11  12  13   14  15   16   17  18
                                     12Z  AVG MX 2MIN
DY MAX MIN AVG DEP HDD CDD  WTR  SNW DPTH SPD SPD DIR MIN PSBL S-S WX    SPD DR
================================================================================

 1  77  57  67   5   0   2 0.04  0.0    0 10.5 29 270   M    M   3 38     35 270
 2  73  54  64   2   1   0 0.01  0.0    0 14.3 24 250   M    M   7        33 280
 3  74  51  63   1   2   0 0.00  0.0    0  9.0 20 290   M    M   3        26 300
 4  78  45  62   0   3   0 0.00  0.0    0  5.8 14  30   M    M   2 8      19  20
 5  84  49  67   5   0   2 0.00  0.0    0  7.1 15  30   M    M   0        23  20
 6  90  54  72   9   0   7 0.00  0.0    0  7.7 17 350   M    M   0        23 340
 7  96  58  77  14   0  12 0.00  0.0    0  5.8 13 140   M    M   0        14 320
 8 102  61  82  19   0  17 0.00  0.0    0  6.5 14 320   M    M   0        17 320
 9  96  61  79  16   0  14 0.00  0.0    0  6.3 20 240   M    M   0        25 260
10  90  58  74  11   0   9 0.00  0.0    0  9.7 24 270   M    M   0        32 280
11  90  53  72   8   0   7 0.00  0.0    0 10.8 30 270   M    M   0        39 260
12  83  52  68   4   0   3 0.00  0.0    0 14.0 23 260   M    M   0        30 260
13  79  45  62  -2   3   0 0.00  0.0    0  5.5 17 310   M    M   0        22  20
14  84  44  64   0   1   0 0.00  0.0    0  6.5 16  10   M    M   0        23  40
15  88  47  68   4   0   3 0.00  0.0    0  7.6 15 300   M    M   0        22 290
16  91  56  74   9   0   9 0.00  0.0    0 76.0 15 340   M    M   0        19  19
17  89  54  72   7   0   7 0.00  0.0    0  7.9 18 280   M    M   0 8      27 260
18  90  55  73   8   0   8 0.00  0.0    0 11.1 25 260   M    M   0        33 260
19  80  59  70   4   0   5 0.00  0.0    0 12.9 23 260   M    M   2        31 270
20  83  51  67   1   0   2 0.00  0.0    0  6.2 15 330   M    M   0        20 330
21  83  54  69   3   0   4 0.00  0.0    0  5.9 16 360   M    M   0        23  20
22  88  56  72   6   0   7 0.00  0.0    0  9.1 24 270   M    M   0        32 260
23  88  57  73   6   0   8 0.00  0.0    0  8.0 17 260   M    M   0        23 260
24  88  60  74   7   0   9 0.00  0.0    0  7.1 15 300   M    M   0        20 260
25  95  56  76   9   0  11 0.00  0.0    0  6.4 13 340   M    M   0        16 290
26 104  60  82  14   0  17 0.00  0.0    0  6.1 14  60   M    M   0        18  60
27 109  70  90  22   0  25 0.01  0.0    0  7.8 33 240   M    M   0 38     45 240
28 109  68  89  21   0  24    T  0.0    0 10.7 38 190   M    M   0 38     48 190
29  99  74  87  19   0  22    T  0.0    0  7.1 16 300   M    M   2        21 260
30  98  69  84  15   0  19 0.00  0.0    0  5.0 15 310   M    M   0        22 270
================================================================================
SM 2678 1688        10 253  0.06     0.0 314.4          M       19
================================================================================
AV 89.3 56.3                              10.5 FASTST   M    M   1    MAX(MPH)
                                 MISC ---->  # 38 190               # 48  190
================================================================================
NOTES:
# LAST OF SEVERAL OCCURRENCES

COLUMN 17 PEAK WIND IN M.P.H.

PRELIMINARY LOCAL CLIMATOLOGICAL DATA (WS FORM: F-6) , PAGE 2

                                          STATION:  PENDLETON OR
                                          MONTH:    JUNE
                                          YEAR:     2015
                                          LATITUDE:   45 40 N
                                          LONGITUDE: 118 51 W

[TEMPERATURE DATA]      [PRECIPITATION DATA]       SYMBOLS USED IN COLUMN 16

AVERAGE MONTHLY: 72.8   TOTAL FOR MONTH:   0.06    1 = FOG OR MIST
DPTR FM NORMAL:   7.9   DPTR FM NORMAL:   -0.92    2 = FOG REDUCING VISIBILITY
HIGHEST:   109 ON 28,27 GRTST 24HR  0.44 ON 31- 1      TO 1/4 MILE OR LESS
LOWEST:     44 ON 14                               3 = THUNDER
                        SNOW, ICE PELLETS, HAIL    4 = ICE PELLETS
                        TOTAL MONTH:   0.0 INCH    5 = HAIL
                        GRTST 24HR     0.0         6 = FREEZING RAIN OR DRIZZLE
                        GRTST DEPTH:   0           7 = DUSTSTORM OR SANDSTORM:
                                                       VSBY 1/2 MILE OR LESS
                                                   8 = SMOKE OR HAZE
[NO. OF DAYS WITH]      [WEATHER - DAYS WITH]      9 = BLOWING SNOW
                                                   X = TORNADO
MAX 32 OR BELOW:   0    0.01 INCH OR MORE:   3
MAX 90 OR ABOVE:  14    0.10 INCH OR MORE:   0
MIN 32 OR BELOW:   0    0.50 INCH OR MORE:   0
MIN  0 OR BELOW:   0    1.00 INCH OR MORE:   0

[HDD (BASE 65) ]
TOTAL THIS MO.    10    CLEAR  (SCALE 0-3)  29
DPTR FM NORMAL   -73    PTCLDY (SCALE 4-7)   1
TOTAL FM JUL 1  4606    CLOUDY (SCALE 8-10)  0
DPTR FM NORMAL  -670

[CDD (BASE 65) ]
TOTAL THIS MO.   253
DPTR FM NORMAL   174    [PRESSURE DATA]
TOTAL FM JAN 1   280    HIGHEST SLP 30.08 ON 25
DPTR FM NORMAL   178    LOWEST  SLP 29.66 ON  1

[REMARKS]
#FINAL-06-15#
