000
CXUS56 KPDT 011032
CF6PDT
PRELIMINARY LOCAL CLIMATOLOGICAL DATA (WS FORM: F-6)

                                          STATION:   PENDLETON OR
                                          MONTH:     FEBRUARY
                                          YEAR:      2015
                                          LATITUDE:   45 40 N
                                          LONGITUDE: 118 51 W

  TEMPERATURE IN F:       :PCPN:    SNOW:  WIND      :SUNSHINE: SKY     :PK WND
================================================================================
1   2   3   4   5  6A  6B    7    8   9   10  11  12  13   14  15   16   17  18
                                     12Z  AVG MX 2MIN
DY MAX MIN AVG DEP HDD CDD  WTR  SNW DPTH SPD SPD DIR MIN PSBL S-S WX    SPD DR
================================================================================

 1  40  32  36  -1  29   0 0.13  0.0    0  3.1  8 160   M    M   9 1       8 150
 2  56  33  45   8  20   0 0.01  0.0    0  9.0 26 290   M    M   4 12     30 230
 3  47  37  42   5  23   0 0.15  0.0    0  5.6 13 250   M    M   7 1      13 190
 4  45  37  41   4  24   0 0.03  0.0    0  3.8 10 310   M    M  10 12     14 170
 5  65  37  51  14  14   0    T  0.0    0  7.5 23 190   M    M   9 12     30 180
 6  66  50  58  21   7   0    T  0.0    0 15.9 51 200   M    M   8 8      59 210
 7  65  46  56  18   9   0 0.14  0.0    0 14.6 40 240   M    M   7 1      48 240
 8  61  41  51  13  14   0    T  0.0    0  7.7 18 120   M    M   3        23 140
 9  58  47  53  15  12   0 0.29  0.0    0  9.3 28 170   M    M   8 1      34 160
10  57  39  48  10  17   0 0.01  0.0    0  8.2 22 260   M    M   5        27 250
11  57  38  48  10  17   0 0.00  0.0    0  4.6 15 300   M    M   1 1      17 290
12  57  33  45   7  20   0 0.00  0.0    0  3.7 12 150   M    M   3 128    12 140
13  50  34  42   4  23   0 0.00  0.0    0  5.4 14 290   M    M   5 128    15 290
14  56  35  46   8  19   0 0.00  0.0    0  5.9 15 310   M    M   5 12     18 310
15  54  32  43   5  22   0 0.00  0.0    0  6.4 13  70   M    M   0        14 140
16  50  29  40   2  25   0 0.00  0.0    0  5.6 12 170   M    M   0        14 340
17  52  27  40   1  25   0 0.00  0.0    0  4.6 12 160   M    M   0 1      13 150
18  53  29  41   2  24   0 0.00  0.0    0  5.6 12 280   M    M   0        14 300
19  55  35  45   6  20   0 0.01  0.0    0  8.3 20 270   M    M   5        23 280
20  56  40  48   9  17   0    T  0.0    0 11.1 22 260   M    M   6        25 270
21  51  32  42   3  23   0    T  0.0    0 10.8 24  30   M    M   6        29  30
22  43  21  32  -8  33   0 0.00  0.0    0  7.3 17  90   M    M   0        19  30
23  46  19  33  -7  32   0 0.00  0.0    0  5.5 12 150   M    M   0        12 310
24  58  27  43   3  22   0 0.00  0.0    0 10.5 28 270   M    M   1        35 270
25  53  30  42   2  23   0 0.01  0.0    0 11.2 22 270   M    M   3        27 280
26  52  41  47   7  18   0 0.03  0.0    0  9.1 18 280   M    M  10 1      22 280
27  50  37  44   3  21   0 0.02  0.0    0  6.9 15 290   M    M   9 1      17 290
28  47  24  36  -5  29   0 0.00  0.0    0  8.2 18 360   M    M   2        22  20
================================================================================
SM 1500  962       582   0  0.83     0.0 215.4          M      126
================================================================================
AV 53.6 34.4                               7.7 FASTST   M    M   5    MAX(MPH)
                                 MISC ---->  # 51 200               # 59  210
================================================================================
NOTES:
# LAST OF SEVERAL OCCURRENCES

COLUMN 17 PEAK WIND IN M.P.H.

PRELIMINARY LOCAL CLIMATOLOGICAL DATA (WS FORM: F-6) , PAGE 2

                                          STATION:  PENDLETON OR
                                          MONTH:    FEBRUARY
                                          YEAR:     2015
                                          LATITUDE:   45 40 N
                                          LONGITUDE: 118 51 W

[TEMPERATURE DATA]      [PRECIPITATION DATA]       SYMBOLS USED IN COLUMN 16

AVERAGE MONTHLY: 44.0   TOTAL FOR MONTH:   0.83    1 = FOG OR MIST
DPTR FM NORMAL:   5.5   DPTR FM NORMAL:   -0.28    2 = FOG REDUCING VISIBILITY
HIGHEST:    66 ON  6    GRTST 24HR  0.30 ON  9-10      TO 1/4 MILE OR LESS
LOWEST:     19 ON 23                               3 = THUNDER
                        SNOW, ICE PELLETS, HAIL    4 = ICE PELLETS
                        TOTAL MONTH:   0.0 INCH    5 = HAIL
                        GRTST 24HR     0.0         6 = FREEZING RAIN OR DRIZZLE
                        GRTST DEPTH:   0           7 = DUSTSTORM OR SANDSTORM:
                                                       VSBY 1/2 MILE OR LESS
                                                   8 = SMOKE OR HAZE
[NO. OF DAYS WITH]      [WEATHER - DAYS WITH]      9 = BLOWING SNOW
                                                   X = TORNADO
MAX 32 OR BELOW:   0    0.01 INCH OR MORE:  11
MAX 90 OR ABOVE:   0    0.10 INCH OR MORE:   4
MIN 32 OR BELOW:  11    0.50 INCH OR MORE:   0
MIN  0 OR BELOW:   0    1.00 INCH OR MORE:   0

[HDD (BASE 65) ]
TOTAL THIS MO.   582    CLEAR  (SCALE 0-3)  10
DPTR FM NORMAL  -159    PTCLDY (SCALE 4-7)  13
TOTAL FM JUL 1  3493    CLOUDY (SCALE 8-10)  5
DPTR FM NORMAL  -406

[CDD (BASE 65) ]
TOTAL THIS MO.     0
DPTR FM NORMAL     0    [PRESSURE DATA]
TOTAL FM JAN 1     0    HIGHEST SLP 30.50 ON 23
DPTR FM NORMAL     0    LOWEST  SLP 29.39 ON  7

[REMARKS]
#FINAL-02-15#
