000
CXUS56 KPDT 231832
CF6PDT
PRELIMINARY LOCAL CLIMATOLOGICAL DATA (WS FORM: F-6)

                                          STATION:   PENDLETON OR
                                          MONTH:     MARCH
                                          YEAR:      2017
                                          LATITUDE:   45 40 N
                                          LONGITUDE: 118 51 W

  TEMPERATURE IN F:       :PCPN:    SNOW:  WIND      :SUNSHINE: SKY     :PK WND
================================================================================
1   2   3   4   5  6A  6B    7    8   9   10  11  12  13   14  15   16   17  18
                                     12Z  AVG MX 2MIN
DY MAX MIN AVG DEP HDD CDD  WTR  SNW DPTH SPD SPD DIR MIN PSBL S-S WX    SPD DR
================================================================================

 1  51  32  42   1  23   0 0.00  0.0    0 12.5 29 260   M    M   2        35 230
 2  52  33  43   1  22   0 0.00  0.0    0  6.1 18 280   M    M   1 8      20 290
 3  58  32  45   3  20   0    T  0.0    0  6.7 20 290   M    M   6        24 290
 4  50  32  41  -1  24   0 0.30  0.2    0  8.3 16 120   M    M   9 12     20 300
 5  47  32  40  -2  25   0 0.04  0.1    0 11.0 31 260   M    M   6 1      38 260
 6  44  31  38  -5  27   0 0.02    T    0 12.7 29 250   M    M   5 1      38 220
 7  50  33  42  -1  23   0 0.02    T    0 11.0 23 200   M    M  10        30 180
 8  46  41  44   1  21   0 0.23  0.0    0  7.6 18 250   M    M   9 1      24 250
 9  57  41  49   6  16   0 0.08  0.0    0  4.6 16 220   M    M  10 12     21 210
10  61  41  51   7  14   0    T  0.0    0  9.4 21 260   M    M   0 1      26 250
11  52  36  44   0  21   0 0.07  0.0    0  7.2 21 300   M    M   2 1      24 290
12  57  39  48   4  17   0 0.00  0.0    0  6.1 14 290   M    M   2        16 290
13  61  42  52   8  13   0 0.11  0.0    0  5.0 13 340   M    M   7 1      15 300
14  72  47  60  15   5   0 0.05  0.0    0  8.3 25 200   M    M   7 12     33 200
15  63  46  55  10  10   0 0.14  0.0    0  6.1 23 270   M    M   7 1      28 270
16  52  36  44  -1  21   0    T  0.0    0 10.2 25 260   M    M   3        32 260
17  52  35  44  -2  21   0 0.10  0.0    0  6.5 16 270   M    M   7 1      19 280
18  66  41  54   8  11   0 0.02  0.0    0 13.0 32 280   M    M   9 1      39 280
19  52  33  43  -3  22   0 0.00  0.0    0  5.1 12  30   M    M   4        14  30
20  48  33  41  -5  24   0    T  0.0    0  5.1 12 310   M    M   8        14 320
21  51  36  44  -2  21   0 0.16  0.0    0  4.2 25 290   M    M   5 12     30 300
22  52  36  44  -3  21   0 0.18  0.0    0  7.7 22 290   M    M   8 12     25 290
================================================================================
SM 1194  808       422   0  1.52     0.3 174.4          M      127
================================================================================
AV 54.3 36.7                               7.9 FASTST   M    M   6    MAX(MPH)
                                 MISC ---->  # 32 280               # 39  280
================================================================================
NOTES:
# LAST OF SEVERAL OCCURRENCES

COLUMN 17 PEAK WIND IN M.P.H.

PRELIMINARY LOCAL CLIMATOLOGICAL DATA (WS FORM: F-6) , PAGE 2

                                          STATION:  PENDLETON OR
                                          MONTH:    MARCH
                                          YEAR:     2017
                                          LATITUDE:   45 40 N
                                          LONGITUDE: 118 51 W

[TEMPERATURE DATA]      [PRECIPITATION DATA]       SYMBOLS USED IN COLUMN 16

AVERAGE MONTHLY: 45.5   TOTAL FOR MONTH:   1.52    1 = FOG OR MIST
DPTR FM NORMAL:   1.5   DPTR FM NORMAL:    0.55    2 = FOG REDUCING VISIBILITY
HIGHEST:    72 ON 14    GRTST 24HR  0.30 ON  4- 4      TO 1/4 MILE OR LESS
LOWEST:     31 ON  6                               3 = THUNDER
                        SNOW, ICE PELLETS, HAIL    4 = ICE PELLETS
                        TOTAL MONTH:   0.3 INCH    5 = HAIL
                        GRTST 24HR   0.2 ON   M    6 = FREEZING RAIN OR DRIZZLE
                        GRTST DEPTH:   0           7 = DUSTSTORM OR SANDSTORM:
                                                       VSBY 1/2 MILE OR LESS
                                                   8 = SMOKE OR HAZE
[NO. OF DAYS WITH]      [WEATHER - DAYS WITH]      9 = BLOWING SNOW
                                                   X = TORNADO
MAX 32 OR BELOW:   0    0.01 INCH OR MORE:  14
MAX 90 OR ABOVE:   0    0.10 INCH OR MORE:   7
MIN 32 OR BELOW:   5    0.50 INCH OR MORE:   0
MIN  0 OR BELOW:   0    1.00 INCH OR MORE:   0

[HDD (BASE 65) ]
TOTAL THIS MO.   422    CLEAR  (SCALE 0-3)   5
DPTR FM NORMAL   -38    PTCLDY (SCALE 4-7)  12
TOTAL FM JUL 1  4724    CLOUDY (SCALE 8-10)  5
DPTR FM NORMAL   365

[CDD (BASE 65) ]
TOTAL THIS MO.     0
DPTR FM NORMAL     0    [PRESSURE DATA]
TOTAL FM JAN 1     0    HIGHEST SLP M ON M
DPTR FM NORMAL     0    LOWEST  SLP 29.47 ON  5

[REMARKS]
