000
CXUS56 KPDT 291032
CF6PDT
PRELIMINARY LOCAL CLIMATOLOGICAL DATA (WS FORM: F-6)

                                          STATION:   PENDLETON OR
                                          MONTH:     MARCH
                                          YEAR:      2015
                                          LATITUDE:   45 40 N
                                          LONGITUDE: 118 51 W

  TEMPERATURE IN F:       :PCPN:    SNOW:  WIND      :SUNSHINE: SKY     :PK WND
================================================================================
1   2   3   4   5  6A  6B    7    8   9   10  11  12  13   14  15   16   17  18
                                     12Z  AVG MX 2MIN
DY MAX MIN AVG DEP HDD CDD  WTR  SNW DPTH SPD SPD DIR MIN PSBL S-S WX    SPD DR
================================================================================

 1  50  23  37  -4  28   0 0.00  0.0    0  6.9 13 140   M    M   0        13 140
 2  46  28  37  -5  28   0 0.00  0.0    0  7.3 20 330   M    M   6        25 310
 3  44  22  33  -9  32   0 0.00  0.0    0  6.1 22 340   M    M   0        40 310
 4  54  22  38  -4  27   0 0.00  0.0    0  6.6 13  80   M    M   0        16 150
 5  58  29  44   2  21   0 0.00  0.0    0  5.9 13 150   M    M   0 8      16 310
 6  64  33  49   6  16   0 0.00  0.0    0  6.7 14 140   M    M   0 8      18 310
 7  64  35  50   7  15   0 0.00  0.0    0  6.7 13 160   M    M   0        14 160
 8  64  33  49   6  16   0 0.00  0.0    0  6.1  M 290   M    M   0        15  M
 9  70  34  52   9  13   0 0.00  0.0    0  8.2 20 260   M    M   0        24 280
10  76  37  57  13   8   0 0.00  0.0    0  7.7 14 260   M    M   0        16  70
11  64  47  56  12   9   0 0.04  0.0    0  7.8 17 120   M    M   8 1      21 120
12  65  42  54  10  11   0 0.00  0.0    0  7.3 17 290   M    M   3        23 280
13  74  40  57  13   8   0 0.00  0.0    0  6.9 17  10   M    M   0        20  20
14  68  51  60  15   5   0 0.11  0.0    0  8.1 28 260   M    M   8 18     37 250
15  61  45  53   8  12   0 0.13  0.0    0 11.7 32 260   M    M   7 1      41 260
16  55  40  48   3  17   0    T  0.0    0  6.5 21 270   M    M   3        23 270
17  56  43  50   4  15   0 0.18  0.0    0  6.1 23 260   M    M   7 1      27 260
18  60  41  51   5  14   0 0.00  0.0    0  9.2 21 270   M    M   3        23 260
19  66  36  51   5  14   0 0.00  0.0    0  5.8 13 120   M    M   0        14 120
20  66  38  52   6  13   0 0.00  0.0    0  6.6 20 280   M    M   1 8      26 290
21  62  37  50   4  15   0 0.01  0.0    0  9.5 24 280   M    M   4        30 260
22  57  35  46  -1  19   0 0.21  0.0    0  6.2 20 250   M    M   5 1      22 250
23  55  42  49   2  16   0 0.12  0.0    0 11.6 33 290   M    M   6 1      44 240
24  55  38  47   0  18   0 0.01  0.0    0 20.4 43 270   M    M   4        53 260
25  60  40  50   3  15   0 0.14  0.0    0  7.2 15 250   M    M   7 1      19 250
26  73  42  58  10   7   0 0.00  0.0    0  6.2 16  80   M    M   0        18  80
27  74  43  59  11   6   0 0.06  0.0    0  6.9 33 270   M    M   2 13     38 270
28  59  41  50   2  15   0 0.18  0.0    0 17.4 33 250   M    M   1 1      41 250
================================================================================
SM 1720 1037       433   0  1.19     0.0 229.6          M       75
================================================================================
AV 61.4 37.0                               8.2 FASTST   M    M   3    MAX(MPH)
                                 MISC ---->  # 43 270               # 53  260
================================================================================
NOTES:
# LAST OF SEVERAL OCCURRENCES

COLUMN 17 PEAK WIND IN M.P.H.

PRELIMINARY LOCAL CLIMATOLOGICAL DATA (WS FORM: F-6) , PAGE 2

                                          STATION:  PENDLETON OR
                                          MONTH:    MARCH
                                          YEAR:     2015
                                          LATITUDE:   45 40 N
                                          LONGITUDE: 118 51 W

[TEMPERATURE DATA]      [PRECIPITATION DATA]       SYMBOLS USED IN COLUMN 16

AVERAGE MONTHLY: 49.2   TOTAL FOR MONTH:   1.19    1 = FOG OR MIST
DPTR FM NORMAL:   4.4   DPTR FM NORMAL:   -0.02    2 = FOG REDUCING VISIBILITY
HIGHEST:    76 ON 10    GRTST 24HR  0.21 ON 22-22      TO 1/4 MILE OR LESS
LOWEST:     22 ON  4, 3                            3 = THUNDER
                        SNOW, ICE PELLETS, HAIL    4 = ICE PELLETS
                        TOTAL MONTH:   0.0 INCH    5 = HAIL
                        GRTST 24HR     0.0         6 = FREEZING RAIN OR DRIZZLE
                        GRTST DEPTH:   0           7 = DUSTSTORM OR SANDSTORM:
                                                       VSBY 1/2 MILE OR LESS
                                                   8 = SMOKE OR HAZE
[NO. OF DAYS WITH]      [WEATHER - DAYS WITH]      9 = BLOWING SNOW
                                                   X = TORNADO
MAX 32 OR BELOW:   0    0.01 INCH OR MORE:  11
MAX 90 OR ABOVE:   0    0.10 INCH OR MORE:   7
MIN 32 OR BELOW:   5    0.50 INCH OR MORE:   0
MIN  0 OR BELOW:   0    1.00 INCH OR MORE:   0

[HDD (BASE 65) ]
TOTAL THIS MO.   433    CLEAR  (SCALE 0-3)  18
DPTR FM NORMAL  -133    PTCLDY (SCALE 4-7)   9
TOTAL FM JUL 1  3926    CLOUDY (SCALE 8-10)  1
DPTR FM NORMAL  -539

[CDD (BASE 65) ]
TOTAL THIS MO.     0
DPTR FM NORMAL     0    [PRESSURE DATA]
TOTAL FM JAN 1     0    HIGHEST SLP 30.35 ON  4
DPTR FM NORMAL     0    LOWEST  SLP 29.70 ON 15

[REMARKS]
