000
CXUS56 KPQR 231422
CF6PDX
PRELIMINARY LOCAL CLIMATOLOGICAL DATA (WS FORM: F-6)

                                          STATION:   PORTLAND OR
                                          MONTH:     JUNE
                                          YEAR:      2017
                                          LATITUDE:   45 35 N
                                          LONGITUDE: 122 36 W

  TEMPERATURE IN F:       :PCPN:    SNOW:  WIND      :SUNSHINE: SKY     :PK WND
================================================================================
1   2   3   4   5  6A  6B    7    8   9   10  11  12  13   14  15   16   17  18
                                     12Z  AVG MX 2MIN
DY MAX MIN AVG DEP HDD CDD  WTR  SNW DPTH SPD SPD DIR MIN PSBL S-S WX    SPD DR
================================================================================

 1  72  59  66   5   0   1 0.01  0.0    0  8.8 17 240   M    M   8 1      22 220
 2  75  56  66   5   0   1 0.00  0.0    0  6.2 12 300   M    M   7        15 300
 3  67  56  62   0   3   0 0.00  0.0    0  6.8 15 320   M    M   9        20 310
 4  68  53  61  -1   4   0 0.00  0.0    0  8.5 16 320   M    M   6        22 310
 5  78  48  63   1   2   0 0.00  0.0    0  6.9 14 290   M    M   4        17 280
 6  86  56  71   9   0   6 0.00  0.0    0  5.3 12 310   M    M   5        15 310
 7  78  55  67   5   0   2    T  0.0    0  5.3 10 170   M    M   8        16 230
 8  67  55  61  -1   4   0 0.29  0.0    0  8.5 21 250   M    M   9 18     27 280
 9  63  51  57  -5   8   0 0.18  0.0    0  8.9 26 180   M    M   9 1      33 170
10  62  50  56  -6   9   0 0.06  0.0    0  5.9 18 290   M    M   8 1      24 280
11  71  52  62  -1   3   0    T  0.0    0  7.4 18 310   M    M   5        22 310
12  60  53  57  -6   8   0 0.03  0.0    0  4.0 15 310   M    M   9        19 320
13  62  52  57  -6   8   0 0.02  0.0    0  4.2 15 240   M    M   9 1      17 240
14  66  50  58  -5   7   0    T  0.0    0  3.2  9 320   M    M   8        11 300
15  63  55  59  -4   6   0 0.47  0.0    0  9.5 16 210   M    M   9 1      23 180
16  65  58  62  -2   3   0 0.02  0.0    0  5.6 12 230   M    M   9 1      16 210
17  70  56  63  -1   2   0    T  0.0    0  4.5 12 140   M    M   9        14 140
18  79  58  69   5   0   4    T  0.0    0  7.0 15 290   M    M   5        18 300
19  88  61  75  11   0  10 0.00  0.0    0  6.8 16 320   M    M   4        21 310
20  79  55  67   3   0   2 0.00  0.0    0  7.3 21 310   M    M   6        26 310
21  75  51  63  -1   2   0 0.00  0.0    0 10.1 18 320   M    M   2        24 330
22  82  53  68   3   0   3 0.00  0.0    0  9.2 18 320   M    M   0        23 320
================================================================================
SM 1576 1193        69  29  1.08     0.0 149.9          M      148
================================================================================
AV 71.6 54.2                               6.8 FASTST   M    M   7    MAX(MPH)
                                 MISC ---->  # 26 180               # 33  170
================================================================================
NOTES:
# LAST OF SEVERAL OCCURRENCES

COLUMN 17 PEAK WIND IN M.P.H.

PRELIMINARY LOCAL CLIMATOLOGICAL DATA (WS FORM: F-6) , PAGE 2

                                          STATION:  PORTLAND OR
                                          MONTH:    JUNE
                                          YEAR:     2017
                                          LATITUDE:   45 35 N
                                          LONGITUDE: 122 36 W

[TEMPERATURE DATA]      [PRECIPITATION DATA]       SYMBOLS USED IN COLUMN 16

AVERAGE MONTHLY: 62.9   TOTAL FOR MONTH:   1.08    1 = FOG OR MIST
DPTR FM NORMAL:   0.1   DPTR FM NORMAL:   -0.33    2 = FOG REDUCING VISIBILITY
HIGHEST:    88 ON 19    GRTST 24HR  0.47 ON 15-15      TO 1/4 MILE OR LESS
LOWEST:     48 ON  5                               3 = THUNDER
                        SNOW, ICE PELLETS, HAIL    4 = ICE PELLETS
                        TOTAL MONTH:   0.0 INCH    5 = HAIL
                        GRTST 24HR     0.0         6 = FREEZING RAIN OR DRIZZLE
                        GRTST DEPTH:   0           7 = DUSTSTORM OR SANDSTORM:
                                                       VSBY 1/2 MILE OR LESS
                                                   8 = SMOKE OR HAZE
[NO. OF DAYS WITH]      [WEATHER - DAYS WITH]      9 = BLOWING SNOW
                                                   X = TORNADO
MAX 32 OR BELOW:   0    0.01 INCH OR MORE:   8
MAX 90 OR ABOVE:   0    0.10 INCH OR MORE:   3
MIN 32 OR BELOW:   0    0.50 INCH OR MORE:   0
MIN  0 OR BELOW:   0    1.00 INCH OR MORE:   0

[HDD (BASE 65) ]
TOTAL THIS MO.    69    CLEAR  (SCALE 0-3)   2
DPTR FM NORMAL    -7    PTCLDY (SCALE 4-7)  11
TOTAL FM JUL 1  4421    CLOUDY (SCALE 8-10)  9
DPTR FM NORMAL   158

[CDD (BASE 65) ]
TOTAL THIS MO.    29
DPTR FM NORMAL     1    [PRESSURE DATA]
TOTAL FM JAN 1    70    HIGHEST SLP M ON M
DPTR FM NORMAL    25    LOWEST  SLP 29.65 ON  8

[REMARKS]
