000
CXUS56 KPQR 301200
CF6PDX
PRELIMINARY LOCAL CLIMATOLOGICAL DATA (WS FORM: F-6)

                                          STATION:   PORTLAND OR
                                          MONTH:     APRIL
                                          YEAR:      2017
                                          LATITUDE:   45 35 N
                                          LONGITUDE: 122 36 W

  TEMPERATURE IN F:       :PCPN:    SNOW:  WIND      :SUNSHINE: SKY     :PK WND
================================================================================
1   2   3   4   5  6A  6B    7    8   9   10  11  12  13   14  15   16   17  18
                                     12Z  AVG MX 2MIN
DY MAX MIN AVG DEP HDD CDD  WTR  SNW DPTH SPD SPD DIR MIN PSBL S-S WX    SPD DR
================================================================================

 1  58  46  52   2  13   0 0.05  0.0    0  5.5 15 310   M    M   7 1      19 310
 2  56  40  48  -2  17   0    T  0.0    0  6.5 20 310   M    M   6        24 310
 3  57  35  46  -4  19   0 0.00  0.0    0  4.3 12 100   M    M   6        13 100
 4  60  44  52   1  13   0 0.01  0.0    0  8.7 20 120   M    M  10        25 120
 5  63  47  55   4  10   0 0.00  0.0    0  8.7 20 110   M    M   9        23 120
 6  62  48  55   4  10   0 0.59  0.0    0  5.8 15 240   M    M   9 1      21 250
 7  57  45  51   0  14   0 0.10  0.0    0 17.3 44 200   M    M   9 1      56 210
 8  53  39  46  -5  19   0 0.04  0.0    0  8.8 25 250   M    M   6        32 250
 9  57  38  48  -3  17   0 0.06  0.0    0  9.5 22 230   M    M   9 1      26 210
10  55  40  48  -3  17   0 0.18  0.0    0 11.3 25 250   M    M   6 18     34 240
11  59  35  47  -4  18   0 0.16  0.0    0  8.2 23 100   M    M   9 1      29 100
12  60  45  53   1  12   0 0.48  0.0    0 10.5 23 230   M    M   9 1      27 220
13  53  42  48  -4  17   0 0.03  0.0    0  8.4 25 210   M    M   7 1      33 210
14  55  40  48  -4  17   0 0.09  0.0    0  9.1 25 240   M    M   7 13     32 250
15  60  38  49  -3  16   0 0.00  0.0    0  5.8 13 290   M    M   4 1      16 290
16  63  41  52   0  13   0 0.02  0.0    0 10.7 29  90   M    M   8        35 100
17  59  48  54   2  11   0 0.19  0.0    0  8.1 20 160   M    M   9 1      25 160
18  64  48  56   4   9   0 0.05  0.0    0  7.6 18 250   M    M   7 35     25 260
19  56  47  52  -1  13   0 0.43  0.0    0  6.5 16 100   M    M  10 1      23 210
20  60  43  52  -1  13   0 0.09  0.0    0  7.0 22 220   M    M   8 1      29 220
21  69  39  54   1  11   0 0.00  0.0    0  8.6 25 110   M    M   5 1      32 100
22  63  50  57   4   8   0 0.14  0.0    0 12.9 31 200   M    M   8        41 200
23  56  47  52  -1  13   0 0.27  0.0    0  7.7 20 220   M    M  10 1      26 220
24  54  44  49  -5  16   0 1.02  0.0    0  8.6 18 310   M    M  10 1      22 320
25  54  45  50  -4  15   0 0.15  0.0    0  7.5 15 200   M    M  10 18     20 230
26  58  42  50  -4  15   0 0.21  0.0    0  8.7 20 300   M    M   9 18     25 300
27  56  42  49  -5  16   0 0.08  0.0    0  6.5 21 300   M    M   7 8      25 300
28  61  40  51  -3  14   0 0.00  0.0    0  5.6 13 280   M    M   5        16 290
29  64  39  52  -3  13   0 0.06    M    0  5.1 14 150   M    M   7        19 150
================================================================================
SM 1702 1237       409   0  4.50     0.0 239.5          M      226
================================================================================
AV 58.7 42.7                               8.3 FASTST   M    M   8    MAX(MPH)
                                 MISC ---->  # 44 200               # 56  210
================================================================================
NOTES:
# LAST OF SEVERAL OCCURRENCES

COLUMN 17 PEAK WIND IN M.P.H.

PRELIMINARY LOCAL CLIMATOLOGICAL DATA (WS FORM: F-6) , PAGE 2

                                          STATION:  PORTLAND OR
                                          MONTH:    APRIL
                                          YEAR:     2017
                                          LATITUDE:   45 35 N
                                          LONGITUDE: 122 36 W

[TEMPERATURE DATA]      [PRECIPITATION DATA]       SYMBOLS USED IN COLUMN 16

AVERAGE MONTHLY: 50.7   TOTAL FOR MONTH:   4.50    1 = FOG OR MIST
DPTR FM NORMAL:  -1.5   DPTR FM NORMAL:    1.85    2 = FOG REDUCING VISIBILITY
HIGHEST:    69 ON 21    GRTST 24HR  1.02 ON 24-24      TO 1/4 MILE OR LESS
LOWEST:     35 ON 11, 3                            3 = THUNDER
                        SNOW, ICE PELLETS, HAIL    4 = ICE PELLETS
                        TOTAL MONTH:   0.0 INCH    5 = HAIL
                        GRTST 24HR     0.0         6 = FREEZING RAIN OR DRIZZLE
                        GRTST DEPTH:   0           7 = DUSTSTORM OR SANDSTORM:
                                                       VSBY 1/2 MILE OR LESS
                                                   8 = SMOKE OR HAZE
[NO. OF DAYS WITH]      [WEATHER - DAYS WITH]      9 = BLOWING SNOW
                                                   X = TORNADO
MAX 32 OR BELOW:   0    0.01 INCH OR MORE:  23
MAX 90 OR ABOVE:   0    0.10 INCH OR MORE:  12
MIN 32 OR BELOW:   0    0.50 INCH OR MORE:   2
MIN  0 OR BELOW:   0    1.00 INCH OR MORE:   1

[HDD (BASE 65) ]
TOTAL THIS MO.   409    CLEAR  (SCALE 0-3)   0
DPTR FM NORMAL    35    PTCLDY (SCALE 4-7)  15
TOTAL FM JUL 1  4144    CLOUDY (SCALE 8-10) 14
DPTR FM NORMAL   190

[CDD (BASE 65) ]
TOTAL THIS MO.     0
DPTR FM NORMAL     0    [PRESSURE DATA]
TOTAL FM JAN 1     0    HIGHEST SLP M ON M
DPTR FM NORMAL     0    LOWEST  SLP 29.16 ON  7

[REMARKS]
