939
CXUS56 KPQR 291200
CF6PDX
PRELIMINARY LOCAL CLIMATOLOGICAL DATA (WS FORM: F-6)

                                          STATION:   PORTLAND OR
                                          MONTH:     APRIL
                                          YEAR:      2016
                                          LATITUDE:   45 35 N
                                          LONGITUDE: 122 36 W

  TEMPERATURE IN F:       :PCPN:    SNOW:  WIND      :SUNSHINE: SKY     :PK WND
================================================================================
1   2   3   4   5  6A  6B    7    8   9   10  11  12  13   14  15   16   17  18
                                     12Z  AVG MX 2MIN
DY MAX MIN AVG DEP HDD CDD  WTR  SNW DPTH SPD SPD DIR MIN PSBL S-S WX    SPD DR
================================================================================

 1  76  46  61  11   4   0 0.00  0.0    0  4.1  9 280   M    M   1 18     12 290
 2  70  46  58   8   7   0 0.00  0.0    0  3.8  9 320   M    M   3        14 350
 3  73  44  59   9   6   0 0.06  0.0    0  7.2 20 260   M    M   6        26 250
 4  61  47  54   3  11   0 0.05  0.0    0  8.5 22 290   M    M   7 1      26 290
 5  61  46  54   3  11   0    T  0.0    0  2.8  9 110   M    M   8        12  50
 6  74  39  57   6   8   0 0.00  0.0    0  4.1 10 320   M    M   4 1      13 320
 7  85  47  66  15   0   1 0.00  0.0    0  7.5 20 100   M    M   1        24 100
 8  83  51  67  16   0   2 0.00  0.0    0  6.7 20 320   M    M   2        25 320
 9  68  50  59   8   6   0 0.00  0.0    0  3.3 12 320   M    M   5        16 320
10  61  50  56   5   9   0 0.00  0.0    0  4.1 10 340   M    M   9        15 350
11  62  51  57   6   8   0 0.00  0.0    0  5.2  9 320   M    M   9        13 310
12  60  48  54   2  11   0 0.19  0.0    0  8.2 24 260   M    M  10 1      30 260
13  59  46  53   1  12   0 0.18  0.0    0  9.3 18 180   M    M   9 1      25 210
14  54  46  50  -2  15   0 0.66  0.0    0  9.2 25 210   M    M   9 1      32 200
15  61  42  52   0  13   0 0.00  0.0    0  3.0  8  70   M    M   7         9  70
16  71  40  56   4   9   0 0.00  0.0    0  3.2 10 310   M    M   4        12 310
17  81  47  64  12   1   0 0.00  0.0    0 10.6 26  90   M    M   4        30 100
18  87  52  70  18   0   5 0.00  0.0    0  4.3 12 130   M    M   3        13 130
19  89  54  72  19   0   7 0.00  0.0    0  3.9  9 130   M    M   2        11 130
20  82  53  68  15   0   3 0.01  0.0    0  5.2 24 160   M    M   4 3      29 140
21  76  51  64  11   1   0 0.20  0.0    0  3.9 28 250   M    M   7 1      34 250
22  65  52  59   6   6   0 0.41  0.0    0  6.9 23 230   M    M   8 1      28 230
23  62  52  57   4   8   0 0.05  0.0    0  7.8 18 240   M    M   9        23 220
24  57  43  50  -4  15   0 0.05  0.0    0  7.3 23 310   M    M   8        27 310
25  63  40  52  -2  13   0 0.00  0.0    0  6.7 20 320   M    M   5        23 310
26  60  40  50  -4  15   0    T  0.0    0  4.1 12 320   M    M   6        14 320
27  61  48  55   1  10   0 0.02  0.0    0  4.1 17 280   M    M   8        17 280
28  63  48  56   2   9   0    T  0.0    0  3.5 14 320   M    M   9        17 320
================================================================================
SM 1925 1319       208  18  1.88     0.0 158.5          M      167
================================================================================
AV 68.8 47.1                               5.7 FASTST   M    M   6    MAX(MPH)
                                 MISC ---->  # 28 250               # 34  250
================================================================================
NOTES:
# LAST OF SEVERAL OCCURRENCES

COLUMN 17 PEAK WIND IN M.P.H.

PRELIMINARY LOCAL CLIMATOLOGICAL DATA (WS FORM: F-6) , PAGE 2

                                          STATION:  PORTLAND OR
                                          MONTH:    APRIL
                                          YEAR:     2016
                                          LATITUDE:   45 35 N
                                          LONGITUDE: 122 36 W

[TEMPERATURE DATA]      [PRECIPITATION DATA]       SYMBOLS USED IN COLUMN 16

AVERAGE MONTHLY: 57.9   TOTAL FOR MONTH:   1.88    1 = FOG OR MIST
DPTR FM NORMAL:   5.9   DPTR FM NORMAL:   -0.70    2 = FOG REDUCING VISIBILITY
HIGHEST:    89 ON 19    GRTST 24HR  0.81 ON 13-14      TO 1/4 MILE OR LESS
LOWEST:     39 ON  6                               3 = THUNDER
                        SNOW, ICE PELLETS, HAIL    4 = ICE PELLETS
                        TOTAL MONTH:   0.0 INCH    5 = HAIL
                        GRTST 24HR     0.0         6 = FREEZING RAIN OR DRIZZLE
                        GRTST DEPTH:   0           7 = DUSTSTORM OR SANDSTORM:
                                                       VSBY 1/2 MILE OR LESS
                                                   8 = SMOKE OR HAZE
[NO. OF DAYS WITH]      [WEATHER - DAYS WITH]      9 = BLOWING SNOW
                                                   X = TORNADO
MAX 32 OR BELOW:   0    0.01 INCH OR MORE:  11
MAX 90 OR ABOVE:   0    0.10 INCH OR MORE:   5
MIN 32 OR BELOW:   0    0.50 INCH OR MORE:   1
MIN  0 OR BELOW:   0    1.00 INCH OR MORE:   0

[HDD (BASE 65) ]
TOTAL THIS MO.   208    CLEAR  (SCALE 0-3)   5
DPTR FM NORMAL  -155    PTCLDY (SCALE 4-7)  15
TOTAL FM JUL 1  3260    CLOUDY (SCALE 8-10)  8
DPTR FM NORMAL  -683

[CDD (BASE 65) ]
TOTAL THIS MO.    18
DPTR FM NORMAL    18    [PRESSURE DATA]
TOTAL FM JAN 1    18    HIGHEST SLP M ON M
DPTR FM NORMAL    18    LOWEST  SLP 29.58 ON 22

[REMARKS]
