000
CXUS54 KMAF 281100
CF6PEQ
PRELIMINARY LOCAL CLIMATOLOGICAL DATA (WS FORM: F-6)

                                          STATION:   Pecos Municipal Airport
                                          MONTH:     DECEMBER
                                          YEAR:      2014
                                          LATITUDE:   31 22 N
                                          LONGITUDE: 103 31 W

  TEMPERATURE IN F:       :PCPN:    SNOW:  WIND      :SUNSHINE: SKY     :PK WND
================================================================================
1   2   3   4   5  6A  6B    7    8   9   10  11  12  13   14  15   16   17  18
                                     12Z  AVG MX 2MIN
DY MAX MIN AVG DEP HDD CDD  WTR  SNW DPTH SPD SPD DIR MIN PSBL S-S WX    SPD DR
================================================================================

 1  48  27  38   M  27   0 0.00  0.0    0  6.3 23  40   M    M   2        29  40
 2  58  22  40   M  25   0 0.00  0.0    0  2.0  6 260   M    M   0         M  M
 3  74  38  56   M   9   0 0.00  0.0    0  2.0  7  60   M    M   0         M  M
 4  64  43  54   M  11   0 0.00  0.0    0  3.8  8  70   M    M   5 1       M  M
 5  72  42  57   M   8   0 0.00  0.0    0  7.2 16 290   M    M   0        16 280
 6  67  37  52   M  13   0 0.00  0.0    0  5.5 12  80   M    M   0        17  60
 7  58  40  49   M  16   0 0.00  0.0    0  3.7  9  80   M    M   2         M  M
 8  58  36  47   M  18   0 0.00  0.0    0  1.4  5 300   M    M   5 12      M  M
 9  52  35  44   M  21   0 0.00  0.0    0  2.1  7 270   M    M   4 13      M  M
10  65  43  54   M  11   0 0.00  0.0    0  3.9  9 150   M    M   3 1238    M  M
11  61  43  52   M  13   0 0.00  0.0    0  3.2 10 310   M    M   7 12      M  M
12  65  42  54   M  11   0 0.00  0.0    0  2.2  6 280   M    M   6 12      M  M
13  74  38  56   M   9   0 0.00  0.0    0  4.7 17 140   M    M   3 12     22 140
14  68  43  56   M   9   0 0.00  0.0    0 11.8 28 250   M    M   0        31 230
15  66  38  52   M  13   0 0.00  0.0    0  4.1 12 250   M    M   0        10 140
16  57  32  45   M  20   0 0.00  0.0    0  8.1 17  70   M    M   0         M  M
17  70  34  52   M  13   0 0.00  0.0    0  6.2 18 260   M    M   0        30 250
18  65  36  51   M  14   0 0.00  0.0    0  7.6 15 220   M    M   0 8      16 260
19  60  35  48   M  17   0 0.00  0.0    0  4.7  9 320   M    M   0         M  M
20  62  27  45   M  20   0 0.00  0.0    0  2.3  8  60   M    M   1 1       M  M
21  71  29  50   M  15   0 0.00  0.0    0  9.3 23 260   M    M   0        35 240
22  72  51  62   M   3   0 0.00  0.0    0 18.7 30  10   M    M   0        44  10
23  50  32  41   M  24   0 0.05    M    0 11.7 24 320   M    M   7        29  10
24  54  26  40   M  25   0 0.00  0.0    0  7.5 15 240   M    M   0        18 230
25  65  24  45   M  20   0 0.00  0.0    0  1.6  9 110   M    M   0         M  M
26  69  28  49   M  16   0 0.00  0.0    0  7.7 20 310   M    M   1        33 340
27  43  34  39   M  26   0 0.11    M    0  6.5 12 320   M    M   8         M  M
================================================================================
SM 1688  955       427   0  0.16     0.0 155.8          M       54
================================================================================
AV 62.5 35.4                               5.8 FASTST   M    M   2    MAX(MPH)
                                 MISC ---->    30   M                 44    M
================================================================================
NOTES:
# LAST OF SEVERAL OCCURRENCES

COLUMN 17 PEAK WIND IN M.P.H.

PRELIMINARY LOCAL CLIMATOLOGICAL DATA (WS FORM: F-6) , PAGE 2

                                          STATION:  Pecos Municipal Airport
                                          MONTH:    DECEMBER
                                          YEAR:     2014
                                          LATITUDE:   31 22 N
                                          LONGITUDE: 103 31 W

[TEMPERATURE DATA]      [PRECIPITATION DATA]       SYMBOLS USED IN COLUMN 16

AVERAGE MONTHLY: 48.9   TOTAL FOR MONTH:   0.16    1 = FOG OR MIST
DPTR FM NORMAL:     M   DPTR FM NORMAL:       M    2 = FOG REDUCING VISIBILITY
HIGHEST:    74 ON 13, 3 GRTST 24HR  0.11 ON 27-27      TO 1/4 MILE OR LESS
LOWEST:     22 ON  2                               3 = THUNDER
                        SNOW, ICE PELLETS, HAIL    4 = ICE PELLETS
                        TOTAL MONTH:   0.0 INCH    5 = HAIL
                        GRTST 24HR     0.0         6 = FREEZING RAIN OR DRIZZLE
                        GRTST DEPTH:   0           7 = DUSTSTORM OR SANDSTORM:
                                                       VSBY 1/2 MILE OR LESS
                                                   8 = SMOKE OR HAZE
[NO. OF DAYS WITH]      [WEATHER - DAYS WITH]      9 = BLOWING SNOW
                                                   X = TORNADO
MAX 32 OR BELOW:   0    0.01 INCH OR MORE:   2
MAX 90 OR ABOVE:   0    0.10 INCH OR MORE:   1
MIN 32 OR BELOW:   9    0.50 INCH OR MORE:   0
MIN  0 OR BELOW:   0    1.00 INCH OR MORE:   0

[HDD (BASE 65) ]
TOTAL THIS MO.   427    CLEAR  (SCALE 0-3)  20
DPTR FM NORMAL     M    PTCLDY (SCALE 4-7)   6
TOTAL FM JUL 1   890    CLOUDY (SCALE 8-10)  1
DPTR FM NORMAL     M

[CDD (BASE 65) ]
TOTAL THIS MO.     0
DPTR FM NORMAL     M    [PRESSURE DATA]
TOTAL FM JAN 1  2609    HIGHEST SLP M ON M
DPTR FM NORMAL     M    LOWEST  SLP M ON M

[REMARKS]
