000
CXUS51 KPBZ 290804
CF6PHD
PRELIMINARY LOCAL CLIMATOLOGICAL DATA (WS FORM: F-6)

                                          STATION:   NEW PHILADELPHIA OH
                                          MONTH:     APRIL
                                          YEAR:      2016
                                          LATITUDE:   40 28 N
                                          LONGITUDE:  81 25 W

  TEMPERATURE IN F:       :PCPN:    SNOW:  WIND      :SUNSHINE: SKY     :PK WND
================================================================================
1   2   3   4   5  6A  6B    7    8   9   10  11  12  13   14  15   16   17  18
                                     12Z  AVG MX 2MIN
DY MAX MIN AVG DEP HDD CDD  WTR  SNW DPTH SPD SPD DIR MIN PSBL S-S WX    SPD DR
================================================================================

 1  62  44  53   7  12   0 0.15    M    M  7.8 23 320   M    M   6 1      30 320
 2  50  29  40  -6  25   0 0.15    M    M 11.5 31 290   M    M   6 12     60 290
 3  53  24  39  -8  26   0 0.01    M    M  9.5 20 310   M    M   3 1      27 310
 4  57  26  42  -5  23   0 0.03    M    M 11.4 22 330   M    M   9 18     32 250
 5  42  22  32 -16  33   0 0.00    M    M  4.0 13  50   M    M   1        18  40
 6  66  26  46  -2  19   0 0.43    M    M  9.4 22 190   M    M   6 1      32 210
 7  50  34  42  -6  23   0 0.38    M    M  9.1 22 180   M    M   9 1      33 260
 8  44  33  39 -10  26   0 0.16    M    M  7.5 17 280   M    M   8 1      26 290
 9  36  23  30 -19  35   0 0.02    M    M 11.2 25 330   M    M   7 1      33 280
10  49  20  35 -14  30   0 0.04    M    M  5.9 15 130   M    M   7        21 160
11  57  45  51   1  14   0 0.96    M    M  7.4 17 340   M    M  10 1      25 190
12  49  30  40 -10  25   0 0.00    M    M  6.0 17 330   M    M   2        23 320
13  57  27  42  -8  23   0 0.00    M    M  3.9 14 110   M    M   0        18  50
14  66  31  49  -2  16   0 0.00    M    M  3.5 12  10   M    M   0        17  10
15  73  37  55   4  10   0 0.00    M    M  3.1 13 190   M    M   0        16 190
16  76  40  58   7   7   0 0.00    M    M  2.0 12 100   M    M   0        14 110
17  81  42  62  10   3   0 0.00    M    M  2.2 12 290   M    M   0 8      15 300
18  80  44  62  10   3   0 0.00    M    M  2.6 13 280   M    M   0        19 330
19  70  48  59   7   6   0 0.00    M    M  4.1 15  50   M    M   1        19  50
20  75  44  60   8   5   0 0.00    M    M  4.6 14 100   M    M   0        19  80
21  73  54  64  11   1   0 0.13    M    M  3.6 14 300   M    M   5 13     18 250
22  69  49  59   6   6   0 0.59    M    M  6.5 17 330   M    M   9 138    23 340
23  60  41  51  -2  14   0    T    M    M  7.2 16 340   M    M   6 18     21 330
24  71  35  53  -1  12   0 0.00    M    M  1.7 10 220   M    M   0 1      13 250
25  81  40  61   7   4   0 0.00    M    M  5.4 17 210   M    M   2        24 260
26  79  47  63   9   2   0 0.30    M    M  8.3 23 340   M    M   4 13     28 340
27  65  41  53  -1  12   0 0.00    M    M  4.2 13  40   M    M   9        17  50
28  53  45  49  -6  16   0 0.25    M    M  4.1  9  60   M    M   9 1      12 110
================================================================================
SM 1744 1021       431   0  3.60    M    167.7          M      119
================================================================================
AV 62.3 36.5                               6.0 FASTST   M    M   4    MAX(MPH)
                                 MISC ---->  # 31 290               # 60  290
================================================================================
NOTES:
# LAST OF SEVERAL OCCURRENCES

COLUMN 17 PEAK WIND IN M.P.H.

PRELIMINARY LOCAL CLIMATOLOGICAL DATA (WS FORM: F-6) , PAGE 2

                                          STATION:  NEW PHILADELPHIA OH
                                          MONTH:    APRIL
                                          YEAR:     2016
                                          LATITUDE:   40 28 N
                                          LONGITUDE:  81 25 W

[TEMPERATURE DATA]      [PRECIPITATION DATA]       SYMBOLS USED IN COLUMN 16

AVERAGE MONTHLY: 49.4   TOTAL FOR MONTH:   3.60    1 = FOG OR MIST
DPTR FM NORMAL:  -1.3   DPTR FM NORMAL:    0.43    2 = FOG REDUCING VISIBILITY
HIGHEST:    81 ON 25,17 GRTST 24HR  0.96 ON 10-11      TO 1/4 MILE OR LESS
LOWEST:     20 ON 10                               3 = THUNDER
                        SNOW, ICE PELLETS, HAIL    4 = ICE PELLETS
                        TOTAL MONTH:    M          5 = HAIL
                        GRTST 24HR    M  ON   M    6 = FREEZING RAIN OR DRIZZLE
                        GRTST DEPTH:  M  ON   M    7 = DUSTSTORM OR SANDSTORM:
                                                       VSBY 1/2 MILE OR LESS
                                                   8 = SMOKE OR HAZE
[NO. OF DAYS WITH]      [WEATHER - DAYS WITH]      9 = BLOWING SNOW
                                                   X = TORNADO
MAX 32 OR BELOW:   0    0.01 INCH OR MORE:  14
MAX 90 OR ABOVE:   0    0.10 INCH OR MORE:  10
MIN 32 OR BELOW:  10    0.50 INCH OR MORE:   2
MIN  0 OR BELOW:   0    1.00 INCH OR MORE:   0

[HDD (BASE 65) ]
TOTAL THIS MO.   431    CLEAR  (SCALE 0-3)  12
DPTR FM NORMAL    21    PTCLDY (SCALE 4-7)   9
TOTAL FM JUL 1  4609    CLOUDY (SCALE 8-10)  7
DPTR FM NORMAL  -787

[CDD (BASE 65) ]
TOTAL THIS MO.     0
DPTR FM NORMAL     0    [PRESSURE DATA]
TOTAL FM JAN 1     0    HIGHEST SLP M ON M
DPTR FM NORMAL    -1    LOWEST  SLP 29.44 ON  7

[REMARKS]
