000
CXUS51 KPBZ 300901
CF6PHD
PRELIMINARY LOCAL CLIMATOLOGICAL DATA (WS FORM: F-6)

                                          STATION:   NEW PHILADELPHIA OH
                                          MONTH:     AUGUST
                                          YEAR:      2014
                                          LATITUDE:   40 28 N
                                          LONGITUDE:  81 25 W

  TEMPERATURE IN F:       :PCPN:    SNOW:  WIND      :SUNSHINE: SKY     :PK WND
================================================================================
1   2   3   4   5  6A  6B    7    8   9   10  11  12  13   14  15   16   17  18
                                     12Z  AVG MX 2MIN
DY MAX MIN AVG DEP HDD CDD  WTR  SNW DPTH SPD SPD DIR MIN PSBL S-S WX    SPD DR
================================================================================

 1  83  57  70  -2   0   5 0.00    M    M  2.4  9 140   M    M   1 12     12 140
 2  74  62  68  -4   0   3 0.05    M    M  3.3 13 300   M    M   6 13     18 290
 3  78  59  69  -3   0   4 0.03    M    M  1.7  9 320   M    M   5 138    13 320
 4  83  59  71  -1   0   6    T    M    M  2.0  9 240   M    M   4 12     13 240
 5  81  57  69  -3   0   4 0.01    M    M  2.6 16 360   M    M   3 12     23 320
 6  80  57  69  -3   0   4 0.18    M    M  3.1 15 350   M    M   3 138    19 340
 7  80  52  66  -6   0   1 0.00    M    M  1.8 10 350   M    M   0 1      12 360
 8  79  53  66  -6   0   1 0.00    M    M  2.9 13  20   M    M   0 1      17  90
 9  83  53  68  -4   0   3 0.00    M    M  2.4  9  70   M    M   1 1      12 120
10  83  58  71  -1   0   6 0.00    M    M  3.5 14 130   M    M   1 12     17 120
11  75  67  71  -1   0   6 1.93    M    M  7.8 14 140   M    M   9 13     20 140
12  79  65  72   0   0   7 0.21    M    M  4.4 14 250   M    M   7 13     20 250
13  73  58  66  -6   0   1 0.02    M    M  5.9 16 300   M    M   6 1      22 300
14  71  49  60 -12   5   0    T    M    M  6.7 18 320   M    M   3 1      27 270
15  72  47  60 -12   5   0 0.00    M    M  3.1 12 330   M    M   3 12     16 330
16  77  47  62 -10   3   0 0.00    M    M  3.9 12 260   M    M   5 12     18 260
17  80  63  72   0   0   7 0.32    M    M  2.0 12  20   M    M   9 1      14  20
18  82  64  73   2   0   8 0.00    M    M  3.5 10 360   M    M   7 12     14  10
19  84  59  72   1   0   7 1.67    M    M  2.7 17 350   M    M   2 13     28 330
20  81  64  73   2   0   8 1.26    M    M  4.9 15 310   M    M   7 123    22 310
21  77  63  70  -1   0   5    T    M    M  3.3 10 210   M    M   8 12     15 200
22  83  68  76   5   0  11 0.84    M    M  1.5 18  80   M    M   8 13     25  80
23  83  65  74   3   0   9 0.00    M    M  3.5 10  20   M    M   5 12     14  60
24  83  63  73   2   0   8 0.00    M    M  4.6 10  90   M    M   2 1      15  90
25  82  60  71   1   0   6 0.00    M    M  4.2 10 160   M    M   1 1      14 140
26  84  61  73   3   0   8 0.00    M    M  3.2  9 140   M    M   2 1      13 150
27  85  64  75   5   0  10 0.00    M    M  2.9 14 350   M    M   4 13     18 340
28  75  54  65  -5   0   0 0.00    M    M  3.1 12 340   M    M   1 1      15 340
29  80  49  65  -5   0   0 0.00    M    M  2.6 10 180   M    M   1 12     12 180
================================================================================
SM 2310 1697        13 138  6.52    M     99.5          M      114
================================================================================
AV 79.7 58.5                               3.4 FASTST   M    M   4    MAX(MPH)
                                 MISC ---->  # 18 320               # 28  330
================================================================================
NOTES:
# LAST OF SEVERAL OCCURRENCES

COLUMN 17 PEAK WIND IN M.P.H.

PRELIMINARY LOCAL CLIMATOLOGICAL DATA (WS FORM: F-6) , PAGE 2

                                          STATION:  NEW PHILADELPHIA OH
                                          MONTH:    AUGUST
                                          YEAR:     2014
                                          LATITUDE:   40 28 N
                                          LONGITUDE:  81 25 W

[TEMPERATURE DATA]      [PRECIPITATION DATA]       SYMBOLS USED IN COLUMN 16

AVERAGE MONTHLY: 69.1   TOTAL FOR MONTH:   6.52    1 = FOG OR MIST
DPTR FM NORMAL:  -2.3   DPTR FM NORMAL:    3.19    2 = FOG REDUCING VISIBILITY
HIGHEST:    85 ON 27    GRTST 24HR  2.93 ON 19-20      TO 1/4 MILE OR LESS
LOWEST:     47 ON 16,15                            3 = THUNDER
                        SNOW, ICE PELLETS, HAIL    4 = ICE PELLETS
                        TOTAL MONTH:    M          5 = HAIL
                        GRTST 24HR    M  ON   M    6 = FREEZING RAIN OR DRIZZLE
                        GRTST DEPTH:  M  ON   M    7 = DUSTSTORM OR SANDSTORM:
                                                       VSBY 1/2 MILE OR LESS
                                                   8 = SMOKE OR HAZE
[NO. OF DAYS WITH]      [WEATHER - DAYS WITH]      9 = BLOWING SNOW
                                                   X = TORNADO
MAX 32 OR BELOW:   0    0.01 INCH OR MORE:  11
MAX 90 OR ABOVE:   0    0.10 INCH OR MORE:   7
MIN 32 OR BELOW:   0    0.50 INCH OR MORE:   4
MIN  0 OR BELOW:   0    1.00 INCH OR MORE:   3

[HDD (BASE 65) ]
TOTAL THIS MO.    13    CLEAR  (SCALE 0-3)  15
DPTR FM NORMAL    13    PTCLDY (SCALE 4-7)  11
TOTAL FM JUL 1    32    CLOUDY (SCALE 8-10)  3
DPTR FM NORMAL    29

[CDD (BASE 65) ]
TOTAL THIS MO.   138
DPTR FM NORMAL   -52    [PRESSURE DATA]
TOTAL FM JAN 1   533    HIGHEST SLP M ON M
DPTR FM NORMAL   -77    LOWEST  SLP 29.71 ON 12

[REMARKS]
