000
CXUS51 KPBZ 240901
CF6PHD
PRELIMINARY LOCAL CLIMATOLOGICAL DATA (WS FORM: F-6)

                                          STATION:   NEW PHILADELPHIA OH
                                          MONTH:     OCTOBER
                                          YEAR:      2014
                                          LATITUDE:   40 28 N
                                          LONGITUDE:  81 25 W

  TEMPERATURE IN F:       :PCPN:    SNOW:  WIND      :SUNSHINE: SKY     :PK WND
================================================================================
1   2   3   4   5  6A  6B    7    8   9   10  11  12  13   14  15   16   17  18
                                     12Z  AVG MX 2MIN
DY MAX MIN AVG DEP HDD CDD  WTR  SNW DPTH SPD SPD DIR MIN PSBL S-S WX    SPD DR
================================================================================

 1  70  50  60   2   5   0 0.01    M    M  1.2  8  20   M    M   7 12     10  70
 2  80  49  65   7   0   0 0.00    M    M  3.8  9 130   M    M   5 12     13 190
 3  70  53  62   5   3   0 0.39    M    M  7.7 17 290   M    M   5 1      26 300
 4  54  42  48  -9  17   0 0.08    M    M  7.7 20 250   M    M   9 1      31 250
 5  56  36  46 -10  19   0 0.01    M    M  5.8 13 240   M    M   7        21 240
 6  67  43  55  -1  10   0 0.14    M    M  6.5 21 240   M    M   4 1      36 240
 7  69  55  62   6   3   0 0.29    M    M  5.8 17 180   M    M   5        25 190
 8  71  46  59   4   6   0 0.00    M    M  6.0 20 260   M    M   2        28 260
 9  64  42  53  -2  12   0 0.00    M    M  3.2 10 260   M    M   2 8      17 240
10  66  53  60   6   5   0 0.00    M    M  2.3 10  20   M    M   6 28     14  20
11  65  42  54   0  11   0 0.00    M    M  5.8 15 340   M    M   1        20 330
12  70  36  53  -1  12   0 0.00    M    M  4.5 12 140   M    M   4 8      15 130
13  81  59  70  17   0   5 0.00    M    M  5.6 12 160   M    M   5 8      18 140
14  80  58  69  16   0   4 0.36    M    M  9.2 22 150   M    M   5 1      34 150
15  68  53  61   8   4   0 0.03    M    M  3.5 14 230   M    M  10 12     19 250
16  63  50  57   5   8   0 0.02    M    M  2.8 10 290   M    M   9 12     14 280
17  70  55  63  11   2   0 0.00    M    M  9.5 17 210   M    M   9        27 270
18  56  46  51  -1  14   0 0.04    M    M 10.2 18 310   M    M   9 18     27 310
19  56  39  48  -4  17   0    T    M    M  4.5 14 360   M    M   5        19 340
20  61  41  51   0  14   0 0.20    M    M  4.8 14 210   M    M   7 1      21 220
21  53  47  50  -1  15   0 0.10    M    M  6.1 16 330   M    M  10 18     25 320
22  52  42  47  -4  18   0    T    M    M  7.3 14 340   M    M   9 1      27 220
23  61  38  50   0  15   0 0.00    M    M  4.6 14 320   M    M   5 128    23 320
================================================================================
SM 1503 1075       210   9  1.67    M    128.4          M      140
================================================================================
AV 65.3 46.7                               5.6 FASTST   M    M   6    MAX(MPH)
                                 MISC ---->  # 22 150               # 36  240
================================================================================
NOTES:
# LAST OF SEVERAL OCCURRENCES

COLUMN 17 PEAK WIND IN M.P.H.

PRELIMINARY LOCAL CLIMATOLOGICAL DATA (WS FORM: F-6) , PAGE 2

                                          STATION:  NEW PHILADELPHIA OH
                                          MONTH:    OCTOBER
                                          YEAR:     2014
                                          LATITUDE:   40 28 N
                                          LONGITUDE:  81 25 W

[TEMPERATURE DATA]      [PRECIPITATION DATA]       SYMBOLS USED IN COLUMN 16

AVERAGE MONTHLY: 56.0   TOTAL FOR MONTH:   1.67    1 = FOG OR MIST
DPTR FM NORMAL:   2.1   DPTR FM NORMAL:   -0.37    2 = FOG REDUCING VISIBILITY
HIGHEST:    81 ON 13    GRTST 24HR  0.43 ON  3- 4      TO 1/4 MILE OR LESS
LOWEST:     36 ON 12, 5                            3 = THUNDER
                        SNOW, ICE PELLETS, HAIL    4 = ICE PELLETS
                        TOTAL MONTH:    M          5 = HAIL
                        GRTST 24HR    M  ON   M    6 = FREEZING RAIN OR DRIZZLE
                        GRTST DEPTH:  M  ON   M    7 = DUSTSTORM OR SANDSTORM:
                                                       VSBY 1/2 MILE OR LESS
                                                   8 = SMOKE OR HAZE
[NO. OF DAYS WITH]      [WEATHER - DAYS WITH]      9 = BLOWING SNOW
                                                   X = TORNADO
MAX 32 OR BELOW:   0    0.01 INCH OR MORE:  12
MAX 90 OR ABOVE:   0    0.10 INCH OR MORE:   6
MIN 32 OR BELOW:   0    0.50 INCH OR MORE:   0
MIN  0 OR BELOW:   0    1.00 INCH OR MORE:   0

[HDD (BASE 65) ]
TOTAL THIS MO.   210    CLEAR  (SCALE 0-3)   3
DPTR FM NORMAL   -54    PTCLDY (SCALE 4-7)  13
TOTAL FM JUL 1   342    CLOUDY (SCALE 8-10)  7
DPTR FM NORMAL   -28

[CDD (BASE 65) ]
TOTAL THIS MO.     9
DPTR FM NORMAL     0    [PRESSURE DATA]
TOTAL FM JAN 1   630    HIGHEST SLP M ON M
DPTR FM NORMAL   -67    LOWEST  SLP 29.59 ON 17

[REMARKS]
