000
CXUS53 KGID 011320
CF6PHG

PRELIMINARY LOCAL CLIMATOLOGICAL DATA (WS FORM: F-6)

                                          STATION:   PHILLIPSBURG
                                          MONTH:     JUNE
                                          YEAR:      2012
                                          LATITUDE:   39 44 N
                                          LONGITUDE:  99 19 W

  TEMPERATURE IN F:       :PCPN:    SNOW:  WIND      :SUNSHINE: SKY     :PK WND
================================================================================
1   2   3   4   5  6A  6B    7    8   9   10  11  12  13   14  15   16   17  18
                                     12Z  AVG MX 2MIN
DY MAX MIN AVG DEP HDD CDD  WTR  SNW DPTH SPD SPD DIR MIN PSBL S-S WX    SPD DR
================================================================================

 1  69  42  56 -12   9   0 0.13    M    M   M   M   M   M    M   M         M  M
 2  90  46  68   0   0   3 0.00    M    M   M   M   M   M    M   M         M  M
 3  94  61  78   9   0  13 0.00    M    M   M   M   M   M    M   M         M  M
 4  94  61  78   9   0  13 0.00    M    M   M   M   M   M    M   M         M  M
 5  93  56  75   5   0  10 0.00    M    M   M   M   M   M    M   M         M  M
 6  91  57  74   4   0   9    M    M    M   M   M   M   M    M   M         M  M
 7  90  56  73   3   0   8 0.00    M    M   M   M   M   M    M   M         M  M
 8  90  60  75   4   0  10 0.00    M    M   M   M   M   M    M   M         M  M
 9  97  66  82  11   0  17 0.00    M    M   M   M   M   M    M   M         M  M
10  83  57  70  -2   0   5 0.00    M    M   M   M   M   M    M   M         M  M
11  86  56  71  -1   0   6 0.00    M    M   M   M   M   M    M   M         M  M
12  90  53  72   0   0   7    T    M    M   M   M   M   M    M   M         M  M
13  99  62  81   8   0  16 0.00    M    M   M   M   M   M    M   M         M  M
14  97  64  81   8   0  16 0.34    M    M   M   M   M   M    M   M         M  M
15  89  62  76   2   0  11 0.00    M    M   M   M   M   M    M   M         M  M
16  88  67  78   4   0  13 0.14    M    M   M   M   M   M    M   M         M  M
17  97  66  82   8   0  17 0.00    M    M   M   M   M   M    M   M         M  M
18 102  72  87  12   0  22 0.00    M    M   M   M   M   M    M   M         M  M
19  99  75  87  12   0  22 0.00    M    M   M   M   M   M    M   M         M  M
20  90  65  78   3   0  13 0.02    M    M   M   M   M   M    M   M         M  M
21  86  57  72  -4   0   7 0.00    M    M   M   M   M   M    M   M         M  M
22  92  55  74  -2   0   9 0.00    M    M   M   M   M   M    M   M         M  M
23 110  70  90  14   0  25 0.00    M    M   M   M   M   M    M   M         M  M
24 113  77  95  18   0  30 0.00    M    M   M   M   M   M    M   M         M  M
25 104  63  84   7   0  19 0.00    M    M   M   M   M   M    M   M         M  M
================================================================================
SM 2333 1526         9 321    M    M        M          M        M
================================================================================
AV 93.3 61.0                                 M FASTST   M    M   1    MAX(MPH)
                                 MISC ---->     M   M                  M    M
================================================================================
NOTES:
# LAST OF SEVERAL OCCURRENCES

COLUMN 17 PEAK WIND IN M.P.H.

PRELIMINARY LOCAL CLIMATOLOGICAL DATA (WS FORM: F-6) , PAGE 2

                                          STATION:  PHILLIPSBURG
                                          MONTH:    JUNE
                                          YEAR:     2012
                                          LATITUDE:   39 44 N
                                          LONGITUDE:  99 19 W

[TEMPERATURE DATA]      [PRECIPITATION DATA]       SYMBOLS USED IN COLUMN 16

AVERAGE MONTHLY: 77.2   TOTAL FOR MONTH:      M    1 = FOG OR MIST
DPTR FM NORMAL:   4.5   DPTR FM NORMAL:       M    2 = FOG REDUCING VISIBILITY
HIGHEST:   113 ON 24    GRTST 24HR    M  ON   M        TO 1/4 MILE OR LESS
LOWEST:     42 ON  1                               3 = THUNDER
                        SNOW, ICE PELLETS, HAIL    4 = ICE PELLETS
                        TOTAL MONTH:    M          5 = HAIL
                        GRTST 24HR    M  ON   M    6 = FREEZING RAIN OR DRIZZLE
                        GRTST DEPTH:  M  ON   M    7 = DUSTSTORM OR SANDSTORM:
                                                       VSBY 1/2 MILE OR LESS
                                                   8 = SMOKE OR HAZE
[NO. OF DAYS WITH]      [WEATHER - DAYS WITH]      9 = BLOWING SNOW
                                                   X = TORNADO
MAX 32 OR BELOW:   0    0.01 INCH OR MORE:   4
MAX 90 OR ABOVE:  19    0.10 INCH OR MORE:   3
MIN 32 OR BELOW:   0    0.50 INCH OR MORE:   0
MIN  0 OR BELOW:   0    1.00 INCH OR MORE:   0

[HDD (BASE 65) ]
TOTAL THIS MO.     9    CLEAR  (SCALE 0-3)   0
DPTR FM NORMAL    -3    PTCLDY (SCALE 4-7)   0
TOTAL FM JUL 1  4641    CLOUDY (SCALE 8-10)  0
DPTR FM NORMAL  -978

[CDD (BASE 65) ]
TOTAL THIS MO.   321
DPTR FM NORMAL   115    [PRESSURE DATA]
TOTAL FM JAN 1   516    HIGHEST SLP M ON M
DPTR FM NORMAL   230    LOWEST  SLP M ON M

[REMARKS]
