000
CXUS51 KPHI 290800
CF6PHL
PRELIMINARY LOCAL CLIMATOLOGICAL DATA (WS FORM: F-6)

                                          STATION:   PHILADELPHIA PA
                                          MONTH:     JULY
                                          YEAR:      2015
                                          LATITUDE:   39 52 N
                                          LONGITUDE:  75 15 W

  TEMPERATURE IN F:       :PCPN:    SNOW:  WIND      :SUNSHINE: SKY     :PK WND
================================================================================
1   2   3   4   5  6A  6B    7    8   9   10  11  12  13   14  15   16   17  18
                                     12Z  AVG MX 2MIN
DY MAX MIN AVG DEP HDD CDD  WTR  SNW DPTH SPD SPD DIR MIN PSBL S-S WX    SPD DR
================================================================================

 1  86  69  78   1   0  13 0.08  0.0    0 11.0 35 240   M    M   7 13     42 240
 2  77  67  72  -5   0   7 0.02  0.0    0  3.1 10  60   M    M   8 8      16  30
 3  83  66  75  -2   0  10 0.00  0.0    0  5.2 10 180   M    M   7        14  30
 4  77  69  73  -5   0   8 0.02  0.0    0  6.6 15  40   M    M  10        19  10
 5  84  67  76  -2   0  11 0.00  0.0    0  4.6  9 210   M    M   7 8      17 200
 6  88  72  80   2   0  15 0.00  0.0    0  6.3 14 130   M    M   9 3      16 130
 7  91  76  84   6   0  19 0.00  0.0    0  9.4 21 230   M    M   6        24 230
 8  89  77  83   5   0  18    T  0.0    0  8.2 18 220   M    M   7 8      23 320
 9  85  73  79   1   0  14 0.76  0.0    0  7.0 30 290   M    M   9 13     39 290
10  86  72  79   1   0  14 0.00  0.0    0 10.4 18 330   M    M   5        23 340
11  89  73  81   3   0  16 0.00  0.0    0  6.8 12 360   M    M   6        15 360
12  90  69  80   2   0  15 0.00  0.0    0  3.8 12 200   M    M   6        17 190
13  87  72  80   2   0  15 0.00  0.0    0  5.3 15 190   M    M   8        26 200
14  86  73  80   2   0  15 0.58  0.0    0  5.6 20 230   M    M   8 138    25 250
15  82  69  76  -2   0  11 0.69  0.0    0  8.3 22 330   M    M   9 13     28 320
16  82  64  73  -5   0   8 0.00  0.0    0  7.5 18  40   M    M   5        24 360
17  83  67  75  -3   0  10 0.00  0.0    0  6.4 15 200   M    M   7        18 210
18  89  71  80   2   0  15    T  0.0    0  9.2 15 230   M    M   9        18 240
19  95  77  86   8   0  21 0.00  0.0    0  7.2 16 230   M    M   6 18     19 250
20  95  81  88  10   0  23 0.03  0.0    0  8.0 20 230   M    M   7 8      31 210
21  91  74  83   5   0  18    T  0.0    0  6.7 28 300   M    M   7        37 270
22  85  70  78   0   0  13 0.00  0.0    0 10.0 20 280   M    M   4        27 280
23  83  68  76  -2   0  11 0.00  0.0    0  8.0 15 280   M    M   6        23 300
24  86  67  77  -1   0  12 0.00  0.0    0  7.1 15 340   M    M   2        25 330
25  90  68  79   1   0  14 0.00  0.0    0  6.4 15 190   M    M   4        20 200
26  89  72  81   3   0  16 0.00  0.0    0 10.4 18 210   M    M   6        24 230
27  87  71  79   1   0  14 0.47  0.0    0  6.1 14 200   M    M   8 138    25 200
28  93  75  84   6   0  19 0.00  0.0    0  5.1 13 190   M    M   5 18     16 180
================================================================================
SM 2428 1989         0 395  2.65     0.0 199.7          M      188
================================================================================
AV 86.7 71.0                               7.1 FASTST   M    M   7    MAX(MPH)
                                 MISC ---->  # 35 240               # 42  240
================================================================================
NOTES:
# LAST OF SEVERAL OCCURRENCES

COLUMN 17 PEAK WIND IN M.P.H.

PRELIMINARY LOCAL CLIMATOLOGICAL DATA (WS FORM: F-6) , PAGE 2

                                          STATION:  PHILADELPHIA PA
                                          MONTH:    JULY
                                          YEAR:     2015
                                          LATITUDE:   39 52 N
                                          LONGITUDE:  75 15 W

[TEMPERATURE DATA]      [PRECIPITATION DATA]       SYMBOLS USED IN COLUMN 16

AVERAGE MONTHLY: 78.9   TOTAL FOR MONTH:   2.65    1 = FOG OR MIST
DPTR FM NORMAL:   1.0   DPTR FM NORMAL:   -1.28    2 = FOG REDUCING VISIBILITY
HIGHEST:    95 ON 20,19 GRTST 24HR  1.23 ON 14-15      TO 1/4 MILE OR LESS
LOWEST:     64 ON 16                               3 = THUNDER
                        SNOW, ICE PELLETS, HAIL    4 = ICE PELLETS
                        TOTAL MONTH:   0.0 INCH    5 = HAIL
                        GRTST 24HR     0.0         6 = FREEZING RAIN OR DRIZZLE
                        GRTST DEPTH:   0           7 = DUSTSTORM OR SANDSTORM:
                                                       VSBY 1/2 MILE OR LESS
                                                   8 = SMOKE OR HAZE
[NO. OF DAYS WITH]      [WEATHER - DAYS WITH]      9 = BLOWING SNOW
                                                   X = TORNADO
MAX 32 OR BELOW:   0    0.01 INCH OR MORE:   8
MAX 90 OR ABOVE:   7    0.10 INCH OR MORE:   4
MIN 32 OR BELOW:   0    0.50 INCH OR MORE:   3
MIN  0 OR BELOW:   0    1.00 INCH OR MORE:   0

[HDD (BASE 65) ]
TOTAL THIS MO.     0    CLEAR  (SCALE 0-3)   1
DPTR FM NORMAL     0    PTCLDY (SCALE 4-7)  21
TOTAL FM JUL 1     0    CLOUDY (SCALE 8-10)  6
DPTR FM NORMAL     0

[CDD (BASE 65) ]
TOTAL THIS MO.   395
DPTR FM NORMAL    34    [PRESSURE DATA]
TOTAL FM JAN 1   908    HIGHEST SLP M ON M
DPTR FM NORMAL   198    LOWEST  SLP 29.53 ON 15

[REMARKS]
