566
CXUS51 KPHI 270800
CF6PHL
PRELIMINARY LOCAL CLIMATOLOGICAL DATA (WS FORM: F-6)

                                          STATION:   PHILADELPHIA PA
                                          MONTH:     AUGUST
                                          YEAR:      2016
                                          LATITUDE:   39 52 N
                                          LONGITUDE:  75 15 W

  TEMPERATURE IN F:       :PCPN:    SNOW:  WIND      :SUNSHINE: SKY     :PK WND
================================================================================
1   2   3   4   5  6A  6B    7    8   9   10  11  12  13   14  15   16   17  18
                                     12Z  AVG MX 2MIN
DY MAX MIN AVG DEP HDD CDD  WTR  SNW DPTH SPD SPD DIR MIN PSBL S-S WX    SPD DR
================================================================================

 1  80  73  77  -1   0  12 0.00  0.0    0  7.4 13  50   M    M   9        18  30
 2  84  68  76  -2   0  11    T  0.0    0  8.1 16  80   M    M   8        20  90
 3  85  66  76  -2   0  11 0.00  0.0    0  6.9 14 110   M    M   2        17  30
 4  86  66  76  -2   0  11 0.00  0.0    0  5.3 14 200   M    M   3        22 220
 5  85  68  77  -1   0  12 0.00  0.0    0  7.8 17 240   M    M   5        23 200
 6  91  76  84   6   0  19 0.00  0.0    0  9.1 15 320   M    M   8        24 220
 7  89  71  80   2   0  15 0.00  0.0    0  7.7 15 310   M    M   3        24 310
 8  85  73  79   1   0  14 0.00  0.0    0  5.1 12  80   M    M   7        16  30
 9  89  68  79   1   0  14 0.00  0.0    0  6.0 16 190   M    M   6        20 140
10  93  76  85   8   0  20 0.00  0.0    0 12.0 22 220   M    M   8        28 230
11  95  79  87  10   0  22 0.31  0.0    0 11.0 21 240   M    M   8 3      25 210
12  97  81  89  12   0  24 0.00  0.0    0 11.7 18 230   M    M   6 3      24 230
13  98  82  90  13   0  25 0.00  0.0    0  9.6 18 230   M    M   4        24 240
14  97  77  87  10   0  22 0.03  0.0    0 10.8 21 260   M    M   5        26 260
15  94  76  85   8   0  20    T  0.0    0  7.1 14 220   M    M   6        20 280
16  94  77  86   9   0  21 0.00  0.0    0 10.2 21 190   M    M   7 13     27 190
17  91  76  84   7   0  19 0.57  0.0    0  9.7 24 290   M    M   7 13     30 280
18  88  73  81   4   0  16 0.19  0.0    0  6.7 21 310   M    M   7 13     26 310
19  90  73  82   6   0  17    T  0.0    0  5.2 13 280   M    M   5        20 310
20  93  73  83   7   0  18 0.00  0.0    0  6.1 15 170   M    M   3        18 150
21  89  73  81   5   0  16 0.60  0.0    0  6.6 21 320   M    M   7 18     25 310
22  83  66  75  -1   0  10 0.00  0.0    0 11.2 22 300   M    M   3        27 300
23  83  62  73  -3   0   8 0.00  0.0    0  5.9 14 240   M    M   1        19 210
24  86  68  77   1   0  12 0.00  0.0    0  8.2 15 200   M    M   4        22 210
25  87  69  78   2   0  13    T  0.0    0 10.1 17 210   M    M   6        24 190
26  93  75  84   9   0  19 0.00  0.0    0 10.0 18 320   M    M   3        27 320
================================================================================
SM 2325 1885         0 421  1.70     0.0 215.5          M      141
================================================================================
AV 89.4 72.5                               8.3 FASTST   M    M   5    MAX(MPH)
                                 MISC ---->  # 24 290               # 30  280
================================================================================
NOTES:
# LAST OF SEVERAL OCCURRENCES

COLUMN 17 PEAK WIND IN M.P.H.

PRELIMINARY LOCAL CLIMATOLOGICAL DATA (WS FORM: F-6) , PAGE 2

                                          STATION:  PHILADELPHIA PA
                                          MONTH:    AUGUST
                                          YEAR:     2016
                                          LATITUDE:   39 52 N
                                          LONGITUDE:  75 15 W

[TEMPERATURE DATA]      [PRECIPITATION DATA]       SYMBOLS USED IN COLUMN 16

AVERAGE MONTHLY: 81.0   TOTAL FOR MONTH:   1.70    1 = FOG OR MIST
DPTR FM NORMAL:   4.0   DPTR FM NORMAL:   -1.30    2 = FOG REDUCING VISIBILITY
HIGHEST:    98 ON 13    GRTST 24HR  0.60 ON 21-21      TO 1/4 MILE OR LESS
LOWEST:     62 ON 23                               3 = THUNDER
                        SNOW, ICE PELLETS, HAIL    4 = ICE PELLETS
                        TOTAL MONTH:   0.0 INCH    5 = HAIL
                        GRTST 24HR     0.0         6 = FREEZING RAIN OR DRIZZLE
                        GRTST DEPTH:   0           7 = DUSTSTORM OR SANDSTORM:
                                                       VSBY 1/2 MILE OR LESS
                                                   8 = SMOKE OR HAZE
[NO. OF DAYS WITH]      [WEATHER - DAYS WITH]      9 = BLOWING SNOW
                                                   X = TORNADO
MAX 32 OR BELOW:   0    0.01 INCH OR MORE:   5
MAX 90 OR ABOVE:  12    0.10 INCH OR MORE:   4
MIN 32 OR BELOW:   0    0.50 INCH OR MORE:   2
MIN  0 OR BELOW:   0    1.00 INCH OR MORE:   0

[HDD (BASE 65) ]
TOTAL THIS MO.     0    CLEAR  (SCALE 0-3)   7
DPTR FM NORMAL     0    PTCLDY (SCALE 4-7)  17
TOTAL FM JUL 1     0    CLOUDY (SCALE 8-10)  2
DPTR FM NORMAL     0

[CDD (BASE 65) ]
TOTAL THIS MO.   421
DPTR FM NORMAL   109    [PRESSURE DATA]
TOTAL FM JAN 1  1328    HIGHEST SLP M ON M
DPTR FM NORMAL   259    LOWEST  SLP  0.00 ON M

[REMARKS]
