000
CXUS51 KPHI 310800
CF6PHL
PRELIMINARY LOCAL CLIMATOLOGICAL DATA (WS FORM: F-6)

                                          STATION:   PHILADELPHIA PA
                                          MONTH:     OCTOBER
                                          YEAR:      2014
                                          LATITUDE:   39 52 N
                                          LONGITUDE:  75 15 W

  TEMPERATURE IN F:       :PCPN:    SNOW:  WIND      :SUNSHINE: SKY     :PK WND
================================================================================
1   2   3   4   5  6A  6B    7    8   9   10  11  12  13   14  15   16   17  18
                                     12Z  AVG MX 2MIN
DY MAX MIN AVG DEP HDD CDD  WTR  SNW DPTH SPD SPD DIR MIN PSBL S-S WX    SPD DR
================================================================================

 1  73  62  68   5   0   3    T  0.0    0  7.9 13  70   M    M   8        21  30
 2  73  62  68   5   0   3 0.00  0.0    0  7.2 14  10   M    M   9        19  20
 3  72  59  66   4   0   1 0.06  0.0    0  6.5 16 130   M    M   8 1      20 130
 4  70  50  60  -2   5   0 0.17  0.0    0 12.1 24 310   M    M   8 1      32 310
 5  61  43  52  -9  13   0 0.00  0.0    0  8.2 18 290   M    M   3        23 290
 6  72  47  60  -1   5   0 0.00  0.0    0  9.7 22 190   M    M   2        27 190
 7  71  63  67   6   0   2 0.38  0.0    0 10.6 23 210   M    M   9 1      31 190
 8  75  56  66   6   0   1    T  0.0    0 13.4 29 180   M    M   4        36 180
 9  70  51  61   1   4   0 0.00  0.0    0  9.7 20 230   M    M   5        26 210
10  61  53  57  -3   8   0    T  0.0    0  3.4  9  60   M    M   8        13 360
11  57  50  54  -5  11   0 0.48  0.0    0  8.5 17 350   M    M   8 1      21  10
12  64  46  55  -4  10   0 0.00  0.0    0  5.3 10  40   M    M   5 1      17  10
13  66  56  61   3   4   0 0.02  0.0    0  4.5 13 150   M    M  10 18     15 180
14  79  65  72  14   0   7 0.00  0.0    0  8.7 21 190   M    M   8        28 190
15  77  67  72  14   0   7 0.66  0.0    0  9.2 22 170   M    M   9 1      30 170
16  72  60  66   9   0   1 0.24  0.0    0  9.9 18 230   M    M   7 18     28 210
17  73  57  65   8   0   0 0.00  0.0    0  8.9 18 210   M    M   3 1      26 220
18  72  54  63   6   2   0 0.00  0.0    0 12.6 25 290   M    M   6        31 270
19  56  45  51  -5  14   0 0.00  0.0    0 12.2 26 320   M    M   4        32 340
20  63  39  51  -5  14   0 0.00  0.0    0  6.2 17 200   M    M   7        23 180
21  70  52  61   5   4   0    T  0.0    0  4.5 13  40   M    M   7        17  40
22  58  52  55   0  10   0 0.44  0.0    0 15.8 25  40   M    M  10 1      36 360
23  57  51  54  -1  11   0 0.05  0.0    0 17.3 29 330   M    M  10        34 330
24  70  53  62   7   3   0 0.00  0.0    0 11.5 24 340   M    M   7        34 340
25  70  46  58   4   7   0 0.00  0.0    0  9.2 21 270   M    M   2        27 260
26  67  50  59   5   6   0 0.00  0.0    0 11.8 26 320   M    M   2        36 290
27  67  46  57   3   8   0 0.00  0.0    0  8.3 16 290   M    M   2        22 310
28  76  49  63   9   2   0 0.00  0.0    0  5.4 12 240   M    M   7        16 240
29  70  50  60   7   5   0 0.03  0.0    0  7.7 24 320   M    M   8 1      31 320
30  60  45  53   0  12   0 0.00  0.0    0  7.3 16  10   M    M   3 1      23 350
================================================================================
SM 2042 1579       158  25  2.53     0.0 273.5          M      189
================================================================================
AV 68.1 52.6                               9.1 FASTST   M    M   6    MAX(MPH)
                                 MISC ---->  # 29 180               # 36  180
================================================================================
NOTES:
# LAST OF SEVERAL OCCURRENCES

COLUMN 17 PEAK WIND IN M.P.H.

PRELIMINARY LOCAL CLIMATOLOGICAL DATA (WS FORM: F-6) , PAGE 2

                                          STATION:  PHILADELPHIA PA
                                          MONTH:    OCTOBER
                                          YEAR:     2014
                                          LATITUDE:   39 52 N
                                          LONGITUDE:  75 15 W

[TEMPERATURE DATA]      [PRECIPITATION DATA]       SYMBOLS USED IN COLUMN 16

AVERAGE MONTHLY: 60.3   TOTAL FOR MONTH:   2.53    1 = FOG OR MIST
DPTR FM NORMAL:   2.6   DPTR FM NORMAL:   -0.55    2 = FOG REDUCING VISIBILITY
HIGHEST:    79 ON 14    GRTST 24HR  0.90 ON 15-16      TO 1/4 MILE OR LESS
LOWEST:     39 ON 20                               3 = THUNDER
                        SNOW, ICE PELLETS, HAIL    4 = ICE PELLETS
                        TOTAL MONTH:   0.0 INCH    5 = HAIL
                        GRTST 24HR     0.0         6 = FREEZING RAIN OR DRIZZLE
                        GRTST DEPTH:   0           7 = DUSTSTORM OR SANDSTORM:
                                                       VSBY 1/2 MILE OR LESS
                                                   8 = SMOKE OR HAZE
[NO. OF DAYS WITH]      [WEATHER - DAYS WITH]      9 = BLOWING SNOW
                                                   X = TORNADO
MAX 32 OR BELOW:   0    0.01 INCH OR MORE:  10
MAX 90 OR ABOVE:   0    0.10 INCH OR MORE:   6
MIN 32 OR BELOW:   0    0.50 INCH OR MORE:   1
MIN  0 OR BELOW:   0    1.00 INCH OR MORE:   0

[HDD (BASE 65) ]
TOTAL THIS MO.   158    CLEAR  (SCALE 0-3)   6
DPTR FM NORMAL   -83    PTCLDY (SCALE 4-7)  16
TOTAL FM JUL 1   172    CLOUDY (SCALE 8-10)  8
DPTR FM NORMAL  -107

[CDD (BASE 65) ]
TOTAL THIS MO.    25
DPTR FM NORMAL     6    [PRESSURE DATA]
TOTAL FM JAN 1  1311    HIGHEST SLP M ON M
DPTR FM NORMAL    14    LOWEST  SLP 29.54 ON  4

[REMARKS]
