000
CXUS53 KILX 012300
CF6PIA
PRELIMINARY LOCAL CLIMATOLOGICAL DATA (WS FORM: F-6)

                                          STATION:   PEORIA IL
                                          MONTH:     FEBRUARY
                                          YEAR:      2015
                                          LATITUDE:   40 40 N
                                          LONGITUDE:  89 41 W

  TEMPERATURE IN F:       :PCPN:    SNOW:  WIND      :SUNSHINE: SKY     :PK WND
================================================================================
1   2   3   4   5  6A  6B    7    8   9   10  11  12  13   14  15   16   17  18
                                     12Z  AVG MX 2MIN
DY MAX MIN AVG DEP HDD CDD  WTR  SNW DPTH SPD SPD DIR MIN PSBL S-S WX    SPD DR
================================================================================

 1  35  14  25  -1  40   0 1.03  6.1    4 10.6 22 350   M    M  10 128    33 350
 2  17   9  13 -13  52   0    T    T    6  7.0 17 340   M    M   3        30 340
 3  36  13  25  -1  40   0 0.00  0.0    6  8.1 16 190   M    M   5        19 190
 4  33   7  20  -6  45   0 0.21  3.2    5  7.0 14  10   M    M   5 128    22  10
 5  16  -5   6 -21  59   0 0.00  0.0    9  5.8 14 200   M    M   2 18     17 190
 6  37  11  24  -3  41   0 0.00  0.0    8  8.0 17 170   M    M   0        21 170
 7  47  27  37  10  28   0 0.00  0.0    6  8.4 18 190   M    M   0        23 190
 8  46  30  38  11  27   0    T  0.0    4  6.0 13  30   M    M   4 18     19  10
 9  30  22  26  -2  39   0 0.00  0.0    2  7.8 15  10   M    M  10 1      21  20
10  35  16  26  -2  39   0    T  0.0    2  5.8 20 170   M    M   6 18     23 160
11  37  21  29   1  36   0    T  0.0    1  9.6 21 310   M    M   7 18     32 300
12  21  11  16 -12  49   0    T    T    1  8.2 21 340   M    M   2 8      32 320
13  32   9  21  -8  44   0 0.00  0.0    1  8.5 18 220   M    M   6        23 200
14  32   5  19 -10  46   0    T    T    1 11.3 25 320   M    M   4        38 350
15  16   4  10 -19  55   0 0.00  0.0    1  7.6 13  80   M    M   7        16  90
16  21  13  17 -13  48   0    T    T    1  4.9 12  90   M    M   4        14  90
17  25  15  20 -10  45   0    T    T    1  8.5 18 300   M    M   5        26 330
18  15   3   9 -21  56   0    T  0.2    1 11.2 22 300   M    M   5 8      32 310
19  12  -2   5 -26  60   0 0.00  0.0    1  5.3 15 340   M    M   0        21 340
20  26   5  16 -15  49   0 0.00  0.0    1 13.9 28 180   M    M   7        36 190
21  32  21  27  -4  38   0 0.00  0.0    1  3.9 12 320   M    M  10 18     18 310
22  27   4  16 -16  49   0 0.00  0.0    1  9.2 17 320   M    M   1        24 320
23  16  -1   8 -24  57   0 0.00  0.0    1  6.2 12 210   M    M   0        17 350
24  36   4  20 -12  45   0 0.00  0.0    1 12.2 23 270   M    M   2        31 270
25  32  17  25  -8  40   0 0.17  2.4    1  7.0 15  50   M    M   6 18     19  40
26  22   2  12 -21  53   0 0.05  0.4    3  8.6 15 360   M    M   8 18     21  10
27  16  -7   5 -29  60   0 0.00  0.0    3  2.9  9 270   M    M   0 8      14 270
28  26   2  14 -20  51   0 0.04  0.5    2  6.3 14 180   M    M   7 18     19 190
================================================================================
SM  776  270      1291   0  1.50    12.8 219.8          M      126
================================================================================
AV 27.7  9.6                               7.8 FASTST   M    M   5    MAX(MPH)
                                 MISC ---->    28   M               # 38  350
================================================================================
NOTES:
# LAST OF SEVERAL OCCURRENCES

COLUMN 17 PEAK WIND IN M.P.H.

PRELIMINARY LOCAL CLIMATOLOGICAL DATA (WS FORM: F-6) , PAGE 2

                                          STATION:  PEORIA IL
                                          MONTH:    FEBRUARY
                                          YEAR:     2015
                                          LATITUDE:   40 40 N
                                          LONGITUDE:  89 41 W

[TEMPERATURE DATA]      [PRECIPITATION DATA]       SYMBOLS USED IN COLUMN 16

AVERAGE MONTHLY: 18.7   TOTAL FOR MONTH:   1.50    1 = FOG OR MIST
DPTR FM NORMAL: -10.8   DPTR FM NORMAL:   -0.29    2 = FOG REDUCING VISIBILITY
HIGHEST:    47 ON  7    GRTST 24HR  1.27 ON 31- 1      TO 1/4 MILE OR LESS
LOWEST:     -7 ON 27                               3 = THUNDER
                        SNOW, ICE PELLETS, HAIL    4 = ICE PELLETS
                        TOTAL MONTH:  12.8 INCHES  5 = HAIL
                        GRTST 24HR   6.1 ON   M    6 = FREEZING RAIN OR DRIZZLE
                        GRTST DEPTH:   9 ON  5     7 = DUSTSTORM OR SANDSTORM:
                                                       VSBY 1/2 MILE OR LESS
                                                   8 = SMOKE OR HAZE
[NO. OF DAYS WITH]      [WEATHER - DAYS WITH]      9 = BLOWING SNOW
                                                   X = TORNADO
MAX 32 OR BELOW:  19    0.01 INCH OR MORE:   5
MAX 90 OR ABOVE:   0    0.10 INCH OR MORE:   3
MIN 32 OR BELOW:  28    0.50 INCH OR MORE:   1
MIN  0 OR BELOW:   4    1.00 INCH OR MORE:   1

[HDD (BASE 65) ]
TOTAL THIS MO.  1291    CLEAR  (SCALE 0-3)  10
DPTR FM NORMAL   296    PTCLDY (SCALE 4-7)  14
TOTAL FM JUL 1  4706    CLOUDY (SCALE 8-10)  4
DPTR FM NORMAL   190

[CDD (BASE 65) ]
TOTAL THIS MO.     0
DPTR FM NORMAL     0    [PRESSURE DATA]
TOTAL FM JAN 1     0    HIGHEST SLP 30.82 ON 23
DPTR FM NORMAL     0    LOWEST  SLP 29.62 ON  8

[REMARKS]
#FINAL-02-15#
