000
CXUS53 KILX 260900
CF6PIA
PRELIMINARY LOCAL CLIMATOLOGICAL DATA (WS FORM: F-6)

                                          STATION:   PEORIA IL
                                          MONTH:     JULY
                                          YEAR:      2016
                                          LATITUDE:   40 40 N
                                          LONGITUDE:  89 41 W

  TEMPERATURE IN F:       :PCPN:    SNOW:  WIND      :SUNSHINE: SKY     :PK WND
================================================================================
1   2   3   4   5  6A  6B    7    8   9   10  11  12  13   14  15   16   17  18
                                     12Z  AVG MX 2MIN
DY MAX MIN AVG DEP HDD CDD  WTR  SNW DPTH SPD SPD DIR MIN PSBL S-S WX    SPD DR
================================================================================

 1  77  62  70  -5   0   5 0.00  0.0    0  6.4 15 350   M    M   2        23 340
 2  69  60  65 -11   0   0    T  0.0    0  4.3 12  80   M    M   4        15  80
 3  64  58  61 -15   4   0 0.10  0.0    0  7.6 15  80   M    M   9 1      19  80
 4  79  64  72  -4   0   7 0.00  0.0    0  3.5  9  50   M    M  10 18     11  60
 5  86  68  77   1   0  12 0.00  0.0    0  6.9 14 180   M    M   5 1      17 200
 6  82  68  75  -1   0  10 1.34  0.0    0  9.0 21  40   M    M   2 13     30  20
 7  84  69  77   1   0  12 0.17  0.0    0  8.3 21 190   M    M   4 123    27 190
 8  86  69  78   2   0  13 0.00  0.0    0  5.7 17 300   M    M   1        23 300
 9  84  64  74  -2   0   9 0.00  0.0    0  3.4 10  40   M    M   0        13 340
10  84  64  74  -2   0   9 0.00  0.0    0  8.2 17 170   M    M   1        21 170
11  90  74  82   6   0  17 0.00  0.0    0 13.1 21 170   M    M   1        27 180
12  86  72  79   3   0  14    T  0.0    0  7.4 20 210   M    M   1        27 210
13  88  69  79   3   0  14 1.70  0.0    0  8.3 26 210   M    M   4 13     42 210
14  88  69  79   3   0  14 0.00  0.0    0  6.8 15 270   M    M   3 18     22 280
15  78  67  73  -3   0   8 0.00  0.0    0  6.2 14 320   M    M   2        19 340
16  80  63  72  -4   0   7    T  0.0    0  5.8 12 190   M    M   4 8      16 180
17  89  67  78   2   0  13 0.25  0.0    0  9.7 22 190   M    M   3 13     27 180
18  88  73  81   5   0  16 0.17  0.0    0  3.4 13 240   M    M   2 13X     M  M
19  89  69  79   3   0  14 0.37  0.0    0  5.2 39 230   M    M   1 13     51 230
20  89  69  79   3   0  14 0.00  0.0    0  5.6 13 220   M    M   3        17 220
21  93  71  82   6   0  17 0.48  0.0    0  9.2 30  40   M    M   1 13     41  50
22  89  70  80   4   0  15 0.42  0.0    0  5.5 22 180   M    M   2 13     28 190
23  90  75  83   8   0  18 0.00  0.0    0  5.7 14 180   M    M   0        17 350
24  93  76  85  10   0  20 0.01  0.0    0  9.5 18 200   M    M   1 13     23 200
25  87  71  79   4   0  14    T  0.0    0  3.9 12 190   M    M   2        14 360
================================================================================
SM 2112 1701         4 292  5.01     0.0 168.6          M       68
================================================================================
AV 84.5 68.0                               6.7 FASTST   M    M   3    MAX(MPH)
                                 MISC ---->  # 39 230               # 51  230
================================================================================
NOTES:
# LAST OF SEVERAL OCCURRENCES

COLUMN 17 PEAK WIND IN M.P.H.

PRELIMINARY LOCAL CLIMATOLOGICAL DATA (WS FORM: F-6) , PAGE 2

                                          STATION:  PEORIA IL
                                          MONTH:    JULY
                                          YEAR:     2016
                                          LATITUDE:   40 40 N
                                          LONGITUDE:  89 41 W

[TEMPERATURE DATA]      [PRECIPITATION DATA]       SYMBOLS USED IN COLUMN 16

AVERAGE MONTHLY: 76.3   TOTAL FOR MONTH:   5.01    1 = FOG OR MIST
DPTR FM NORMAL:   0.4   DPTR FM NORMAL:    1.87    2 = FOG REDUCING VISIBILITY
HIGHEST:    93 ON 24,21 GRTST 24HR  1.70 ON 13-13      TO 1/4 MILE OR LESS
LOWEST:     58 ON  3                               3 = THUNDER
                        SNOW, ICE PELLETS, HAIL    4 = ICE PELLETS
                        TOTAL MONTH:   0.0 INCH    5 = HAIL
                        GRTST 24HR     0.0         6 = FREEZING RAIN OR DRIZZLE
                        GRTST DEPTH:   0           7 = DUSTSTORM OR SANDSTORM:
                                                       VSBY 1/2 MILE OR LESS
                                                   8 = SMOKE OR HAZE
[NO. OF DAYS WITH]      [WEATHER - DAYS WITH]      9 = BLOWING SNOW
                                                   X = TORNADO
MAX 32 OR BELOW:   0    0.01 INCH OR MORE:  10
MAX 90 OR ABOVE:   4    0.10 INCH OR MORE:   9
MIN 32 OR BELOW:   0    0.50 INCH OR MORE:   2
MIN  0 OR BELOW:   0    1.00 INCH OR MORE:   2

[HDD (BASE 65) ]
TOTAL THIS MO.     4    CLEAR  (SCALE 0-3)  16
DPTR FM NORMAL     4    PTCLDY (SCALE 4-7)   7
TOTAL FM JUL 1     4    CLOUDY (SCALE 8-10)  2
DPTR FM NORMAL     4

[CDD (BASE 65) ]
TOTAL THIS MO.   292
DPTR FM NORMAL    23    [PRESSURE DATA]
TOTAL FM JAN 1   725    HIGHEST SLP M ON M
DPTR FM NORMAL   153    LOWEST  SLP 29.71 ON  7

[REMARKS]
