000
CXUS55 KPIH 191200
CF6PIH

PRELIMINARY LOCAL CLIMATOLOGICAL DATA (WS FORM: F-6)

                                          STATION:   POCATELLO ID
                                          MONTH:     FEBRUARY
                                          YEAR:      2017
                                          LATITUDE:   42 55 N
                                          LONGITUDE: 112 36 W

  TEMPERATURE IN F:       :PCPN:    SNOW:  WIND      :SUNSHINE: SKY     :PK WND
================================================================================
1   2   3   4   5  6A  6B    7    8   9   10  11  12  13   14  15   16   17  18
                                     12Z  AVG MX 2MIN
DY MAX MIN AVG DEP HDD CDD  WTR  SNW DPTH SPD SPD DIR MIN PSBL S-S WX    SPD DR
================================================================================

 1  37  17  27   2  38   0 0.00  0.0   11  9.1 22 290   M    M   8 18     27 290
 2  24  14  19  -7  46   0    T    T   10  4.3 13  30   M    M   9 1      14  40
 3  42  17  30   4  35   0    T    T   10  7.7 23 190   M    M   9 18     29 170
 4  43  36  40  14  25   0    T  0.0    9 12.5 30 250   M    M   8        36 250
 5  45  36  41  15  24   0    T  0.0    8 12.1 25 180   M    M   6        31 180
 6  44  33  39  13  26   0 0.16  0.2    6 21.0 59 240   M    M   8 1      71 240
 7  44  32  38  12  27   0 0.73  5.5    5 13.1 39 260   M    M   9 123    49 240
 8  45  34  40  14  25   0    T  0.0    6 17.1 29 230   M    M   4        39 240
 9  52  43  48  21  17   0 0.19  0.0    T 16.4 24 190   M    M   9 1      32 180
10  47  37  42  15  23   0 0.22  0.0    T 11.9 22 230   M    M   9 1      26 220
11  40  22  31   4  34   0 0.00  0.0    0 13.8 30 240   M    M   4        34 240
12  36  16  26  -1  39   0 0.00  0.0    0  3.1  8 340   M    M   3 12     12  30
13  34  17  26  -2  39   0 0.00  0.0    0  3.4  9 320   M    M   2 12     11 320
14  37  15  26  -2  39   0 0.00  0.0    0  2.3 10 290   M    M   0 1      13 290
15  47  16  32   4  33   0 0.00  0.0    0  4.6 12 330   M    M   0 1      14 330
16  56  23  40  12  25   0 0.06    T    0 10.2 36 230   M    M   6 3      46 220
17  46  28  37   8  28   0 0.02  0.0    0  7.3 28 180   M    M   4        35 180
18  51  41  46  17  19   0    T  0.0    0 16.6 32 180   M    M   9        40 180
================================================================================
SM  770  477       542   0  1.38     5.7 186.5          M      107
================================================================================
AV 42.8 26.5                              10.4 FASTST   M    M   6    MAX(MPH)
                                 MISC ---->  # 59 240               # 71  240
================================================================================
NOTES:
# LAST OF SEVERAL OCCURRENCES
SNOWFALL/DEPTH ALWAYS AUGMENTED BY WFO POCATELLO

COLUMN 17 PEAK WIND IN M.P.H.

PRELIMINARY LOCAL CLIMATOLOGICAL DATA (WS FORM: F-6) , PAGE 2

                                          STATION:  POCATELLO ID
                                          MONTH:    FEBRUARY
                                          YEAR:     2017
                                          LATITUDE:   42 55 N
                                          LONGITUDE: 112 36 W

[TEMPERATURE DATA]      [PRECIPITATION DATA]       SYMBOLS USED IN COLUMN 16

AVERAGE MONTHLY: 34.6   TOTAL FOR MONTH:   1.38    1 = FOG OR MIST
DPTR FM NORMAL:   7.7   DPTR FM NORMAL:    0.80    2 = FOG REDUCING VISIBILITY
HIGHEST:    56 ON 16    GRTST 24HR  0.73 ON  7- 7      TO 1/4 MILE OR LESS
LOWEST:     14 ON  2                               3 = THUNDER
                        SNOW, ICE PELLETS, HAIL    4 = ICE PELLETS
                        TOTAL MONTH:   5.7 INCHES  5 = HAIL
                        GRTST 24HR   5.5 ON  7- 7  6 = FREEZING RAIN OR DRIZZLE
                        GRTST DEPTH:  11 ON  1     7 = DUSTSTORM OR SANDSTORM:
                                                       VSBY 1/2 MILE OR LESS
                                                   8 = SMOKE OR HAZE
[NO. OF DAYS WITH]      [WEATHER - DAYS WITH]      9 = BLOWING SNOW
                                                   X = TORNADO
MAX 32 OR BELOW:   1    0.01 INCH OR MORE:   6
MAX 90 OR ABOVE:   0    0.10 INCH OR MORE:   4
MIN 32 OR BELOW:  11    0.50 INCH OR MORE:   1
MIN  0 OR BELOW:   0    1.00 INCH OR MORE:   0

[HDD (BASE 65) ]
TOTAL THIS MO.   542    CLEAR  (SCALE 0-3)   4
DPTR FM NORMAL  -144    PTCLDY (SCALE 4-7)   6
TOTAL FM JUL 1  4875    CLOUDY (SCALE 8-10)  8
DPTR FM NORMAL   -58

[CDD (BASE 65) ]
TOTAL THIS MO.     0
DPTR FM NORMAL     0    [PRESSURE DATA]
TOTAL FM JAN 1     0    HIGHEST SLP M ON M
DPTR FM NORMAL     0    LOWEST  SLP 29.47 ON 18

[REMARKS]
