000
CXUS54 KBRO 300900
CF6PIL
PRELIMINARY LOCAL CLIMATOLOGICAL DATA (WS FORM: F-6)

                                          STATION:   BAYVIEW
                                          MONTH:     JULY
                                          YEAR:      2014
                                          LATITUDE:   26 10 N
                                          LONGITUDE:  97 20 W

  TEMPERATURE IN F:       :PCPN:    SNOW:  WIND      :SUNSHINE: SKY     :PK WND
================================================================================
1   2   3   4   5  6A  6B    7    8   9   10  11  12  13   14  15   16   17  18
                                     12Z  AVG MX 2MIN
DY MAX MIN AVG DEP HDD CDD  WTR  SNW DPTH SPD SPD DIR MIN PSBL S-S WX    SPD DR
================================================================================

 1  92  79  86   1   0  21 0.00  0.0    0 14.3 25 160   M    M   2 18     33 140
 2  93  77  85   0   0  20 0.02  0.0    0  9.0 24 180   M    M   1        31 190
 3  90  74  82  -3   0  17 0.00  0.0    0  8.4 17 100   M    M   1 18     22  90
 4  90  74  82  -3   0  17 0.00  0.0    0  9.2 18  80   M    M   1 1      25  70
 5  89  73  81  -4   0  16 0.96  0.0    0  6.7 16 260   M    M   3 13     20 110
 6  93  75  84  -1   0  19 0.00  0.0    0 10.8 22 140   M    M   0 18     29 120
 7  92  78  85   0   0  20 0.00  0.0    0 11.7 23 130   M    M   2 18     30 140
 8  93  77  85   0   0  20 0.00  0.0    0 13.4 24 150   M    M   1 18     31 140
 9  91  76  84  -1   0  19    T  0.0    0 11.3 22 150   M    M   1 8      28 150
10  81  73  77  -8   0  12 0.35  0.0    0  7.9 23 190   M    M   5 138    32 190
11  89  79  84  -1   0  19 0.00  0.0    0 10.9 22 150   M    M   1 18     26 130
12  89  76  83  -2   0  18 0.00  0.0    0  8.3 17 120   M    M   0 18     23 130
13  90  76  83  -2   0  18 0.00  0.0    0  7.6 18  90   M    M   0 18     24  90
14  92  77  85   0   0  20 0.00  0.0    0 11.1 22 120   M    M   1 18     33 190
15  96  78  87   2   0  22 0.00  0.0    0 11.3 20 130   M    M   1 18     29 200
16  93  78  86   1   0  21 0.00  0.0    0 12.5 24 110   M    M   2 18     29 110
17  93  81  87   2   0  22 0.00  0.0    0 16.2 25 150   M    M   2 8      35 150
18  92  81  87   2   0  22 0.01  0.0    0 10.5 20 180   M    M   4 8      24 180
19  96  82  89   4   0  24 0.00  0.0    0 10.3 22 130   M    M   2 18     26 120
20  96  82  89   4   0  24 0.00  0.0    0 13.4 23 110   M    M   4 18     28 130
21  96  81  89   4   0  24 0.00  0.0    0 14.3 23 140   M    M   2 18     31 130
22  95  81  88   3   0  23 0.00  0.0    0 12.4 23 120   M    M   3 18     28 110
23  93  78  86   1   0  21    T  0.0    0  9.6 21 110   M    M   1 18     24 110
24  93  76  85   0   0  20 0.00  0.0    0 10.9 23 110   M    M   0 138    26 110
25  97  80  89   4   0  24 0.00  0.0    0 13.1 24 140   M    M   1 18     33 140
26  97  80  89   4   0  24 0.00  0.0    0 15.7 26 150   M    M   2 18     33 140
27  96  82  89   4   0  24 0.00  0.0    0 16.1 25 150   M    M   1 8      33 140
28  95  81  88   3   0  23 0.00  0.0    0 13.1 23 120   M    M   1 18     28 120
29  98  77  88   3   0  23 0.00  0.0    0 10.0 23 110   M    M   0 18     28 110
================================================================================
SM 2690 2262         0 597  1.34     0.0 330.0          M       45
================================================================================
AV 92.8 78.0                              11.4 FASTST   M    M   2    MAX(MPH)
                                 MISC ---->  # 26 150               # 35  150
================================================================================
NOTES:
# LAST OF SEVERAL OCCURRENCES

COLUMN 17 PEAK WIND IN M.P.H.

PRELIMINARY LOCAL CLIMATOLOGICAL DATA (WS FORM: F-6) , PAGE 2

                                          STATION:  BAYVIEW
                                          MONTH:    JULY
                                          YEAR:     2014
                                          LATITUDE:   26 10 N
                                          LONGITUDE:  97 20 W

[TEMPERATURE DATA]      [PRECIPITATION DATA]       SYMBOLS USED IN COLUMN 16

AVERAGE MONTHLY: 85.4   TOTAL FOR MONTH:   1.34    1 = FOG OR MIST
DPTR FM NORMAL:   0.4   DPTR FM NORMAL:   -0.73    2 = FOG REDUCING VISIBILITY
HIGHEST:    98 ON 29    GRTST 24HR  0.96 ON  4- 5      TO 1/4 MILE OR LESS
LOWEST:     73 ON 10, 5                            3 = THUNDER
                        SNOW, ICE PELLETS, HAIL    4 = ICE PELLETS
                        TOTAL MONTH:   0.0 INCH    5 = HAIL
                        GRTST 24HR     0.0         6 = FREEZING RAIN OR DRIZZLE
                        GRTST DEPTH:   0           7 = DUSTSTORM OR SANDSTORM:
                                                       VSBY 1/2 MILE OR LESS
                                                   8 = SMOKE OR HAZE
[NO. OF DAYS WITH]      [WEATHER - DAYS WITH]      9 = BLOWING SNOW
                                                   X = TORNADO
MAX 32 OR BELOW:   0    0.01 INCH OR MORE:   4
MAX 90 OR ABOVE:  25    0.10 INCH OR MORE:   2
MIN 32 OR BELOW:   0    0.50 INCH OR MORE:   1
MIN  0 OR BELOW:   0    1.00 INCH OR MORE:   0

[HDD (BASE 65) ]
TOTAL THIS MO.     0    CLEAR  (SCALE 0-3)  26
DPTR FM NORMAL     0    PTCLDY (SCALE 4-7)   3
TOTAL FM JUL 1     0    CLOUDY (SCALE 8-10)  0
DPTR FM NORMAL     0

[CDD (BASE 65) ]
TOTAL THIS MO.   597
DPTR FM NORMAL    17    [PRESSURE DATA]
TOTAL FM JAN 1  2209    HIGHEST SLP 30.09 ON 28
DPTR FM NORMAL    -3    LOWEST  SLP 29.78 ON 17

[REMARKS]
