411
CXUS55 KABR 221400
CF6PIR
PRELIMINARY LOCAL CLIMATOLOGICAL DATA (WS FORM: F-6)

                                          STATION:   PIERRE SD
                                          MONTH:     SEPTEMBER
                                          YEAR:      2017
                                          LATITUDE:   44 22 N
                                          LONGITUDE: 100 17 W

  TEMPERATURE IN F:       :PCPN:    SNOW:  WIND      :SUNSHINE: SKY     :PK WND
================================================================================
1   2   3   4   5  6A  6B    7    8   9   10  11  12  13   14  15   16   17  18
                                     12Z  AVG MX 2MIN
DY MAX MIN AVG DEP HDD CDD  WTR  SNW DPTH SPD SPD DIR MIN PSBL S-S WX    SPD DR
================================================================================

 1  86  65  76   7   0  11 0.17  0.0    0  7.9 17 130   M    M   3 1      24 160
 2  87  57  72   3   0   7 0.00  0.0    0  5.9 14 170   M    M   0        17 170
 3  97  55  76   7   0  11 0.00  0.0    0 10.3 24 300   M    M   2 8      29 320
 4  74  50  62  -6   3   0 0.00  0.0    0 15.5 31 350   M    M   1        38 360
 5  73  45  59  -9   6   0 0.00  0.0    0 12.0 26 330   M    M   1        36 330
 6  76  40  58  -9   7   0 0.00  0.0    0  4.3 13 330   M    M   1        25 340
 7  85  43  64  -3   1   0 0.00  0.0    0  3.5 12 240   M    M   0        14 250
 8  85  48  67   1   0   2 0.00  0.0    0 12.4 24 120   M    M   0        29 120
 9  86  61  74   8   0   9 0.00  0.0    0 15.8 26 150   M    M   0        34 110
10  90  56  73   7   0   8 0.00  0.0    0  6.6 14 140   M    M   0        17 140
11  89  63  76  11   0  11 0.00  0.0    0  9.5 18  90   M    M   0        22  90
12 100  58  79  14   0  14    T  0.0    0  8.3 23 330   M    M   1 1      27 340
13  95  61  78  14   0  13 0.00  0.0    0  6.9 17 330   M    M   0        19 320
14  86  62  74  10   0   9    T  0.0    0 12.8 25 330   M    M   0 38     34 340
15  65  53  59  -4   6   0 0.33  0.0    0 13.9 28  30   M    M  10 1      33  30
16  58  44  51 -12  14   0 0.05  0.0    0 12.7 24 310   M    M   8        31 310
17  66  38  52 -10  13   0 0.00  0.0    0  9.9 22 150   M    M   2        26 140
18  80  49  65   3   0   0 0.00  0.0    0  8.0 17 150   M    M   0        20 140
19  82  55  69   8   0   4 0.00  0.0    0 18.2 32 290   M    M   1        40 280
20  76  44  60  -1   5   0 0.00  0.0    0  9.6 28 320   M    M   0        34 320
21  89  54  72  12   0   7 0.00  0.0    0 14.7 29 150   M    M   0        36 150
================================================================================
SM 1725 1101        55 106  0.55     0.0 218.7          M       30
================================================================================
AV 82.1 52.4                              10.4 FASTST   M    M   1    MAX(MPH)
                                 MISC ---->  # 32 290               # 40  280
================================================================================
NOTES:
# LAST OF SEVERAL OCCURRENCES

COLUMN 17 PEAK WIND IN M.P.H.

PRELIMINARY LOCAL CLIMATOLOGICAL DATA (WS FORM: F-6) , PAGE 2

                                          STATION:  PIERRE SD
                                          MONTH:    SEPTEMBER
                                          YEAR:     2017
                                          LATITUDE:   44 22 N
                                          LONGITUDE: 100 17 W

[TEMPERATURE DATA]      [PRECIPITATION DATA]       SYMBOLS USED IN COLUMN 16

AVERAGE MONTHLY: 67.3   TOTAL FOR MONTH:   0.55    1 = FOG OR MIST
DPTR FM NORMAL:   2.3   DPTR FM NORMAL:   -0.72    2 = FOG REDUCING VISIBILITY
HIGHEST:   100 ON 12    GRTST 24HR  0.33 ON 15-15      TO 1/4 MILE OR LESS
LOWEST:     38 ON 17                               3 = THUNDER
                        SNOW, ICE PELLETS, HAIL    4 = ICE PELLETS
                        TOTAL MONTH:   0.0 INCH    5 = HAIL
                        GRTST 24HR     0.0         6 = FREEZING RAIN OR DRIZZLE
                        GRTST DEPTH:   0           7 = DUSTSTORM OR SANDSTORM:
                                                       VSBY 1/2 MILE OR LESS
                                                   8 = SMOKE OR HAZE
[NO. OF DAYS WITH]      [WEATHER - DAYS WITH]      9 = BLOWING SNOW
                                                   X = TORNADO
MAX 32 OR BELOW:   0    0.01 INCH OR MORE:   3
MAX 90 OR ABOVE:   4    0.10 INCH OR MORE:   2
MIN 32 OR BELOW:   0    0.50 INCH OR MORE:   0
MIN  0 OR BELOW:   0    1.00 INCH OR MORE:   0

[HDD (BASE 65) ]
TOTAL THIS MO.    55    CLEAR  (SCALE 0-3)  18
DPTR FM NORMAL   -22    PTCLDY (SCALE 4-7)   2
TOTAL FM JUL 1    60    CLOUDY (SCALE 8-10)  1
DPTR FM NORMAL   -37

[CDD (BASE 65) ]
TOTAL THIS MO.   106
DPTR FM NORMAL    27    [PRESSURE DATA]
TOTAL FM JAN 1   864    HIGHEST SLP M ON M
DPTR FM NORMAL     8    LOWEST  SLP 29.31 ON 19

[REMARKS]
