000
CXUS51 KRLX 301400
CF6PKB
PRELIMINARY LOCAL CLIMATOLOGICAL DATA (WS FORM: F-6)

                                          STATION:   PARKERSBURG WV
                                          MONTH:     OCTOBER
                                          YEAR:      2014
                                          LATITUDE:   39 20 N
                                          LONGITUDE:  81 26 W

  TEMPERATURE IN F:       :PCPN:    SNOW:  WIND      :SUNSHINE: SKY     :PK WND
================================================================================
1   2   3   4   5  6A  6B    7    8   9   10  11  12  13   14  15   16   17  18
                                     12Z  AVG MX 2MIN
DY MAX MIN AVG DEP HDD CDD  WTR  SNW DPTH SPD SPD DIR MIN PSBL S-S WX    SPD DR
================================================================================

 1  75  52  64   4   1   0 0.00    M    M  1.9  9 260   M    M   5 128    11 190
 2  84  48  66   6   0   1 0.00    M    M  1.9 12 180   M    M   4 12     16 200
 3  73  56  65   5   0   0 0.55    M    M  8.4 16 290   M    M   6 1      24 190
 4  57  42  50  -9  15   0 0.04    M    M 10.2 23 280   M    M   8 1      31 260
 5  58  37  48 -11  17   0 0.01    M    M  7.6 17 200   M    M   5        23 210
 6  65  50  58   0   7   0 0.52    M    M  9.1 17 190   M    M   6 13     25 200
 7   M   M   M   M   M   M    M    M    M   M   M   M   M    M   M 1       M  M
 8  68  44  56  -2   9   0 0.00    M    M  8.1 21 280   M    M   2 1      29 300
 9  55  39  47 -10  18   0 0.11    M    M  0.9  8 200   M    M   6 1      11 250
10  57  51  54  -3  11   0 0.41    M    M  2.3 12  40   M    M  10 1      15  40
11  65  47  56  -1   9   0 0.05    M    M  5.9 13  20   M    M   4 1      16  10
12  59  38  49  -7  16   0 0.01    M    M  3.9  8  80   M    M   5 18     14 100
13  76  58  67  11   0   2 0.12    M    M  6.1 13 150   M    M   5 1      20 150
14  77  58  68  12   0   3 0.69    M    M  8.0 24 290   M    M   4 1      35 280
15  67  53  60   4   5   0 0.11    M    M  2.8 12 270   M    M   9 1      17 270
16  61  54  58   3   7   0 0.06    M    M  4.6  9 210   M    M  10 1      14 250
17  72  53  63   8   2   0 0.00    M    M 10.4 20 210   M    M   7        29 210
18  63  46  55   0  10   0 0.02    M    M  9.3 20 280   M    M  10 1      30 310
19  59  38  49  -5  16   0 0.00    M    M  4.4 10 240   M    M   4        15 260
20  59  38  49  -5  16   0 0.04    M    M  5.5 16 190   M    M   5 1      21 210
21  53  46  50  -4  15   0 0.20    M    M  5.6 13 280   M    M   9 1      19 310
22  52  45  49  -4  16   0 0.03    M    M  6.6 13 350   M    M  10 1      20 360
23  59  39  49  -4  16   0 0.00    M    M  3.5 13 290   M    M   7 18     17 290
24  63  36  50  -3  15   0 0.00    M    M  1.2 10 290   M    M   2 128    15 270
25  68  37  53   0  12   0 0.00    M    M  5.7 17 220   M    M   2 1      26 220
26  67  38  53   1  12   0 0.00    M    M  5.2 16 290   M    M   0        22 290
27  78  35  57   5   8   0 0.00    M    M  5.0 18 190   M    M   0        25 190
28  77  56  67  15   0   2 0.44    M    M  9.5 24 280   M    M   4 1      35 270
29  62  42  52   1  13   0 0.01    M    M  6.6 17 340   M    M   6        22 270
================================================================================
SM 1829 1276       266   8  3.42    M    160.2          M      155
================================================================================
AV 65.3 45.6                               5.7 FASTST   M    M   6    MAX(MPH)
                                 MISC ---->  # 24 290               # 35  280
================================================================================
NOTES:
# LAST OF SEVERAL OCCURRENCES

COLUMN 17 PEAK WIND IN M.P.H.

PRELIMINARY LOCAL CLIMATOLOGICAL DATA (WS FORM: F-6) , PAGE 2

                                          STATION:  PARKERSBURG WV
                                          MONTH:    OCTOBER
                                          YEAR:     2014
                                          LATITUDE:   39 20 N
                                          LONGITUDE:  81 26 W

[TEMPERATURE DATA]      [PRECIPITATION DATA]       SYMBOLS USED IN COLUMN 16

AVERAGE MONTHLY: 55.4   TOTAL FOR MONTH:   3.42    1 = FOG OR MIST
DPTR FM NORMAL:  -0.2   DPTR FM NORMAL:    0.76    2 = FOG REDUCING VISIBILITY
HIGHEST:    84 ON  2    GRTST 24HR  0.71 ON 14-15      TO 1/4 MILE OR LESS
LOWEST:     35 ON 27                               3 = THUNDER
                        SNOW, ICE PELLETS, HAIL    4 = ICE PELLETS
                        TOTAL MONTH:    M          5 = HAIL
                        GRTST 24HR    M  ON   M    6 = FREEZING RAIN OR DRIZZLE
                        GRTST DEPTH:  M  ON   M    7 = DUSTSTORM OR SANDSTORM:
                                                       VSBY 1/2 MILE OR LESS
                                                   8 = SMOKE OR HAZE
[NO. OF DAYS WITH]      [WEATHER - DAYS WITH]      9 = BLOWING SNOW
                                                   X = TORNADO
MAX 32 OR BELOW:   0    0.01 INCH OR MORE:  18
MAX 90 OR ABOVE:   0    0.10 INCH OR MORE:   9
MIN 32 OR BELOW:   0    0.50 INCH OR MORE:   3
MIN  0 OR BELOW:   0    1.00 INCH OR MORE:   0

[HDD (BASE 65) ]
TOTAL THIS MO.   266    CLEAR  (SCALE 0-3)   5
DPTR FM NORMAL   -23    PTCLDY (SCALE 4-7)  16
TOTAL FM JUL 1   338    CLOUDY (SCALE 8-10)  7
DPTR FM NORMAL   -27

[CDD (BASE 65) ]
TOTAL THIS MO.     8
DPTR FM NORMAL    -5    [PRESSURE DATA]
TOTAL FM JAN 1   597    HIGHEST SLP M ON M
DPTR FM NORMAL  -352    LOWEST  SLP 29.63 ON 14

[REMARKS]
