000
CXUS53 KAPX 220631
CF6PLN
PRELIMINARY LOCAL CLIMATOLOGICAL DATA (WS FORM: F-6)

                                          STATION:   PELLSTON
                                          MONTH:     SEPTEMBER
                                          YEAR:      2017
                                          LATITUDE:   45 34 N
                                          LONGITUDE:  84 48 W

  TEMPERATURE IN F:       :PCPN:    SNOW:  WIND      :SUNSHINE: SKY     :PK WND
================================================================================
1   2   3   4   5  6A  6B    7    8   9   10  11  12  13   14  15   16   17  18
                                     12Z  AVG MX 2MIN
DY MAX MIN AVG DEP HDD CDD  WTR  SNW DPTH SPD SPD DIR MIN PSBL S-S WX    SPD DR
================================================================================

 1  67  34  51 -10  14   0 0.00    M    M  3.1 12  70   M    M   0 1      18  80
 2  70  31  51 -10  14   0    T    M    M  3.1 12 160   M    M   3 12     17 190
 3  74  51  63   3   2   0 0.00    M    M  7.1 16 220   M    M   4 1      25 210
 4  71  47  59  -1   6   0 0.18    M    M  8.9 20 320   M    M   6 13     25 300
 5  63  41  52  -8  13   0 0.11    M    M  6.3 21 310   M    M   5 12     26 320
 6  65  36  51  -9  14   0    T    M    M  6.1 20  10   M    M   6 1      23  10
 7  64  49  57  -2   8   0 0.33    M    M  7.7 17 290   M    M   8 1      25 280
 8  63  38  51  -8  14   0 0.00    M    M  4.8 14 360   M    M   2 1      17 360
 9  66  35  51  -8  14   0 0.00    M    M  1.6  9  80   M    M   1 1      13 150
10  70  36  53  -5  12   0 0.00    M    M  2.1  9 140   M    M   0 1      12 140
11  72  37  55  -3  10   0 0.00    M    M  3.9 15 250   M    M   0 1      22 260
12  81  47  64   6   1   0 0.00    M    M  2.4 12 330   M    M   0        14 310
13  81  42  62   5   3   0 0.00    M    M  2.0 12  10   M    M   0 1      15  10
14  77  48  63   6   2   0 0.00    M    M  1.6  9 220   M    M   1 12     13 250
15  82  48  65   9   0   0 0.00    M    M  3.7 13 240   M    M   3 12     18 210
16  86  57  72  16   0   7 0.00    M    M  4.2 14 220   M    M   1 12     19 220
17  81  52  67  11   0   2 0.00    M    M  6.8 16 280   M    M   5 1      25 250
18  72  41  57   2   8   0 0.00    M    M  2.8 10  30   M    M   1 1      15  10
19  74  45  60   5   5   0 0.00  0.0    M  5.2 15  80   M    M   1 1      21 130
20  82  61  72  18   0   7 0.00    M    M  6.4 17 140   M    M   6 1      23 150
21  85  60  73  19   0   8    T    M    M  3.6 20 320   M    M   6 123    27 320
================================================================================
SM 1546  936       140  24  0.62     0.0  93.4          M       59
================================================================================
AV 73.6 44.6                               4.4 FASTST   M    M   3    MAX(MPH)
                                 MISC ---->  # 21 310               # 27  320
================================================================================
NOTES:
# LAST OF SEVERAL OCCURRENCES

COLUMN 17 PEAK WIND IN M.P.H.

PRELIMINARY LOCAL CLIMATOLOGICAL DATA (WS FORM: F-6) , PAGE 2

                                          STATION:  PELLSTON
                                          MONTH:    SEPTEMBER
                                          YEAR:     2017
                                          LATITUDE:   45 34 N
                                          LONGITUDE:  84 48 W

[TEMPERATURE DATA]      [PRECIPITATION DATA]       SYMBOLS USED IN COLUMN 16

AVERAGE MONTHLY: 59.1   TOTAL FOR MONTH:   0.62    1 = FOG OR MIST
DPTR FM NORMAL:   1.3   DPTR FM NORMAL:   -1.80    2 = FOG REDUCING VISIBILITY
HIGHEST:    86 ON 16    GRTST 24HR  0.33 ON  7- 7      TO 1/4 MILE OR LESS
LOWEST:     31 ON  2                               3 = THUNDER
                        SNOW, ICE PELLETS, HAIL    4 = ICE PELLETS
                        TOTAL MONTH:   0.0 INCH    5 = HAIL
                        GRTST 24HR     0.0         6 = FREEZING RAIN OR DRIZZLE
                        GRTST DEPTH:  M  ON   M    7 = DUSTSTORM OR SANDSTORM:
                                                       VSBY 1/2 MILE OR LESS
                                                   8 = SMOKE OR HAZE
[NO. OF DAYS WITH]      [WEATHER - DAYS WITH]      9 = BLOWING SNOW
                                                   X = TORNADO
MAX 32 OR BELOW:   0    0.01 INCH OR MORE:   3
MAX 90 OR ABOVE:   0    0.10 INCH OR MORE:   3
MIN 32 OR BELOW:   1    0.50 INCH OR MORE:   0
MIN  0 OR BELOW:   0    1.00 INCH OR MORE:   0

[HDD (BASE 65) ]
TOTAL THIS MO.   140    CLEAR  (SCALE 0-3)  12
DPTR FM NORMAL   -26    PTCLDY (SCALE 4-7)   9
TOTAL FM JUL 1   246    CLOUDY (SCALE 8-10)  0
DPTR FM NORMAL   -86

[CDD (BASE 65) ]
TOTAL THIS MO.    24
DPTR FM NORMAL     8    [PRESSURE DATA]
TOTAL FM JAN 1   180    HIGHEST SLP M ON M
DPTR FM NORMAL   -37    LOWEST  SLP 29.57 ON  4

[REMARKS]
