000
CXUS55 KLOX 271655
CF6PMD
PRELIMINARY LOCAL CLIMATOLOGICAL DATA (WS FORM: F-6)

                                          STATION:   PALMDALE AIRPORT CA
                                          MONTH:     MARCH
                                          YEAR:      2017
                                          LATITUDE:   34 37 N
                                          LONGITUDE: 118  5 W

  TEMPERATURE IN F:       :PCPN:    SNOW:  WIND      :SUNSHINE: SKY     :PK WND
================================================================================
1   2   3   4   5  6A  6B    7    8   9   10  11  12  13   14  15   16   17  18
                                     12Z  AVG MX 2MIN
DY MAX MIN AVG DEP HDD CDD  WTR  SNW DPTH SPD SPD DIR MIN PSBL S-S WX    SPD DR
================================================================================

 1  62  30  46  -5  19   0 0.00  0.0    0  7.7 22  80   M    M   0        28  50
 2  68  32  50  -1  15   0 0.00  0.0    0  6.9 25  60   M    M   0        31  50
 3  69  31  50  -1  15   0 0.00  0.0    0  3.3 10 200   M    M   0        11 190
 4  68  40  54   2  11   0 0.00  0.0    0 10.3 29 240   M    M   0        32 230
 5  55  40  48  -4  17   0    T    M    0 20.6 35 240   M    M   4 8      45 240
 6  54  32  43  -9  22   0 0.00  0.0    0 12.7 28 290   M    M   0        30 280
 7  62  33  48  -4  17   0 0.00  0.0    0  3.0  9 200   M    M   0        12  30
 8  71  38  55   3  10   0 0.00  0.0    0  4.5 12  20   M    M   0        17  30
 9  78  39  59   7   6   0 0.00  0.0    0  4.9 12 200   M    M   0        12 200
10  79  45  62  10   3   0 0.00  0.0    0  4.2 13 260   M    M   0        15 270
11  80  43  62  10   3   0 0.00  0.0    0  5.4 13 320   M    M   0        16  30
12  82  44  63  10   2   0 0.00  0.0    0  5.0 13  20   M    M   0        17  30
13  84  45  65  12   0   0 0.00  0.0    0  2.8 10 260   M    M   0        11 260
14  84  46  65  12   0   0 0.00    M    0  7.0 23 250   M    M   0        28 250
15  83  53  68  15   0   3 0.00  0.0    0 10.3 24 260   M    M   0        28 260
16  84  50  67  14   0   2 0.00  0.0    0  6.6 16 260   M    M   0        19 230
17  82  47  65  12   0   0 0.00  0.0    0  3.9 12 250   M    M   0        16 310
18  83  51  67  14   0   2 0.00  0.0    0  8.8 25 230   M    M   0        29 230
19  84  46  65  12   0   0 0.00  0.0    0  8.4 22 190   M    M   0        25 190
20  71  51  61   8   4   0 0.00  0.0    0 10.5 22 220   M    M   0 8      29 210
21  62  54  58   4   7   0    T  0.0    0 13.0 26 250   M    M   4        34 230
22  64  46  55   1  10   0 0.02    M    0 16.1 37 290   M    M   2 38     42 290
23  64  42  53  -1  12   0 0.00  0.0    0 13.6 24 280   M    M   0        30 280
24  74  41  58   4   7   0 0.00  0.0    0 10.7 24 240   M    M   0        29 250
25  65  47  56   2   9   0    T    M    0 13.4 30 290   M    M   3        36 290
26  70  41  56   2   9   0 0.00  0.0    0  9.2 24 310   M    M   0        32 260
================================================================================
SM 1882 1107       198   7  0.02     0.0 222.8          M       13
================================================================================
AV 72.4 42.6                               8.6 FASTST   M    M   1    MAX(MPH)
                                 MISC ---->  # 37 290               # 45  240
================================================================================
NOTES:
# LAST OF SEVERAL OCCURRENCES

COLUMN 17 PEAK WIND IN M.P.H.

PRELIMINARY LOCAL CLIMATOLOGICAL DATA (WS FORM: F-6) , PAGE 2

                                          STATION:  PALMDALE AIRPORT CA
                                          MONTH:    MARCH
                                          YEAR:     2017
                                          LATITUDE:   34 37 N
                                          LONGITUDE: 118  5 W

[TEMPERATURE DATA]      [PRECIPITATION DATA]       SYMBOLS USED IN COLUMN 16

AVERAGE MONTHLY: 57.5   TOTAL FOR MONTH:   0.02    1 = FOG OR MIST
DPTR FM NORMAL:   4.8   DPTR FM NORMAL:   -1.08    2 = FOG REDUCING VISIBILITY
HIGHEST:    84 ON 19,16 GRTST 24HR  0.02 ON 22-22      TO 1/4 MILE OR LESS
LOWEST:     30 ON  1                               3 = THUNDER
                        SNOW, ICE PELLETS, HAIL    4 = ICE PELLETS
                        TOTAL MONTH:   0.0 INCH    5 = HAIL
                        GRTST 24HR     0.0         6 = FREEZING RAIN OR DRIZZLE
                        GRTST DEPTH:   0           7 = DUSTSTORM OR SANDSTORM:
                                                       VSBY 1/2 MILE OR LESS
                                                   8 = SMOKE OR HAZE
[NO. OF DAYS WITH]      [WEATHER - DAYS WITH]      9 = BLOWING SNOW
                                                   X = TORNADO
MAX 32 OR BELOW:   0    0.01 INCH OR MORE:   1
MAX 90 OR ABOVE:   0    0.10 INCH OR MORE:   0
MIN 32 OR BELOW:   4    0.50 INCH OR MORE:   0
MIN  0 OR BELOW:   0    1.00 INCH OR MORE:   0

[HDD (BASE 65) ]
TOTAL THIS MO.   198    CLEAR  (SCALE 0-3)  24
DPTR FM NORMAL  -123    PTCLDY (SCALE 4-7)   2
TOTAL FM JUL 1  2107    CLOUDY (SCALE 8-10)  0
DPTR FM NORMAL  -459

[CDD (BASE 65) ]
TOTAL THIS MO.     7
DPTR FM NORMAL     7    [PRESSURE DATA]
TOTAL FM JAN 1     7    HIGHEST SLP M ON M
DPTR FM NORMAL     7    LOWEST  SLP 29.90 ON M

[REMARKS]
