000
CXUS52 KMFL 251000
CF6PMP
PRELIMINARY LOCAL CLIMATOLOGICAL DATA (WS FORM: F-6)

                                          STATION:   POMPANO BEACH ARPK
                                          MONTH:     JULY
                                          YEAR:      2014
                                          LATITUDE:   26 14 N
                                          LONGITUDE:  80  7 W

  TEMPERATURE IN F:       :PCPN:    SNOW:  WIND      :SUNSHINE: SKY     :PK WND
================================================================================
1   2   3   4   5  6A  6B    7    8   9   10  11  12  13   14  15   16   17  18
                                     12Z  AVG MX 2MIN
DY MAX MIN AVG DEP HDD CDD  WTR  SNW DPTH SPD SPD DIR MIN PSBL S-S WX    SPD DR
================================================================================

 1  90  78  84   2   0  19    T  0.0    0 16.1 17 280   M    M   3 3      17 280
 2  94  75  85   3   0  20 0.24  0.0    0  8.7 14 220   M    M   2 138    16 180
 3  93  79  86   4   0  21    T  0.0    0  9.1 26 180   M    M   1 3      35 180
 4  91  75  83   1   0  18 0.00  0.0    0  7.7 20 150   M    M   4 138    20 150
 5  87  76  82   0   0  17 0.02  0.0    0  5.1 12 130   M    M   5 138     M  M
 6  85  77  81  -1   0  16 0.11  0.0    0  6.5 20 240   M    M   5 13     26 240
 7  89  78  84   2   0  19 0.20  0.0    0  6.3 14 130   M    M   5 13     17 140
 8  88  76  82   0   0  17 0.67  0.0    0  5.4 13 130   M    M   3 13      M  M
 9  91  74  83   1   0  18 1.71  0.0    0  3.6 25  30   M    M   3 138    35  30
10  89  74  82  -1   0  17 0.04  0.0    0  5.1 17 170   M    M   4 13     25 120
11  89  78  84   1   0  19 0.00  0.0    0  9.8 14 100   M    M   2         M  M
12  90  79  85   2   0  20    T  0.0    0  9.5 20 310   M    M   3 3      24 310
13  88  78  83   0   0  18 0.15  0.0    0 10.9 20 140   M    M   4 138    24 110
14  90  80  85   2   0  20 0.00  0.0    0  5.9 16 130   M    M   3 3      21 130
15  90  78  84   1   0  19 0.07  0.0    0  4.4 20 150   M    M   3 13     25 140
16  92  76  84   1   0  19 0.49  0.0    0  5.8 32 280   M    M   4 138    39 280
17  89  74  82  -1   0  17 0.28  0.0    0  5.2 30 310   M    M   4 13     36 300
18  94  76  85   2   0  20    T  0.0    0  7.5 15  80   M    M   3        17 330
19  90  77  84   1   0  19    T  0.0    0  9.5 13  90   M    M   3 3       M  M
20  90  79  85   2   0  20 0.00  0.0    0  8.1 12  80   M    M   2 3       M  M
21  91  78  85   2   0  20 0.03  0.0    0  6.5 23 140   M    M   5 3      30 150
22   M   M   M   M   M   M 0.03    M    0  5.5 13 140   M    M   6 13      M  M
23  88  78  83   0   0  18 0.50  0.0    0  8.1 17 210   M    M   4 3      18 140
24  90  78  84   1   0  19 0.01  0.0    0  6.1 16 300   M    M   1 3      20 140
================================================================================
SM 2068 1771         0 430  4.55     0.0 176.4          M       82
================================================================================
AV 89.9 77.0                               7.4 FASTST   M    M   3    MAX(MPH)
                                 MISC ---->  # 32 280               # 39  280
================================================================================
NOTES:
# LAST OF SEVERAL OCCURRENCES

COLUMN 17 PEAK WIND IN M.P.H.

PRELIMINARY LOCAL CLIMATOLOGICAL DATA (WS FORM: F-6) , PAGE 2

                                          STATION:  POMPANO BEACH ARPK
                                          MONTH:    JULY
                                          YEAR:     2014
                                          LATITUDE:   26 14 N
                                          LONGITUDE:  80  7 W

[TEMPERATURE DATA]      [PRECIPITATION DATA]       SYMBOLS USED IN COLUMN 16

AVERAGE MONTHLY: 83.5   TOTAL FOR MONTH:   4.55    1 = FOG OR MIST
DPTR FM NORMAL:   0.8   DPTR FM NORMAL:   -0.27    2 = FOG REDUCING VISIBILITY
HIGHEST:    94 ON 18, 2 GRTST 24HR  1.71 ON  9- 9      TO 1/4 MILE OR LESS
LOWEST:     74 ON 17,10                            3 = THUNDER
                        SNOW, ICE PELLETS, HAIL    4 = ICE PELLETS
                        TOTAL MONTH:   0.0 INCH    5 = HAIL
                        GRTST 24HR     0.0         6 = FREEZING RAIN OR DRIZZLE
                        GRTST DEPTH:   0           7 = DUSTSTORM OR SANDSTORM:
                                                       VSBY 1/2 MILE OR LESS
                                                   8 = SMOKE OR HAZE
[NO. OF DAYS WITH]      [WEATHER - DAYS WITH]      9 = BLOWING SNOW
                                                   X = TORNADO
MAX 32 OR BELOW:   0    0.01 INCH OR MORE:  15
MAX 90 OR ABOVE:  14    0.10 INCH OR MORE:   9
MIN 32 OR BELOW:   0    0.50 INCH OR MORE:   3
MIN  0 OR BELOW:   0    1.00 INCH OR MORE:   1

[HDD (BASE 65) ]
TOTAL THIS MO.     0    CLEAR  (SCALE 0-3)  11
DPTR FM NORMAL     0    PTCLDY (SCALE 4-7)  13
TOTAL FM JUL 1     0    CLOUDY (SCALE 8-10)  0
DPTR FM NORMAL     0

[CDD (BASE 65) ]
TOTAL THIS MO.   430
DPTR FM NORMAL     6    [PRESSURE DATA]
TOTAL FM JAN 1  2439    HIGHEST SLP M ON M
DPTR FM NORMAL   329    LOWEST  SLP 29.85 ON  1

[REMARKS]
