000
CXUS55 KALY 270710
CF6POU
PRELIMINARY LOCAL CLIMATOLOGICAL DATA (WS FORM: F-6)

                                          STATION:   POUGHKEEPSIE NY
                                          MONTH:     MAY
                                          YEAR:      2017
                                          LATITUDE:   41 37 N
                                          LONGITUDE:  73 53 W

  TEMPERATURE IN F:       :PCPN:    SNOW:  WIND      :SUNSHINE: SKY     :PK WND
================================================================================
1   2   3   4   5  6A  6B    7    8   9   10  11  12  13   14  15   16   17  18
                                     12Z  AVG MX 2MIN
DY MAX MIN AVG DEP HDD CDD  WTR  SNW DPTH SPD SPD DIR MIN PSBL S-S WX    SPD DR
================================================================================

 1  72  47  60   6   5   0    T    M    M  3.8 14 130   M    M   8 13     18 170
 2  71  56  64   9   1   0 0.03    M    M  9.7 31 240   M    M   9 18     42 240
 3  62  38  50  -5  15   0 0.00    M    M  9.9 23 270   M    M   4        31 270
 4  65  32  49  -6  16   0 0.00    M    M  4.5 15 150   M    M   1        23 180
 5  58  46  52  -4  13   0 1.13    M    M  5.0 25  80   M    M  10 1      35 100
 6  66  51  59   3   6   0 0.31    M    M  7.8 22 160   M    M   8 13     32 170
 7  55  43  49  -7  16   0    T    M    M  6.9 18 250   M    M  10 1      24 250
 8  53  36  45 -11  20   0 0.00    M    M  6.4 20 310   M    M   6        26 300
 9  56  35  46 -11  19   0 0.00    M    M  4.1 14  30   M    M   8        17  40
10  59  34  47 -10  18   0 0.00    M    M  3.8 14  10   M    M   4        18  30
11  64  32  48  -9  17   0 0.00    M    M  2.6 12  10   M    M   2 1      16  10
12  67  39  53  -5  12   0 0.00    M    M  3.5 13 190   M    M   3        20 190
13  52  45  49  -9  16   0    M    M    M  4.1 14  90   M    M  10 1      18 120
14  64  42  53  -5  12   0    T    M    M  6.4 16 330   M    M   6 13     23 340
15  67  47  57  -1   8   0 0.00    M    M 12.1 24 310   M    M   5        37 290
16  78  40  59   0   6   0 0.00    M    M  3.3 15 250   M    M   2        19 250
17  92  49  71  12   0   6 0.00    M    M  5.8 21 240   M    M   0        28 240
18  93  64  79  20   0  14    T    M    M  7.1 24 320   M    M   1 3      33 330
19  89  58  74  14   0   9 0.00    M    M 10.2 22 270   M    M   0        31 230
20  70  46  58  -2   7   0 0.00    M    M  5.3 15 360   M    M   3        19 360
21  71  42  57  -3   8   0 0.00    M    M  4.8 13 180   M    M   2        22 170
22  59  54  57  -4   8   0 0.10    M    M  3.6 10 160   M    M  10 1      14 150
23  67  49  58  -3   7   0 0.00    M    M  1.6  9  10   M    M   2 12     13  40
24  74  52  63   2   2   0 0.00    M    M  3.3 14 110   M    M   3        22 120
25  60  54  57  -4   8   0 0.28    M    M  5.6 14  20   M    M   5 1      19  90
26  72  53  63   1   2   0 0.31    M    M  4.6 17 270   M    M  10 1      28 250
================================================================================
SM 1756 1184       242  29  2.16    M    145.8          M      132
================================================================================
AV 67.5 45.5                               5.6 FASTST   M    M   5    MAX(MPH)
                                 MISC ---->  # 31 240               # 42  240
================================================================================
NOTES:
# LAST OF SEVERAL OCCURRENCES

COLUMN 17 PEAK WIND IN M.P.H.

PRELIMINARY LOCAL CLIMATOLOGICAL DATA (WS FORM: F-6) , PAGE 2

                                          STATION:  POUGHKEEPSIE NY
                                          MONTH:    MAY
                                          YEAR:     2017
                                          LATITUDE:   41 37 N
                                          LONGITUDE:  73 53 W

[TEMPERATURE DATA]      [PRECIPITATION DATA]       SYMBOLS USED IN COLUMN 16

AVERAGE MONTHLY: 56.5   TOTAL FOR MONTH:   2.16    1 = FOG OR MIST
DPTR FM NORMAL:  -1.5   DPTR FM NORMAL:   -1.47    2 = FOG REDUCING VISIBILITY
HIGHEST:    93 ON 18    GRTST 24HR  1.13 ON  5- 5      TO 1/4 MILE OR LESS
LOWEST:     32 ON 11, 4                            3 = THUNDER
                        SNOW, ICE PELLETS, HAIL    4 = ICE PELLETS
                        TOTAL MONTH:    M          5 = HAIL
                        GRTST 24HR    M  ON   M    6 = FREEZING RAIN OR DRIZZLE
                        GRTST DEPTH:  M  ON   M    7 = DUSTSTORM OR SANDSTORM:
                                                       VSBY 1/2 MILE OR LESS
                                                   8 = SMOKE OR HAZE
[NO. OF DAYS WITH]      [WEATHER - DAYS WITH]      9 = BLOWING SNOW
                                                   X = TORNADO
MAX 32 OR BELOW:   0    0.01 INCH OR MORE:   6
MAX 90 OR ABOVE:   2    0.10 INCH OR MORE:   5
MIN 32 OR BELOW:   2    0.50 INCH OR MORE:   1
MIN  0 OR BELOW:   0    1.00 INCH OR MORE:   1

[HDD (BASE 65) ]
TOTAL THIS MO.   242    CLEAR  (SCALE 0-3)  10
DPTR FM NORMAL    40    PTCLDY (SCALE 4-7)   9
TOTAL FM JUL 1  5646    CLOUDY (SCALE 8-10)  7
DPTR FM NORMAL  -495

[CDD (BASE 65) ]
TOTAL THIS MO.    29
DPTR FM NORMAL     7    [PRESSURE DATA]
TOTAL FM JAN 1    46    HIGHEST SLP M ON M
DPTR FM NORMAL    19    LOWEST  SLP 29.32 ON  6

[REMARKS]
