000
CXUS56 KFGZ 260900
CF6PRC
PRELIMINARY LOCAL CLIMATOLOGICAL DATA (WS FORM: F-6)

                                          STATION:   PRESCOTT AZ AIRPORT
                                          MONTH:     FEBRUARY
                                          YEAR:      2015
                                          LATITUDE:   34 39 N
                                          LONGITUDE: 112 26 W

  TEMPERATURE IN F:       :PCPN:    SNOW:  WIND      :SUNSHINE: SKY     :PK WND
================================================================================
1   2   3   4   5  6A  6B    7    8   9   10  11  12  13   14  15   16   17  18
                                     12Z  AVG MX 2MIN
DY MAX MIN AVG DEP HDD CDD  WTR  SNW DPTH SPD SPD DIR MIN PSBL S-S WX    SPD DR
================================================================================

 1  60  30  45   5  20   0 0.00    M    M  4.5 10 320   M    M   0        13 330
 2  67  30  49   9  16   0 0.00    M    M  6.0 17 360   M    M   0        24 350
 3  69  33  51  11  14   0 0.00    M    M  5.7 15 280   M    M   0        17 270
 4  69  33  51  11  14   0 0.00    M    M  6.4 15 350   M    M   0        21 360
 5  72  31  52  12  13   0 0.00    M    M  4.4 13 140   M    M   0        16 140
 6  71  31  51  11  14   0 0.00    M    M  6.6 14 230   M    M   0        17 200
 7  69  33  51  11  14   0 0.00    M    M  6.6 16 250   M    M   0        19 240
 8  71  37  54  13  11   0 0.00    M    M  4.7 12 260   M    M   1        16 250
 9  72  37  55  14  10   0 0.00    M    M  7.5 17 230   M    M   0        22 220
10  68  31  50   9  15   0 0.00    M    M  6.9 18 320   M    M   0        23 320
11  63  30  47   6  18   0 0.00    M    M  7.5 20  40   M    M   0        25  50
12  65  32  49   8  16   0 0.00    M    M  4.3 14 150   M    M   0        22 150
13  70  31  51  10  14   0 0.00    M    M  4.4 16 150   M    M   0        20 140
14  71  34  53  12  12   0 0.00    M    M  4.5 12 200   M    M   0        13 200
15  68  38  53  11  12   0 0.00    M    M  5.4 17 250   M    M   0        21 240
16  65  29  47   5  18   0 0.00    M    M  8.9 25 260   M    M   0        33 250
17  60  27  44   2  21   0 0.00  0.0    M  5.3 13 320   M    M   0        17 300
18  71  30  51   9  14   0 0.00    M    M  6.0 14 200   M    M   0        17  20
19  72  34  53  11  12   0 0.00    M    M  6.1 16 250   M    M   0        19 230
20  66  40  53  11  12   0 0.00    M    M  6.6 21 250   M    M   0        27 240
21  65  35  50   8  15   0 0.00    M    M  9.5 22 230   M    M   0        28 220
22  57  43  50   7  15   0 0.11    M    M 10.6 22 210   M    M   3        33 180
23  48  34  41  -2  24   0 0.51    M    M  9.9 25 250   M    M   8 18     33 250
24  48  31  40  -3  25   0 0.00    M    M  9.8 31 350   M    M   3        36 360
25  63  28  46   3  19   0 0.00    M    M  7.5 25 320   M    M   0        30 330
================================================================================
SM 1640  822       388   0  0.62     0.0 165.6          M       15
================================================================================
AV 65.6 32.9                               6.6 FASTST   M    M   1    MAX(MPH)
                                 MISC ---->  # 31 350               # 36  360
================================================================================
NOTES:
# LAST OF SEVERAL OCCURRENCES

COLUMN 17 PEAK WIND IN M.P.H.

PRELIMINARY LOCAL CLIMATOLOGICAL DATA (WS FORM: F-6) , PAGE 2

                                          STATION:  PRESCOTT AZ AIRPORT
                                          MONTH:    FEBRUARY
                                          YEAR:     2015
                                          LATITUDE:   34 39 N
                                          LONGITUDE: 112 26 W

[TEMPERATURE DATA]      [PRECIPITATION DATA]       SYMBOLS USED IN COLUMN 16

AVERAGE MONTHLY: 49.2   TOTAL FOR MONTH:   0.62    1 = FOG OR MIST
DPTR FM NORMAL:   7.9   DPTR FM NORMAL:   -0.62    2 = FOG REDUCING VISIBILITY
HIGHEST:    72 ON 19, 9 GRTST 24HR  0.51 ON 23-23      TO 1/4 MILE OR LESS
LOWEST:     27 ON 17                               3 = THUNDER
                        SNOW, ICE PELLETS, HAIL    4 = ICE PELLETS
                        TOTAL MONTH:   0.0 INCH    5 = HAIL
                        GRTST 24HR     0.0         6 = FREEZING RAIN OR DRIZZLE
                        GRTST DEPTH:  M  ON   M    7 = DUSTSTORM OR SANDSTORM:
                                                       VSBY 1/2 MILE OR LESS
                                                   8 = SMOKE OR HAZE
[NO. OF DAYS WITH]      [WEATHER - DAYS WITH]      9 = BLOWING SNOW
                                                   X = TORNADO
MAX 32 OR BELOW:   0    0.01 INCH OR MORE:   2
MAX 90 OR ABOVE:   0    0.10 INCH OR MORE:   2
MIN 32 OR BELOW:  13    0.50 INCH OR MORE:   1
MIN  0 OR BELOW:   0    1.00 INCH OR MORE:   0

[HDD (BASE 65) ]
TOTAL THIS MO.   388    CLEAR  (SCALE 0-3)  23
DPTR FM NORMAL  -203    PTCLDY (SCALE 4-7)   2
TOTAL FM JUL 1  2480    CLOUDY (SCALE 8-10)  0
DPTR FM NORMAL  -628

[CDD (BASE 65) ]
TOTAL THIS MO.     0
DPTR FM NORMAL     0    [PRESSURE DATA]
TOTAL FM JAN 1     0    HIGHEST SLP M ON M
DPTR FM NORMAL     0    LOWEST  SLP 29.73 ON 23

[REMARKS]
