000
CXUS56 KFGZ 280900
CF6PRC
PRELIMINARY LOCAL CLIMATOLOGICAL DATA (WS FORM: F-6)

                                          STATION:   PRESCOTT AZ AIRPORT
                                          MONTH:     SEPTEMBER
                                          YEAR:      2016
                                          LATITUDE:   34 39 N
                                          LONGITUDE: 112 26 W

  TEMPERATURE IN F:       :PCPN:    SNOW:  WIND      :SUNSHINE: SKY     :PK WND
================================================================================
1   2   3   4   5  6A  6B    7    8   9   10  11  12  13   14  15   16   17  18
                                     12Z  AVG MX 2MIN
DY MAX MIN AVG DEP HDD CDD  WTR  SNW DPTH SPD SPD DIR MIN PSBL S-S WX    SPD DR
================================================================================

 1  82  63  73   1   0   8 0.72    M    M  5.2 22 220   M    M   6 138    27 220
 2  79  59  69  -3   0   4 0.21    M    M  5.8 14 260   M    M   3 13     17 250
 3  83  61  72   1   0   7 0.00    M    M  8.0 20 200   M    M   2        27 200
 4  80  53  67  -4   0   2 0.00    M    M  8.7 22 210   M    M   0        28 220
 5  83  50  67  -4   0   2 0.00    M    M  8.3 17 210   M    M   0        24 200
 6  82  51  67  -4   0   2 0.00    M    M  6.9 16 200   M    M   0 8      20 220
 7  77  62  70   0   0   5    T    M    M  5.4 15 150   M    M   2        20 130
 8  83  58  71   1   0   6 0.00    M    M  5.9 17 240   M    M   1        20 240
 9  86  56  71   1   0   6 0.00    M    M  3.8 12 190   M    M   1        13 190
10  90  57  74   4   0   9 0.00    M    M  6.6 17 220   M    M   1 3      27 240
11  86  59  73   4   0   8 0.00    M    M  7.3 23 250   M    M   1        31 280
12  81  60  71   2   0   6 0.00    M    M 10.3 26 220   M    M   2        36 220
13  77  58  68  -1   0   3 0.00    M    M 12.8 26 200   M    M   2        35 180
14  79  52  66  -2   0   1 0.00    M    M  8.4 23 230   M    M   0        30 200
15  80  44  62  -6   3   0 0.00    M    M  7.5 17 250   M    M   0        25 220
16  81  44  63  -5   2   0 0.00    M    M  5.6 13 250   M    M   0        15 250
17  84  45  65  -2   0   0 0.00    M    M  5.1 13 310   M    M   0        16 300
18  88  48  68   1   0   3 0.00    M    M  5.0 13 290   M    M   0        16 280
19  87  50  69   2   0   4 0.00    M    M  5.4 20 150   M    M   0        22 140
20  74  58  66   0   0   1 1.03  0.0    0  3.8 28 150   M    M   9 1      36 140
21  80  57  69   3   0   4    T  0.0    0  4.9 18 210   M    M   6 1      24 220
22  70  59  65  -1   0   0 0.10    M    M 12.9 25 200   M    M   6 1      36 200
23  68  42  55 -10  10   0 0.00    M    M  6.9 18 280   M    M   1 8      23 310
24  73  41  57  -8   8   0 0.00    M    M  5.9 17 340   M    M   0        25 330
25  75  46  61  -3   4   0 0.00    M    M  7.8 25  40   M    M   0        35  40
26  79  48  64   0   1   0 0.00    M    M  6.7 18  70   M    M   1        27  80
27  71  55  63  -1   2   0 0.01    M    M  4.9 20 120   M    M   4        29 120
================================================================================
SM 2158 1436        30  81  2.07     0.0 185.8          M       48
================================================================================
AV 79.9 53.2                               6.9 FASTST   M    M   2    MAX(MPH)
                                 MISC ---->  # 28 150               # 36  220
================================================================================
NOTES:
# LAST OF SEVERAL OCCURRENCES

COLUMN 17 PEAK WIND IN M.P.H.

PRELIMINARY LOCAL CLIMATOLOGICAL DATA (WS FORM: F-6) , PAGE 2

                                          STATION:  PRESCOTT AZ AIRPORT
                                          MONTH:    SEPTEMBER
                                          YEAR:     2016
                                          LATITUDE:   34 39 N
                                          LONGITUDE: 112 26 W

[TEMPERATURE DATA]      [PRECIPITATION DATA]       SYMBOLS USED IN COLUMN 16

AVERAGE MONTHLY: 66.6   TOTAL FOR MONTH:   2.07    1 = FOG OR MIST
DPTR FM NORMAL:  -1.6   DPTR FM NORMAL:    0.68    2 = FOG REDUCING VISIBILITY
HIGHEST:    90 ON 10    GRTST 24HR  1.03 ON 20-20      TO 1/4 MILE OR LESS
LOWEST:     41 ON 24                               3 = THUNDER
                        SNOW, ICE PELLETS, HAIL    4 = ICE PELLETS
                        TOTAL MONTH:   0.0 INCH    5 = HAIL
                        GRTST 24HR     0.0         6 = FREEZING RAIN OR DRIZZLE
                        GRTST DEPTH:   0           7 = DUSTSTORM OR SANDSTORM:
                                                       VSBY 1/2 MILE OR LESS
                                                   8 = SMOKE OR HAZE
[NO. OF DAYS WITH]      [WEATHER - DAYS WITH]      9 = BLOWING SNOW
                                                   X = TORNADO
MAX 32 OR BELOW:   0    0.01 INCH OR MORE:   5
MAX 90 OR ABOVE:   1    0.10 INCH OR MORE:   4
MIN 32 OR BELOW:   0    0.50 INCH OR MORE:   2
MIN  0 OR BELOW:   0    1.00 INCH OR MORE:   1

[HDD (BASE 65) ]
TOTAL THIS MO.    30    CLEAR  (SCALE 0-3)  22
DPTR FM NORMAL     5    PTCLDY (SCALE 4-7)   4
TOTAL FM JUL 1    30    CLOUDY (SCALE 8-10)  1
DPTR FM NORMAL     4

[CDD (BASE 65) ]
TOTAL THIS MO.    81
DPTR FM NORMAL   -30    [PRESSURE DATA]
TOTAL FM JAN 1  1090    HIGHEST SLP M ON M
DPTR FM NORMAL   158    LOWEST  SLP 29.70 ON 23

[REMARKS]
