000
CXUS56 KPDT 290532
CF6PSC
PRELIMINARY LOCAL CLIMATOLOGICAL DATA (WS FORM: F-6)

                                          STATION:   PASCO WA
                                          MONTH:     SEPTEMBER
                                          YEAR:      2016
                                          LATITUDE:   46 16 N
                                          LONGITUDE: 119  7 W

  TEMPERATURE IN F:       :PCPN:    SNOW:  WIND      :SUNSHINE: SKY     :PK WND
================================================================================
1   2   3   4   5  6A  6B    7    8   9   10  11  12  13   14  15   16   17  18
                                     12Z  AVG MX 2MIN
DY MAX MIN AVG DEP HDD CDD  WTR  SNW DPTH SPD SPD DIR MIN PSBL S-S WX    SPD DR
================================================================================

 1  78  57  68  -1   0   3    T  0.0    0  7.8 25 290   M    M   2        31 280
 2  78  56  67  -1   0   2 0.01  0.0    0  9.3 23 200   M    M   5        37 210
 3  75  45  60  -8   5   0 0.00  0.0    0  3.1 10  10   M    M   1        15 350
 4  78  45  62  -6   3   0 0.00  0.0    0  4.3 15 240   M    M   0        21 240
 5  77  47  62  -5   3   0 0.00  0.0    0  6.6 17 230   M    M   1        24 240
 6  70  54  62  -5   3   0 0.23  0.0    0  5.4 14 200   M    M   5 18     21 210
 7  80  52  66  -1   0   1 0.00  0.0    0  6.6 17 210   M    M   3        23 220
 8  83  53  68   2   0   3 0.00  0.0    0 11.4 21 320   M    M   1        28 320
 9  79  42  61  -5   4   0 0.00  0.0    0  3.0 13 320   M    M   0 8      15 320
10  92  44  68   2   0   3 0.00  0.0    0  6.8 17 300   M    M   0 8      22 300
11  80  52  66   1   0   1 0.00  0.0    0  5.4 16  10   M    M   1        22  10
12  78  48  63  -2   2   0 0.00  0.0    0 11.3 24  20   M    M   0        31  10
13  78  40  59  -5   6   0 0.00  0.0    0  5.5 14 360   M    M   0 8      17 310
14  82  36  59  -5   6   0 0.00  0.0    0  4.7 13 140   M    M   0 1      20 230
15  86  43  65   1   0   0 0.00  0.0    0  2.1  8  90   M    M   0 8      10 150
16  92  43  68   5   0   3 0.00  0.0    0  4.8 16 210   M    M   0 18     19 220
17  74  64  69   6   0   4    T  0.0    0 16.0 30 230   M    M   7        37 220
18  79  50  65   2   0   0 0.00  0.0    0  7.2 24 230   M    M   2        30 230
19  72  43  58  -4   7   0 0.00  0.0    0  7.7 20 220   M    M   0        24 220
20  73  43  58  -4   7   0 0.00  0.0    0  3.7 10 340   M    M   0        16  10
21  73  39  56  -6   9   0 0.00  0.0    0  4.1 14 350   M    M   0        17 360
22  71  42  57  -4   8   0 0.00  0.0    0  5.2 17 130   M    M   4        20 130
23  67  46  57  -4   8   0    T  0.0    0 10.2 23 220   M    M   3        29 210
24  74  40  57  -3   8   0 0.00  0.0    0  4.4 12 230   M    M   0        17 270
25  85  47  66   6   0   1 0.00    M    0  3.0  8 330   M    M   1 8      10  70
26  84  47  66   6   0   1 0.00    M    0  4.0  9 360   M    M   0 18     13 340
27  86  48  67   8   0   2 0.00  0.0    0  2.7 10 200   M    M   0 1      16 180
================================================================================
SM 2124 1266        79  24  0.24     0.0 166.3          M       36
================================================================================
AV 78.7 46.9                               6.2 FASTST   M    M   1    MAX(MPH)
                                 MISC ---->  # 30 230               # 37  210
================================================================================
NOTES:
# LAST OF SEVERAL OCCURRENCES

COLUMN 17 PEAK WIND IN M.P.H.

PRELIMINARY LOCAL CLIMATOLOGICAL DATA (WS FORM: F-6) , PAGE 2

                                          STATION:  PASCO WA
                                          MONTH:    SEPTEMBER
                                          YEAR:     2016
                                          LATITUDE:   46 16 N
                                          LONGITUDE: 119  7 W

[TEMPERATURE DATA]      [PRECIPITATION DATA]       SYMBOLS USED IN COLUMN 16

AVERAGE MONTHLY: 62.8   TOTAL FOR MONTH:   0.24    1 = FOG OR MIST
DPTR FM NORMAL:  -1.3   DPTR FM NORMAL:   -0.10    2 = FOG REDUCING VISIBILITY
HIGHEST:    92 ON 16,10 GRTST 24HR  0.23 ON  6- 6      TO 1/4 MILE OR LESS
LOWEST:     36 ON 14                               3 = THUNDER
                        SNOW, ICE PELLETS, HAIL    4 = ICE PELLETS
                        TOTAL MONTH:   0.0 INCH    5 = HAIL
                        GRTST 24HR     0.0         6 = FREEZING RAIN OR DRIZZLE
                        GRTST DEPTH:   0           7 = DUSTSTORM OR SANDSTORM:
                                                       VSBY 1/2 MILE OR LESS
                                                   8 = SMOKE OR HAZE
[NO. OF DAYS WITH]      [WEATHER - DAYS WITH]      9 = BLOWING SNOW
                                                   X = TORNADO
MAX 32 OR BELOW:   0    0.01 INCH OR MORE:   2
MAX 90 OR ABOVE:   2    0.10 INCH OR MORE:   1
MIN 32 OR BELOW:   0    0.50 INCH OR MORE:   0
MIN  0 OR BELOW:   0    1.00 INCH OR MORE:   0

[HDD (BASE 65) ]
TOTAL THIS MO.    79    CLEAR  (SCALE 0-3)  23
DPTR FM NORMAL     2    PTCLDY (SCALE 4-7)   4
TOTAL FM JUL 1    79    CLOUDY (SCALE 8-10)  0
DPTR FM NORMAL   -10

[CDD (BASE 65) ]
TOTAL THIS MO.    24
DPTR FM NORMAL   -25    [PRESSURE DATA]
TOTAL FM JAN 1   775    HIGHEST SLP 30.00 ON  3
DPTR FM NORMAL    69    LOWEST  SLP 29.80 ON 17

[REMARKS]
