000
CXUS56 KSGX 301445
CF6PSP
PRELIMINARY LOCAL CLIMATOLOGICAL DATA (WS FORM: F-6)

                                          STATION:   PALM SPRINGS INTL AIRPORT CA
                                          MONTH:     JUNE
                                          YEAR:      2015
                                          LATITUDE:   33 49 N
                                          LONGITUDE: 116 30 W

  TEMPERATURE IN F:       :PCPN:    SNOW:  WIND      :SUNSHINE: SKY     :PK WND
================================================================================
1   2   3   4   5  6A  6B    7    8   9   10  11  12  13   14  15   16   17  18
                                     12Z  AVG MX 2MIN
DY MAX MIN AVG DEP HDD CDD  WTR  SNW DPTH SPD SPD DIR MIN PSBL S-S WX    SPD DR
================================================================================

 1 103  74  89   6   0  24 0.00  0.0    0  8.2 29 320   M    M   1        35 320
 2 101  69  85   2   0  20 0.00  0.0    0  7.2 25 320   M    M   0        32 340
 3  96  68  82  -1   0  17 0.00  0.0    0 10.5 25 320   M    M   0        35 310
 4  90  68  79  -5   0  14 0.00  0.0    0 10.5 23 330   M    M   1        29 330
 5  91  64  78  -6   0  13 0.00  0.0    0 11.5 28 320   M    M   0        34 340
 6  96  66  81  -3   0  16 0.00  0.0    0  8.4 20 330   M    M   1        23 340
 7 103  70  87   3   0  22 0.00  0.0    0  5.4 14 110   M    M   0        20 120
 8 107  75  91   6   0  26 0.00  0.0    0  8.4 20 330   M    M   0        26 110
 9  92  77  85   0   0  20    T  0.0    0  8.1 22 120   M    M   4        26 130
10 100  74  87   2   0  22 0.00  0.0    0  8.5 26 320   M    M   1        33 340
11 102  72  87   2   0  22 0.00  0.0    0 11.3 26 320   M    M   0        32 320
12 108  76  92   6   0  27 0.00  0.0    0  9.6 32 320   M    M   1        38 320
13 106  77  92   6   0  27 0.00  0.0    0  8.1 20 320   M    M   1        24 330
14 109  79  94   8   0  29 0.00  0.0    0  5.8 15 320   M    M   1        22 320
15 112  81  97  11   0  32 0.00  0.0    0  6.4 22 330   M    M   0        26 330
16 109  78  94   7   0  29 0.00  0.0    0  6.6 20 320   M    M   0        25 320
17 115  79  97  10   0  32 0.00  0.0    0  7.0 22 320   M    M   0        29 310
18 116  79  98  11   0  33 0.00  0.0    0  8.3 26 330   M    M   3 8      33 310
19 110  79  95   8   0  30 0.00  0.0    0  4.8 22 320   M    M   5 8      27 320
20 110  79  95   7   0  30 0.00  0.0    0  5.2 14  90   M    M   2 8      19 120
21 109  80  95   7   0  30 0.00  0.0    0  4.8 23 330   M    M   1 8      29 330
22 112  82  97   9   0  32 0.00  0.0    0  8.1 25 320   M    M   1 8      32 300
23 112  76  94   6   0  29 0.00  0.0    0  7.3 24 320   M    M   0 8      32 320
24 112  77  95   6   0  30 0.00  0.0    0  7.2 24 330   M    M   0        27 320
25 111  77  94   5   0  29 0.00  0.0    0  5.3 15 320   M    M   0        20 320
26  95  85  90   1   0  25 0.00  0.0    0  2.9 16 120   M    M   2        19 130
27 110  79  95   5   0  30 0.00  0.0    0  3.8 20 320   M    M   2        25 310
28 105  88  97   7   0  32    T  0.0    0  5.5 23 340   M    M   2        27 350
29 108  85  97   7   0  32 0.00  0.0    0  5.7 15 110   M    M   1        20 320
================================================================================
SM 3050 2213         0 754    T      0.0 210.4          M       30
================================================================================
AV105.2 76.3                               7.3 FASTST   M    M   1    MAX(MPH)
                                 MISC ---->  # 32 320               # 38  320
================================================================================
NOTES:
# LAST OF SEVERAL OCCURRENCES

COLUMN 17 PEAK WIND IN M.P.H.

PRELIMINARY LOCAL CLIMATOLOGICAL DATA (WS FORM: F-6) , PAGE 2

                                          STATION:  PALM SPRINGS INTL AIRPORT CA
                                          MONTH:    JUNE
                                          YEAR:     2015
                                          LATITUDE:   33 49 N
                                          LONGITUDE: 116 30 W

[TEMPERATURE DATA]      [PRECIPITATION DATA]       SYMBOLS USED IN COLUMN 16

AVERAGE MONTHLY: 90.7   TOTAL FOR MONTH:      T    1 = FOG OR MIST
DPTR FM NORMAL:   4.3   DPTR FM NORMAL:   -0.06    2 = FOG REDUCING VISIBILITY
HIGHEST:   116 ON 18    GRTST 24HR    T  ON 28-28      TO 1/4 MILE OR LESS
LOWEST:     64 ON  5                               3 = THUNDER
                        SNOW, ICE PELLETS, HAIL    4 = ICE PELLETS
                        TOTAL MONTH:   0.0 INCH    5 = HAIL
                        GRTST 24HR     0.0         6 = FREEZING RAIN OR DRIZZLE
                        GRTST DEPTH:   0           7 = DUSTSTORM OR SANDSTORM:
                                                       VSBY 1/2 MILE OR LESS
                                                   8 = SMOKE OR HAZE
[NO. OF DAYS WITH]      [WEATHER - DAYS WITH]      9 = BLOWING SNOW
                                                   X = TORNADO
MAX 32 OR BELOW:   0    0.01 INCH OR MORE:   0
MAX 90 OR ABOVE:  29    0.10 INCH OR MORE:   0
MIN 32 OR BELOW:   0    0.50 INCH OR MORE:   0
MIN  0 OR BELOW:   0    1.00 INCH OR MORE:   0

[HDD (BASE 65) ]
TOTAL THIS MO.     0    CLEAR  (SCALE 0-3)  27
DPTR FM NORMAL     0    PTCLDY (SCALE 4-7)   2
TOTAL FM JUL 1   407    CLOUDY (SCALE 8-10)  0
DPTR FM NORMAL  -467

[CDD (BASE 65) ]
TOTAL THIS MO.   754
DPTR FM NORMAL   132    [PRESSURE DATA]
TOTAL FM JAN 1  1819    HIGHEST SLP M ON M
DPTR FM NORMAL   438    LOWEST  SLP 29.73 ON 14

[REMARKS]
