888
CXUS56 KSGX 231445
CF6PSP
PRELIMINARY LOCAL CLIMATOLOGICAL DATA (WS FORM: F-6)

                                          STATION:   PALM SPRINGS INTL AIRPORT CA
                                          MONTH:     SEPTEMBER
                                          YEAR:      2017
                                          LATITUDE:   33 49 N
                                          LONGITUDE: 116 30 W

  TEMPERATURE IN F:       :PCPN:    SNOW:  WIND      :SUNSHINE: SKY     :PK WND
================================================================================
1   2   3   4   5  6A  6B    7    8   9   10  11  12  13   14  15   16   17  18
                                     12Z  AVG MX 2MIN
DY MAX MIN AVG DEP HDD CDD  WTR  SNW DPTH SPD SPD DIR MIN PSBL S-S WX    SPD DR
================================================================================

 1 114  89 102  12   0  37 0.00  0.0    0  5.3 12 320   M    M   0        15  70
 2 105  87  96   6   0  31 0.00  0.0    0  9.5 24 110   M    M   2 78     28 110
 3 101  84  93   3   0  28    T  0.0    0  8.0 17 100   M    M   1        23 130
 4 102  82  92   2   0  27 0.00  0.0    0  6.9 20 320   M    M   0        24 320
 5 108  80  94   4   0  29 0.00  0.0    0  5.4 20 320   M    M   0        24 320
 6 109  84  97   8   0  32 0.00  0.0    0  6.3 18 330   M    M   0        25 310
 7 106  79  93   4   0  28 0.00  0.0    0  6.5 22 130   M    M   0 3      30 150
 8  99  81  90   1   0  25    T  0.0    0  6.3 29 130   M    M   2 3      37 130
 9  93  70  82  -7   0  17 1.20  0.0    0  5.8 36 270   M    M   4 13     55 240
10 101  75  88   0   0  23 0.00  0.0    0  3.9 12 150   M    M   0        14 160
11 107  85  96   8   0  31 0.00  0.0    0  7.7 20 340   M    M   3        23 360
12 109  80  95   7   0  30 0.00  0.0    0  7.2 22 320   M    M   0        27 320
13 103  77  90   2   0  25 0.00  0.0    0 10.7 26 330   M    M   1        33 320
14  90  69  80  -7   0  15 0.00  0.0    0 12.7 29 320   M    M   0        40 300
15  91  68  80  -7   0  15 0.00  0.0    0  9.9 22 320   M    M   0        30 320
16  97  70  84  -3   0  19 0.00  0.0    0  7.9 18 330   M    M   0        22 320
17  95  67  81  -5   0  16 0.00  0.0    0  7.6 16 320   M    M   0        22 320
18  97  71  84  -2   0  19 0.00  0.0    0  6.8 18 320   M    M   0        24 320
19  93  69  81  -5   0  16 0.00  0.0    0  9.7 23 330   M    M   0        28 330
20  92  71  82  -3   0  17 0.00  0.0    0 10.6 22 320   M    M   0        28 320
21  88  67  78  -7   0  13 0.00  0.0    0  8.5 26 340   M    M   1        34 340
22  84  62  73 -11   0   8 0.00  0.0    0 10.7 20 320   M    M   0        29 290
================================================================================
SM 2184 1667         0 501  1.20     0.0 173.9          M       14
================================================================================
AV 99.3 75.8                               7.9 FASTST   M    M   1    MAX(MPH)
                                 MISC ---->  # 36 270               # 55  240
================================================================================
NOTES:
# LAST OF SEVERAL OCCURRENCES

COLUMN 17 PEAK WIND IN M.P.H.

PRELIMINARY LOCAL CLIMATOLOGICAL DATA (WS FORM: F-6) , PAGE 2

                                          STATION:  PALM SPRINGS INTL AIRPORT CA
                                          MONTH:    SEPTEMBER
                                          YEAR:     2017
                                          LATITUDE:   33 49 N
                                          LONGITUDE: 116 30 W

[TEMPERATURE DATA]      [PRECIPITATION DATA]       SYMBOLS USED IN COLUMN 16

AVERAGE MONTHLY: 87.5   TOTAL FOR MONTH:   1.20    1 = FOG OR MIST
DPTR FM NORMAL:  -0.2   DPTR FM NORMAL:    0.87    2 = FOG REDUCING VISIBILITY
HIGHEST:   114 ON  1    GRTST 24HR  1.20 ON  9- 9      TO 1/4 MILE OR LESS
LOWEST:     62 ON 22                               3 = THUNDER
                        SNOW, ICE PELLETS, HAIL    4 = ICE PELLETS
                        TOTAL MONTH:   0.0 INCH    5 = HAIL
                        GRTST 24HR     0.0         6 = FREEZING RAIN OR DRIZZLE
                        GRTST DEPTH:   0           7 = DUSTSTORM OR SANDSTORM:
                                                       VSBY 1/2 MILE OR LESS
                                                   8 = SMOKE OR HAZE
[NO. OF DAYS WITH]      [WEATHER - DAYS WITH]      9 = BLOWING SNOW
                                                   X = TORNADO
MAX 32 OR BELOW:   0    0.01 INCH OR MORE:   1
MAX 90 OR ABOVE:  20    0.10 INCH OR MORE:   1
MIN 32 OR BELOW:   0    0.50 INCH OR MORE:   1
MIN  0 OR BELOW:   0    1.00 INCH OR MORE:   1

[HDD (BASE 65) ]
TOTAL THIS MO.     0    CLEAR  (SCALE 0-3)  21
DPTR FM NORMAL     0    PTCLDY (SCALE 4-7)   1
TOTAL FM JUL 1     0    CLOUDY (SCALE 8-10)  0
DPTR FM NORMAL     0

[CDD (BASE 65) ]
TOTAL THIS MO.   501
DPTR FM NORMAL     0    [PRESSURE DATA]
TOTAL FM JAN 1  4384    HIGHEST SLP M ON M
DPTR FM NORMAL   799    LOWEST  SLP 29.68 ON  1

[REMARKS]
