000
CXUS51 KBOX 311200
CF6PVD
PRELIMINARY LOCAL CLIMATOLOGICAL DATA (WS FORM: F-6)

                                          STATION:   PROVIDENCE RI
                                          MONTH:     AUGUST
                                          YEAR:      2015
                                          LATITUDE:   41 43 N
                                          LONGITUDE:  71 26 W

  TEMPERATURE IN F:       :PCPN:    SNOW:  WIND      :SUNSHINE: SKY     :PK WND
================================================================================
1   2   3   4   5  6A  6B    7    8   9   10  11  12  13   14  15   16   17  18
                                     12Z  AVG MX 2MIN
DY MAX MIN AVG DEP HDD CDD  WTR  SNW DPTH SPD SPD DIR MIN PSBL S-S WX    SPD DR
================================================================================

 1  90  65  78   4   0  13    T  0.0    0  7.6 22 270   M    M   4 3      28 270
 2  88  63  76   2   0  11 0.00  0.0    0  8.3 20 230   M    M   1        27 210
 3  90  67  79   5   0  14 0.00  0.0    0 10.9 23 190   M    M   3        29 200
 4  87  63  75   1   0  10 1.08  0.0    0  8.3 48 290   M    M   2 13     66 290
 5  86  64  75   1   0  10 0.00  0.0    0  7.7 17 280   M    M   1        23 280
 6  81  59  70  -4   0   5 0.00  0.0    0  7.0 15 280   M    M   3        20 300
 7  81  62  72  -1   0   7 0.00  0.0    0  6.8 14  30   M    M   4        17  20
 8  81  60  71  -2   0   6 0.00  0.0    0  8.1 15  50   M    M   5        19  50
 9  76  60  68  -5   0   3    T  0.0    0 10.9 22  50   M    M   3        27  40
10  79  58  69  -4   0   4 0.00  0.0    0  8.2 21 160   M    M   5        24 160
11  73  68  71  -2   0   6 0.99  0.0    0 10.3 23 200   M    M   9 1      33 200
12  84  67  76   3   0  11 0.00  0.0    0  7.0 15 300   M    M   4        20 260
13  83  63  73   0   0   8 0.00  0.0    0  5.8 13 160   M    M   2        19 310
14  85  61  73   0   0   8 0.00  0.0    0  6.0 17 190   M    M   1        22 190
15  90  66  78   5   0  13    T  0.0    0  6.9 18 350   M    M   6 3      25 340
16  91  68  80   7   0  15    T  0.0    0  6.2 13 230   M    M   2        18 240
17  90  69  80   8   0  15 0.00  0.0    0  6.3 15 220   M    M   1        19 190
18  91  69  80   8   0  15 0.00  0.0    0  7.5 20 200   M    M   2 3      25 210
19  84  71  78   6   0  13 0.00  0.0    0  8.4 20 150   M    M   4 1      23 150
20  84  72  78   6   0  13 0.00  0.0    0  8.7 17 150   M    M   5 1      22 140
21  85  73  79   7   0  14 0.03  0.0    0  7.3 16 160   M    M   8 1      19 150
22  81  70  76   4   0  11 0.00  0.0    0  9.4 16  50   M    M   7        22  50
23  80  68  74   2   0   9    T  0.0    0  8.7 15  10   M    M   9 1      17  20
24  82  69  76   5   0  11    T  0.0    0  5.5 15 170   M    M   7 1      18 160
25  88  70  79   8   0  14 0.68  0.0    0  7.8 16 180   M    M   7 13     20 170
26  84  67  76   5   0  11 0.00  0.0    0  6.9 16 270   M    M   3 13     21 280
27  82  61  72   1   0   7 0.00  0.0    0  7.9 17 280   M    M   3        21 290
28  82  58  70  -1   0   5 0.00  0.0    0  5.8 15 190   M    M   3        19  50
29  83  59  71   1   0   6 0.00  0.0    0  7.0 14 240   M    M   4        18 270
30  89  66  78   8   0  13    T  0.0    0  7.9 15 200   M    M   3        20 250
================================================================================
SM 2530 1956         0 301  2.78     0.0 231.1          M      121
================================================================================
AV 84.3 65.2                               7.7 FASTST   M    M   4    MAX(MPH)
                                 MISC ---->  # 48 290               # 66  290
================================================================================
NOTES:
# LAST OF SEVERAL OCCURRENCES

COLUMN 17 PEAK WIND IN M.P.H.

PRELIMINARY LOCAL CLIMATOLOGICAL DATA (WS FORM: F-6) , PAGE 2

                                          STATION:  PROVIDENCE RI
                                          MONTH:    AUGUST
                                          YEAR:     2015
                                          LATITUDE:   41 43 N
                                          LONGITUDE:  71 26 W

[TEMPERATURE DATA]      [PRECIPITATION DATA]       SYMBOLS USED IN COLUMN 16

AVERAGE MONTHLY: 74.8   TOTAL FOR MONTH:   2.78    1 = FOG OR MIST
DPTR FM NORMAL:   2.4   DPTR FM NORMAL:   -0.71    2 = FOG REDUCING VISIBILITY
HIGHEST:    91 ON 18,16 GRTST 24HR  1.08 ON  4- 4      TO 1/4 MILE OR LESS
LOWEST:     58 ON 28,10                            3 = THUNDER
                        SNOW, ICE PELLETS, HAIL    4 = ICE PELLETS
                        TOTAL MONTH:   0.0 INCH    5 = HAIL
                        GRTST 24HR     0.0         6 = FREEZING RAIN OR DRIZZLE
                        GRTST DEPTH:   0           7 = DUSTSTORM OR SANDSTORM:
                                                       VSBY 1/2 MILE OR LESS
                                                   8 = SMOKE OR HAZE
[NO. OF DAYS WITH]      [WEATHER - DAYS WITH]      9 = BLOWING SNOW
                                                   X = TORNADO
MAX 32 OR BELOW:   0    0.01 INCH OR MORE:   4
MAX 90 OR ABOVE:   6    0.10 INCH OR MORE:   3
MIN 32 OR BELOW:   0    0.50 INCH OR MORE:   3
MIN  0 OR BELOW:   0    1.00 INCH OR MORE:   1

[HDD (BASE 65) ]
TOTAL THIS MO.     0    CLEAR  (SCALE 0-3)  12
DPTR FM NORMAL    -1    PTCLDY (SCALE 4-7)  16
TOTAL FM JUL 1     0    CLOUDY (SCALE 8-10)  2
DPTR FM NORMAL    -4

[CDD (BASE 65) ]
TOTAL THIS MO.   301
DPTR FM NORMAL    74    [PRESSURE DATA]
TOTAL FM JAN 1   787    HIGHEST SLP M ON M
DPTR FM NORMAL   136    LOWEST  SLP 29.70 ON  1

[REMARKS]
