000
CXUS51 KBOX 291200
CF6PVD
PRELIMINARY LOCAL CLIMATOLOGICAL DATA (WS FORM: F-6)

                                          STATION:   PROVIDENCE RI
                                          MONTH:     APRIL
                                          YEAR:      2016
                                          LATITUDE:   41 43 N
                                          LONGITUDE:  71 26 W

  TEMPERATURE IN F:       :PCPN:    SNOW:  WIND      :SUNSHINE: SKY     :PK WND
================================================================================
1   2   3   4   5  6A  6B    7    8   9   10  11  12  13   14  15   16   17  18
                                     12Z  AVG MX 2MIN
DY MAX MIN AVG DEP HDD CDD  WTR  SNW DPTH SPD SPD DIR MIN PSBL S-S WX    SPD DR
================================================================================

 1  65  58  62  18   3   0 0.04  0.0    0 14.6 26 220   M    M  10 1      33 170
 2  58  43  51   7  14   0 0.69  0.0    0  5.6 17 190   M    M   9 1      22 170
 3  43  28  36  -9  29   0 0.47  0.8    1 14.7 32 300   M    M   5 1      42 300
 4  31  25  28 -17  37   0 0.67  5.9    0 10.5 23  10   M    M   9 124    27  10
 5  37  23  30 -16  35   0    T    T    0 13.2 23  20   M    M   4        29 360
 6  47  18  33 -13  32   0 0.00  0.0    0 10.5 24 190   M    M   6        30 190
 7  54  46  50   4  15   0 1.44  0.0    0 15.8 29 180   M    M   9 1      37 200
 8  54  34  44  -3  21   0 0.01  0.0    0 13.4 26 210   M    M   5 1      37 200
 9  47  26  37 -10  28   0 0.00  0.0    0  6.5 21 360   M    M   7        26 360
10  50  31  41  -6  24   0 0.00  0.0    0 10.7 17 280   M    M   2        23 280
11  60  41  51   3  14   0 0.01  0.0    0 17.1 33 200   M    M   8        44 210
12  59  40  50   2  15   0 0.25  0.0    0 13.3 30 210   M    M   7 18     40 200
13  56  33  45  -3  20   0 0.00  0.0    0  7.6 20  30   M    M   1        24  30
14  54  35  45  -4  20   0 0.00  0.0    0  9.7 23 360   M    M   1        33  10
15  58  36  47  -2  18   0 0.00  0.0    0 11.5 24  50   M    M   0        31  30
16  57  40  49   0  16   0 0.00  0.0    0 15.7 31  40   M    M   3        40  70
17  67  39  53   3  12   0 0.00  0.0    0  8.7 18  10   M    M   2        23  10
18  76  39  58   8   7   0 0.00  0.0    0  7.2 16 180   M    M   5        20  70
19  63  45  54   4  11   0    T  0.0    0 11.6 25  10   M    M   6        30  10
20  62  40  51   0  14   0 0.00  0.0    0 10.7 22  10   M    M   2        31  30
21  74  38  56   5   9   0 0.00  0.0    0  8.5 23 210   M    M   5        28 200
22  76  53  65  14   0   0 0.05  0.0    0  6.7 20 160   M    M   8 13     24 160
23  64  49  57   5   8   0 0.14  0.0    0  7.2 21  10   M    M   7 1      26 350
24  63  42  53   1  12   0 0.00  0.0    0  9.8 17 150   M    M   2        23  10
25  63  45  54   2  11   0 0.00  0.0    0  5.7 17 160   M    M   8        20 140
26  50  39  45  -8  20   0 0.14  0.0    0  9.9 18  40   M    M   9 1      23  30
27  57  35  46  -7  19   0 0.00  0.0    0  7.9 20 200   M    M   3        24 140
28  58  40  49  -4  16   0    T  0.0    0  9.5 20 160   M    M   6        24 160
================================================================================
SM 1603 1061       480   0  3.91     6.7 293.8          M      149
================================================================================
AV 57.2 37.9                              10.5 FASTST   M    M   5    MAX(MPH)
                                 MISC ---->  # 33 200               # 44  210
================================================================================
NOTES:
# LAST OF SEVERAL OCCURRENCES

COLUMN 17 PEAK WIND IN M.P.H.

PRELIMINARY LOCAL CLIMATOLOGICAL DATA (WS FORM: F-6) , PAGE 2

                                          STATION:  PROVIDENCE RI
                                          MONTH:    APRIL
                                          YEAR:     2016
                                          LATITUDE:   41 43 N
                                          LONGITUDE:  71 26 W

[TEMPERATURE DATA]      [PRECIPITATION DATA]       SYMBOLS USED IN COLUMN 16

AVERAGE MONTHLY: 47.6   TOTAL FOR MONTH:   3.91    1 = FOG OR MIST
DPTR FM NORMAL:  -1.2   DPTR FM NORMAL:   -0.19    2 = FOG REDUCING VISIBILITY
HIGHEST:    76 ON 22,18 GRTST 24HR  1.44 ON  7- 7      TO 1/4 MILE OR LESS
LOWEST:     18 ON  6                               3 = THUNDER
                        SNOW, ICE PELLETS, HAIL    4 = ICE PELLETS
                        TOTAL MONTH:   6.7 INCHES  5 = HAIL
                        GRTST 24HR   5.9 ON   M    6 = FREEZING RAIN OR DRIZZLE
                        GRTST DEPTH:   1 ON  3     7 = DUSTSTORM OR SANDSTORM:
                                                       VSBY 1/2 MILE OR LESS
                                                   8 = SMOKE OR HAZE
[NO. OF DAYS WITH]      [WEATHER - DAYS WITH]      9 = BLOWING SNOW
                                                   X = TORNADO
MAX 32 OR BELOW:   1    0.01 INCH OR MORE:  11
MAX 90 OR ABOVE:   0    0.10 INCH OR MORE:   7
MIN 32 OR BELOW:   6    0.50 INCH OR MORE:   3
MIN  0 OR BELOW:   0    1.00 INCH OR MORE:   1

[HDD (BASE 65) ]
TOTAL THIS MO.   480    CLEAR  (SCALE 0-3)   8
DPTR FM NORMAL    24    PTCLDY (SCALE 4-7)  13
TOTAL FM JUL 1  4498    CLOUDY (SCALE 8-10)  7
DPTR FM NORMAL  -829

[CDD (BASE 65) ]
TOTAL THIS MO.     0
DPTR FM NORMAL     0    [PRESSURE DATA]
TOTAL FM JAN 1     0    HIGHEST SLP M ON M
DPTR FM NORMAL     0    LOWEST  SLP 29.18 ON  3

[REMARKS]
