000
CXUS54 KOUN 260700
CF6PWA
PRELIMINARY LOCAL CLIMATOLOGICAL DATA (WS FORM: F-6)

                                          STATION:   BETHANY/WILEY POST
                                          MONTH:     FEBRUARY
                                          YEAR:      2017
                                          LATITUDE:   35 31 N
                                          LONGITUDE:  97 38 W

  TEMPERATURE IN F:       :PCPN:    SNOW:  WIND      :SUNSHINE: SKY     :PK WND
================================================================================
1   2   3   4   5  6A  6B    7    8   9   10  11  12  13   14  15   16   17  18
                                     12Z  AVG MX 2MIN
DY MAX MIN AVG DEP HDD CDD  WTR  SNW DPTH SPD SPD DIR MIN PSBL S-S WX    SPD DR
================================================================================

 1  58  35  47   7  18   0 0.00  0.0    0 15.3 25  10   M    M   0        33  10
 2  38  27  33  -7  32   0 0.00  0.0    0 16.1 24  10   M    M   4        33  10
 3  43  23  33  -7  32   0 0.00  0.0    0  9.6 17  40   M    M   1        21  40
 4  55  31  43   3  22   0 0.00  0.0    0 16.1 29 200   M    M   5        35 200
 5  54  36  45   5  20   0 0.00  0.0    0  8.2 14 170   M    M   6 12     16 170
 6  76  48  62  22   3   0    T  0.0    0 17.5 28 200   M    M   4 12     34 180
 7  73  41  57  16   8   0 0.00  0.0    0  6.7 15 200   M    M   0        18 210
 8  55  29  42   1  23   0 0.00  0.0    0 18.5 32 360   M    M   0        41 360
 9  57  23  40  -1  25   0 0.00  0.0    0 12.4 23 190   M    M   0        29 180
10  77  48  63  22   2   0 0.00  0.0    0 24.8 35 200   M    M   0        43 210
11  89  58  74  33   0   9 0.00  0.0    0 13.9 23 210   M    M   0        28 200
12  66  43  55  13  10   0 0.00  0.0    0 18.5 29  10   M    M   0        38  10
13  53  40  47   5  18   0 1.00  0.0    0  8.0 14  20   M    M   9 1      18  50
14  43  39  41  -1  24   0 0.49  0.0    0 11.6 21  10   M    M   9 1      26 360
15  56  33  45   3  20   0 0.00  0.0    0  7.9 15 330   M    M   0        20 330
16  69  34  52  10  13   0 0.00  0.0    0 13.6 24 220   M    M   0        31 200
17  72  44  58  15   7   0 0.00  0.0    0 13.7 20 150   M    M   0        26 150
18  70  50  60  17   5   0 0.00  0.0    0  9.2 17 190   M    M   3 1      21 200
19  75  52  64  21   1   0 1.08  0.0    0 15.2 32 190   M    M   8 1238   42 200
20  66  48  57  14   8   0 0.18  0.0    0 11.0 23 170   M    M   3 13     27 170
21  71  44  58  14   7   0 0.00  0.0    0  9.1 18 330   M    M   0        23 340
22  80  40  60  16   5   0 0.00  0.0    0 10.0 26 210   M    M   0        34 210
23  86  46  66  22   0   1 0.00  0.0    0 14.5 30 340   M    M   0 8      38 350
24  51  32  42  -2  23   0 0.00  0.0    0 17.3 25 320   M    M   1        33 340
25  49  22  36  -9  29   0 0.00  0.0    0  9.2 22  10   M    M   0        27 360
================================================================================
SM 1582  966       355  10  2.75     0.0 327.9          M       53
================================================================================
AV 63.3 38.6                              13.1 FASTST   M    M   2    MAX(MPH)
                                 MISC ---->  # 35 200               # 43  210
================================================================================
NOTES:
# LAST OF SEVERAL OCCURRENCES

COLUMN 17 PEAK WIND IN M.P.H.

PRELIMINARY LOCAL CLIMATOLOGICAL DATA (WS FORM: F-6) , PAGE 2

                                          STATION:  BETHANY/WILEY POST
                                          MONTH:    FEBRUARY
                                          YEAR:     2017
                                          LATITUDE:   35 31 N
                                          LONGITUDE:  97 38 W

[TEMPERATURE DATA]      [PRECIPITATION DATA]       SYMBOLS USED IN COLUMN 16

AVERAGE MONTHLY: 51.0   TOTAL FOR MONTH:   2.75    1 = FOG OR MIST
DPTR FM NORMAL:   9.0   DPTR FM NORMAL:    1.65    2 = FOG REDUCING VISIBILITY
HIGHEST:    89 ON 11    GRTST 24HR  1.45 ON 13-14      TO 1/4 MILE OR LESS
LOWEST:     22 ON 25                               3 = THUNDER
                        SNOW, ICE PELLETS, HAIL    4 = ICE PELLETS
                        TOTAL MONTH:   0.0 INCH    5 = HAIL
                        GRTST 24HR     0.0         6 = FREEZING RAIN OR DRIZZLE
                        GRTST DEPTH:   0           7 = DUSTSTORM OR SANDSTORM:
                                                       VSBY 1/2 MILE OR LESS
                                                   8 = SMOKE OR HAZE
[NO. OF DAYS WITH]      [WEATHER - DAYS WITH]      9 = BLOWING SNOW
                                                   X = TORNADO
MAX 32 OR BELOW:   0    0.01 INCH OR MORE:   4
MAX 90 OR ABOVE:   0    0.10 INCH OR MORE:   4
MIN 32 OR BELOW:   7    0.50 INCH OR MORE:   2
MIN  0 OR BELOW:   0    1.00 INCH OR MORE:   2

[HDD (BASE 65) ]
TOTAL THIS MO.   355    CLEAR  (SCALE 0-3)  18
DPTR FM NORMAL  -223    PTCLDY (SCALE 4-7)   5
TOTAL FM JUL 1  2195    CLOUDY (SCALE 8-10)  2
DPTR FM NORMAL  -677

[CDD (BASE 65) ]
TOTAL THIS MO.    10
DPTR FM NORMAL    10    [PRESSURE DATA]
TOTAL FM JAN 1    10    HIGHEST SLP M ON M
DPTR FM NORMAL    10    LOWEST  SLP 29.33 ON 23

[REMARKS]
