000
CXUS54 KFWD 250730
CF6PWG
PRELIMINARY LOCAL CLIMATOLOGICAL DATA (WS FORM: F-6)

                                          STATION:   WACO MCGREGOR
                                          MONTH:     APRIL
                                          YEAR:      2017
                                          LATITUDE:   31 28 N
                                          LONGITUDE:  97 19 W

  TEMPERATURE IN F:       :PCPN:    SNOW:  WIND      :SUNSHINE: SKY     :PK WND
================================================================================
1   2   3   4   5  6A  6B    7    8   9   10  11  12  13   14  15   16   17  18
                                     12Z  AVG MX 2MIN
DY MAX MIN AVG DEP HDD CDD  WTR  SNW DPTH SPD SPD DIR MIN PSBL S-S WX    SPD DR
================================================================================

 1  77  59  68   7   0   3    T  0.0    0 11.0 18 130   M    M   6 8      25 130
 2  72  55  64   3   1   0 0.90  0.0    0  9.6 20 360   M    M   6 13     30 360
 3  83  49  66   5   0   1 0.00  0.0    0  6.4 12 260   M    M   0        16 240
 4  85  58  72  10   0   7 0.00  0.0    0 10.4 21 190   M    M   0        25 190
 5  71  45  58  -4   7   0 0.00  0.0    0 11.1 17 350   M    M   0        32 330
 6  76  39  58  -4   7   0 0.00  0.0    0  3.3  7 180   M    M   0 8       M  M
 7  80  44  62   0   3   0 0.00  0.0    0  7.8 17 170   M    M   0        24 170
 8  81  59  70   8   0   5 0.00  0.0    0 16.4 25 180   M    M   2        35 160
 9  81  65  73  10   0   8 0.00  0.0    0 15.6 21 170   M    M   7        31 160
10  83  65  74  11   0   9 0.42  0.0    0 11.1 17 150   M    M   6 1      23 170
11  71  62  67   4   0   2 2.33  0.0    0  4.2  9  70   M    M   9 13      M  M
12  75  60  68   4   0   3 0.00  0.0    0  5.1 13 100   M    M   7 8       M  M
13  79  63  71   7   0   6    T  0.0    0  9.2 16 140   M    M   5 1      23 160
14  81  60  71   7   0   6    T  0.0    0  8.4 14 170   M    M   5         M  M
15  81  65  73   9   0   8 0.00  0.0    0   M   M   M   M    M   M         M  M
16  79  66  73   9   0   8 0.00  0.0    0  9.9 15 180   M    M   3        22 180
17  82  62  72   7   0   7 0.31  0.0    0  8.6 17 340   M    M   4 13     23 340
18  77  61  69   4   0   4 0.03  0.0    0  4.6  8 140   M    M   6 1       M  M
19  83  63  73   8   0   8 0.00  0.0    0  8.7 14 160   M    M   6 1      18 160
20  84  68  76  10   0  11 0.00  0.0    0  9.9 15 130   M    M   6        20 190
21  86  67  77  11   0  12 0.00  0.0    0 12.9 20 190   M    M   5        29 190
22  73  49  61  -5   4   0    T    M    0 11.3 18 350   M    M   7 3      24 340
23  74  45  60  -6   5   0 0.00  0.0    0  7.2 14 360   M    M   0 8      23 360
24  79  45  62  -5   3   0 0.00  0.0    0  9.0 16 170   M    M   0        22 170
================================================================================
SM 1893 1374        30 108  3.99     0.0 211.7          M       90
================================================================================
AV 78.9 57.3                               9.2 FASTST   M    M   4    MAX(MPH)
                                 MISC ---->  # 25 180               # 35  160
================================================================================
NOTES:
# LAST OF SEVERAL OCCURRENCES

COLUMN 17 PEAK WIND IN M.P.H.

PRELIMINARY LOCAL CLIMATOLOGICAL DATA (WS FORM: F-6) , PAGE 2

                                          STATION:  WACO MCGREGOR
                                          MONTH:    APRIL
                                          YEAR:     2017
                                          LATITUDE:   31 28 N
                                          LONGITUDE:  97 19 W

[TEMPERATURE DATA]      [PRECIPITATION DATA]       SYMBOLS USED IN COLUMN 16

AVERAGE MONTHLY: 68.1   TOTAL FOR MONTH:   3.99    1 = FOG OR MIST
DPTR FM NORMAL:   4.4   DPTR FM NORMAL:    1.93    2 = FOG REDUCING VISIBILITY
HIGHEST:    86 ON 21    GRTST 24HR  2.33 ON 11-11      TO 1/4 MILE OR LESS
LOWEST:     39 ON  6                               3 = THUNDER
                        SNOW, ICE PELLETS, HAIL    4 = ICE PELLETS
                        TOTAL MONTH:   0.0 INCH    5 = HAIL
                        GRTST 24HR     0.0         6 = FREEZING RAIN OR DRIZZLE
                        GRTST DEPTH:   0           7 = DUSTSTORM OR SANDSTORM:
                                                       VSBY 1/2 MILE OR LESS
                                                   8 = SMOKE OR HAZE
[NO. OF DAYS WITH]      [WEATHER - DAYS WITH]      9 = BLOWING SNOW
                                                   X = TORNADO
MAX 32 OR BELOW:   0    0.01 INCH OR MORE:   5
MAX 90 OR ABOVE:   0    0.10 INCH OR MORE:   4
MIN 32 OR BELOW:   0    0.50 INCH OR MORE:   2
MIN  0 OR BELOW:   0    1.00 INCH OR MORE:   1

[HDD (BASE 65) ]
TOTAL THIS MO.    30    CLEAR  (SCALE 0-3)   9
DPTR FM NORMAL   -59    PTCLDY (SCALE 4-7)  13
TOTAL FM JUL 1  1308    CLOUDY (SCALE 8-10)  1
DPTR FM NORMAL -1016

[CDD (BASE 65) ]
TOTAL THIS MO.   108
DPTR FM NORMAL    50    [PRESSURE DATA]
TOTAL FM JAN 1   297    HIGHEST SLP M ON M
DPTR FM NORMAL   209    LOWEST  SLP M ON M

[REMARKS]
