897
CXUS56 KSGX 271545
CF6RAL
PRELIMINARY LOCAL CLIMATOLOGICAL DATA (WS FORM: F-6)

                                          STATION:   RIVERSIDE MUNI AIRPORT CA
                                          MONTH:     FEBRUARY
                                          YEAR:      2017
                                          LATITUDE:   33 57 N
                                          LONGITUDE: 117 27 W

  TEMPERATURE IN F:       :PCPN:    SNOW:  WIND      :SUNSHINE: SKY     :PK WND
================================================================================
1   2   3   4   5  6A  6B    7    8   9   10  11  12  13   14  15   16   17  18
                                     12Z  AVG MX 2MIN
DY MAX MIN AVG DEP HDD CDD  WTR  SNW DPTH SPD SPD DIR MIN PSBL S-S WX    SPD DR
================================================================================

 1  70  42  56   1   9   0 0.00  0.0    0  3.8 12 280   M    M   0        15 280
 2  65  41  53  -2  12   0 0.00  0.0    0  2.2  8 270   M    M   3        13 270
 3  60  48  54  -1  11   0    T    M    0  1.7  8  80   M    M   9 18      M  M
 4  64  50  57   2   8   0 0.00  0.0    0  2.8 10 270   M    M   7 18     12 270
 5  57  42  50  -5  15   0 0.00  0.0    0  2.7 14 270   M    M   7 128    18 270
 6  58  50  54  -1  11   0 0.18  0.0    0  1.1  7  80   M    M   9 1      10  70
 7  64  54  59   4   6   0 0.16  0.0    0  6.1 18 250   M    M  10 1      23 240
 8  70  56  63   8   2   0 0.01  0.0    0  0.7  7  70   M    M   4 1       8  50
 9  78  51  65  10   0   0 0.00  0.0    0  4.2 13 270   M    M   2 1      15 270
10  64  52  58   3   7   0 0.04  0.0    0  3.5 12 270   M    M   6 18     13 270
11  65  52  59   4   6   0 0.10  0.0    0  3.3 15 280   M    M   7 1      19 270
12  72  48  60   5   5   0 0.00  0.0    0  7.4 20  20   M    M   3 1      30  20
13  76  54  65  10   0   0 0.00  0.0    M  6.5 16  10   M    M   2        27  30
14  73  50  62   6   3   0 0.00  0.0    M  2.9 15 270   M    M   2        19 270
15  79  44  62   6   3   0 0.00  0.0    0  4.2 13 270   M    M   2        16 280
16  71  47  59   3   6   0 0.00  0.0    0  4.7 14 270   M    M   4        18 280
17  58  50  54  -2  11   0 1.16  0.0    0  7.4 20 140   M    M   9 1      29 140
18  59  49  54  -2  11   0 0.10    M    0  3.8 10 260   M    M   9 1      13 270
19  61  50  56   0   9   0 0.00  0.0    0  1.6  7  30   M    M  10        10 320
20  66  50  58   2   7   0    T  0.0    0  3.0 10 280   M    M  10 1      15 280
21  69  55  62   6   3   0 0.00  0.0    0  2.0 10 250   M    M   9 1      12 260
22  63  46  55  -1  10   0 0.00  0.0    0  5.8 17 250   M    M   4 1      24 260
23  59  39  49  -7  16   0 0.00  0.0    0  5.4 18 240   M    M   0        23 260
24  62  36  49  -7  16   0 0.00  0.0    0  3.3 10 270   M    M   1        16 280
25  63  37  50  -6  15   0 0.00  0.0    0  4.2 17 270   M    M   3        24 270
26  55  43  49  -8  16   0 0.13    M    0  2.9 12 280   M    M   9 1      14 280
================================================================================
SM 1701 1236       218   0  1.88     0.0  97.2          M      141
================================================================================
AV 65.4 47.5                               3.7 FASTST   M    M   5    MAX(MPH)
                                 MISC ---->  # 20  20               # 30   20
================================================================================
NOTES:
# LAST OF SEVERAL OCCURRENCES

COLUMN 17 PEAK WIND IN M.P.H.

PRELIMINARY LOCAL CLIMATOLOGICAL DATA (WS FORM: F-6) , PAGE 2

                                          STATION:  RIVERSIDE MUNI AIRPORT CA
                                          MONTH:    FEBRUARY
                                          YEAR:     2017
                                          LATITUDE:   33 57 N
                                          LONGITUDE: 117 27 W

[TEMPERATURE DATA]      [PRECIPITATION DATA]       SYMBOLS USED IN COLUMN 16

AVERAGE MONTHLY: 56.5   TOTAL FOR MONTH:   1.88    1 = FOG OR MIST
DPTR FM NORMAL:   0.9   DPTR FM NORMAL:   -0.96    2 = FOG REDUCING VISIBILITY
HIGHEST:    79 ON 15    GRTST 24HR  1.26 ON 17-18      TO 1/4 MILE OR LESS
LOWEST:     36 ON 24                               3 = THUNDER
                        SNOW, ICE PELLETS, HAIL    4 = ICE PELLETS
                        TOTAL MONTH:   0.0 INCH    5 = HAIL
                        GRTST 24HR     0.0         6 = FREEZING RAIN OR DRIZZLE
                        GRTST DEPTH:   0           7 = DUSTSTORM OR SANDSTORM:
                                                       VSBY 1/2 MILE OR LESS
                                                   8 = SMOKE OR HAZE
[NO. OF DAYS WITH]      [WEATHER - DAYS WITH]      9 = BLOWING SNOW
                                                   X = TORNADO
MAX 32 OR BELOW:   0    0.01 INCH OR MORE:   8
MAX 90 OR ABOVE:   0    0.10 INCH OR MORE:   6
MIN 32 OR BELOW:   0    0.50 INCH OR MORE:   1
MIN  0 OR BELOW:   0    1.00 INCH OR MORE:   1

[HDD (BASE 65) ]
TOTAL THIS MO.   218    CLEAR  (SCALE 0-3)   8
DPTR FM NORMAL   -30    PTCLDY (SCALE 4-7)   9
TOTAL FM JUL 1   935    CLOUDY (SCALE 8-10)  9
DPTR FM NORMAL  -158

[CDD (BASE 65) ]
TOTAL THIS MO.     0
DPTR FM NORMAL     0    [PRESSURE DATA]
TOTAL FM JAN 1     0    HIGHEST SLP M ON M
DPTR FM NORMAL    -6    LOWEST  SLP 29.44 ON 17

[REMARKS]
