000
CXUS53 KUNR 200945
CF6RAP
PRELIMINARY LOCAL CLIMATOLOGICAL DATA (WS FORM: F-6)

                                          STATION:   RAPID CITY AIRPORT SD
                                          MONTH:     OCTOBER
                                          YEAR:      2017
                                          LATITUDE:   44  2 N
                                          LONGITUDE: 103  4 W

  TEMPERATURE IN F:       :PCPN:    SNOW:  WIND      :SUNSHINE: SKY     :PK WND
================================================================================
1   2   3   4   5  6A  6B    7    8   9   10  11  12  13   14  15   16   17  18
                                     12Z  AVG MX 2MIN
DY MAX MIN AVG DEP HDD CDD  WTR  SNW DPTH SPD SPD DIR MIN PSBL S-S WX    SPD DR
================================================================================

 1  65  41  53  -1  12   0 0.00  0.0    0 13.8 35 330   M    M   5        41 320
 2  51  39  45  -8  20   0 0.22  0.0    0  6.9 12 340   M    M   9 1      14 340
 3  57  32  45  -8  20   0 0.06  0.0    0  8.3 18 350   M    M   5        23 340
 4  55  28  42 -10  23   0 0.00  0.0    0  8.7 21 160   M    M   5        25 160
 5  64  41  53   1  12   0 0.00  0.0    0 11.7 23 340   M    M   3        27 350
 6  61  39  50  -2  15   0    T  0.0    0  5.8 13 140   M    M   4 1      16 150
 7  79  36  58   7   7   0 0.00  0.0    0 10.0 28 340   M    M   0        35 340
 8  50  36  43  -8  22   0 0.22  0.0    0 12.7 25 330   M    M   8 1      32 330
 9  52  28  40 -10  25   0 0.00  0.0    0  7.4 25 360   M    M   1        31 350
10  63  25  44  -6  21   0 0.00  0.0    0 10.9 22 160   M    M   0        28 170
11  73  34  54   4  11   0 0.00  0.0    0  6.7 21 160   M    M   0        26 170
12  57  29  43  -6  22   0 0.00  0.0    0 16.0 33 340   M    M   0        41 340
13  68  28  48  -1  17   0 0.00  0.0    0  9.1 24 180   M    M   0        31 160
14  45  28  37 -11  28   0 0.08  0.0    0 18.2 33 330   M    M   5 3      40 330
15  62  24  43  -5  22   0 0.00  0.0    0  7.6 25 330   M    M   0        29 350
16  77  30  54   6  11   0 0.00  0.0    0  6.5 20 350   M    M   0        24  10
17  77  40  59  12   6   0 0.00  0.0    0  8.3 16 260   M    M   0        20 140
18  74  45  60  13   5   0 0.00  0.0    0 11.9 29 290   M    M   0        33 350
19  86  42  64  17   1   0 0.00  0.0    0  7.5 22 210   M    M   0        27 220
================================================================================
SM 1216  645       300   0  0.58     0.0 188.0          M       45
================================================================================
AV 64.0 34.0                               9.9 FASTST   M    M   2    MAX(MPH)
                                 MISC ---->  # 35 330               # 41  320
================================================================================
NOTES:
# LAST OF SEVERAL OCCURRENCES

COLUMN 17 PEAK WIND IN M.P.H.

PRELIMINARY LOCAL CLIMATOLOGICAL DATA (WS FORM: F-6) , PAGE 2

                                          STATION:  RAPID CITY AIRPORT SD
                                          MONTH:    OCTOBER
                                          YEAR:     2017
                                          LATITUDE:   44  2 N
                                          LONGITUDE: 103  4 W

[TEMPERATURE DATA]      [PRECIPITATION DATA]       SYMBOLS USED IN COLUMN 16

AVERAGE MONTHLY: 49.0   TOTAL FOR MONTH:   0.58    1 = FOG OR MIST
DPTR FM NORMAL:  -1.1   DPTR FM NORMAL:   -0.40    2 = FOG REDUCING VISIBILITY
HIGHEST:    86 ON 19    GRTST 24HR  0.22 ON  8- 8      TO 1/4 MILE OR LESS
LOWEST:     24 ON 15                               3 = THUNDER
                        SNOW, ICE PELLETS, HAIL    4 = ICE PELLETS
                        TOTAL MONTH:   0.0 INCH    5 = HAIL
                        GRTST 24HR     0.0         6 = FREEZING RAIN OR DRIZZLE
                        GRTST DEPTH:   0           7 = DUSTSTORM OR SANDSTORM:
                                                       VSBY 1/2 MILE OR LESS
                                                   8 = SMOKE OR HAZE
[NO. OF DAYS WITH]      [WEATHER - DAYS WITH]      9 = BLOWING SNOW
                                                   X = TORNADO
MAX 32 OR BELOW:   0    0.01 INCH OR MORE:   4
MAX 90 OR ABOVE:   0    0.10 INCH OR MORE:   2
MIN 32 OR BELOW:   9    0.50 INCH OR MORE:   0
MIN  0 OR BELOW:   0    1.00 INCH OR MORE:   0

[HDD (BASE 65) ]
TOTAL THIS MO.   300    CLEAR  (SCALE 0-3)  11
DPTR FM NORMAL    14    PTCLDY (SCALE 4-7)   7
TOTAL FM JUL 1   502    CLOUDY (SCALE 8-10)  1
DPTR FM NORMAL    -8

[CDD (BASE 65) ]
TOTAL THIS MO.     0
DPTR FM NORMAL     0    [PRESSURE DATA]
TOTAL FM JAN 1   709    HIGHEST SLP M ON M
DPTR FM NORMAL    76    LOWEST  SLP 29.43 ON  7

[REMARKS]
