000
CXUS56 KSTO 281455
CF6RDD
PRELIMINARY LOCAL CLIMATOLOGICAL DATA (WS FORM: F-6)

                                          STATION:   REDDING AIRPORT CA
                                          MONTH:     FEBRUARY
                                          YEAR:      2015
                                          LATITUDE:   40 30 N
                                          LONGITUDE: 122 18 W

  TEMPERATURE IN F:       :PCPN:    SNOW:  WIND      :SUNSHINE: SKY     :PK WND
================================================================================
1   2   3   4   5  6A  6B    7    8   9   10  11  12  13   14  15   16   17  18
                                     12Z  AVG MX 2MIN
DY MAX MIN AVG DEP HDD CDD  WTR  SNW DPTH SPD SPD DIR MIN PSBL S-S WX    SPD DR
================================================================================

 1  64  38  51   4  14   0 0.00  0.0    0  2.0 10  90   M    M   1 8      12  90
 2  59  45  52   4  13   0 0.44  0.0    0  2.8 13 270   M    M   7 12     23 320
 3  62  44  53   5  12   0 0.00  0.0    0  0.3  8 120   M    M   1 12     10 120
 4  60  42  51   3  14   0 0.00  0.0    0  0.8  7 280   M    M   4 12      7 280
 5  57  47  52   4  13   0 0.00  0.0    0  3.4 10  50   M    M   8 128    13 210
 6  58  51  55   7  10   0 1.60  0.0    0 20.9 47 170   M    M  10 1      59 170
 7  65  58  62  14   3   0 0.01  0.0    0 19.6 41 170   M    M   8        50 160
 8  63  56  60  12   5   0 0.74  0.0    0 15.3 48 160   M    M   8 18     58 160
 9  61  44  53   4  12   0 0.59    M    0 14.5 46 170   M    M   6 13     56 170
10  67  40  54   5  11   0 0.00  0.0    0  5.9 15 360   M    M   0        18 350
11  71  41  56   7   9   0 0.00  0.0    0  1.7 10 360   M    M   0        14 360
12  73  42  58   9   7   0 0.00  0.0    0  1.2  6 320   M    M   0         8 350
13  69  46  58   9   7   0 0.00  0.0    0  2.0  7 320   M    M   0        12 340
14  78  44  61  12   4   0 0.00  0.0    0  2.5  8 340   M    M   0        11 320
15  79  49  64  14   1   0 0.00  0.0    0  8.6 20  10   M    M   0        24 360
16  78  39  59   9   6   0 0.00  0.0    0  2.5 15  10   M    M   0        17  10
17  71  42  57   7   8   0 0.00  0.0    0  1.3  6 160   M    M   0        13 160
18  71  41  56   6   9   0 0.00  0.0    0  1.1  6 140   M    M   0 1       8 190
19  69  47  58   8   7   0 0.00  0.0    0  1.4  6  40   M    M   5 12      7  30
20  75  43  59   9   6   0 0.00  0.0    0 10.0 23  20   M    M   2 128    30  10
21  73  56  65  14   0   0 0.00  0.0    0 17.4 35  30   M    M   0        45  30
22  64  50  57   6   8   0 0.00  0.0    0 20.6 32  10   M    M   0        44  30
23  66  47  57   6   8   0 0.00  0.0    0 15.6 33  30   M    M   0        40  10
24  72  36  54   3  11   0 0.00  0.0    0  3.1 13 360   M    M   0        18 350
25  76  33  55   4  10   0 0.00  0.0    0  3.8 15  20   M    M   0 8      18 340
26  73  50  62  11   3   0 0.00  0.0    0  7.9 20  40   M    M   2        25  40
27  67  40  54   2  11   0 0.00  0.0    0  4.9 18 250   M    M   2        25 240
================================================================================
SM 1841 1211       222   0  3.38     0.0 191.1          M       64
================================================================================
AV 68.2 44.9                               7.1 FASTST   M    M   2    MAX(MPH)
                                 MISC ---->  # 48 160               # 59  170
================================================================================
NOTES:
# LAST OF SEVERAL OCCURRENCES

COLUMN 17 PEAK WIND IN M.P.H.

PRELIMINARY LOCAL CLIMATOLOGICAL DATA (WS FORM: F-6) , PAGE 2

                                          STATION:  REDDING AIRPORT CA
                                          MONTH:    FEBRUARY
                                          YEAR:     2015
                                          LATITUDE:   40 30 N
                                          LONGITUDE: 122 18 W

[TEMPERATURE DATA]      [PRECIPITATION DATA]       SYMBOLS USED IN COLUMN 16

AVERAGE MONTHLY: 56.5   TOTAL FOR MONTH:   3.38    1 = FOG OR MIST
DPTR FM NORMAL:   7.1   DPTR FM NORMAL:   -1.95    2 = FOG REDUCING VISIBILITY
HIGHEST:    79 ON 15    GRTST 24HR  1.61 ON  6- 7      TO 1/4 MILE OR LESS
LOWEST:     33 ON 25                               3 = THUNDER
                        SNOW, ICE PELLETS, HAIL    4 = ICE PELLETS
                        TOTAL MONTH:   0.0 INCH    5 = HAIL
                        GRTST 24HR     0.0         6 = FREEZING RAIN OR DRIZZLE
                        GRTST DEPTH:   0           7 = DUSTSTORM OR SANDSTORM:
                                                       VSBY 1/2 MILE OR LESS
                                                   8 = SMOKE OR HAZE
[NO. OF DAYS WITH]      [WEATHER - DAYS WITH]      9 = BLOWING SNOW
                                                   X = TORNADO
MAX 32 OR BELOW:   0    0.01 INCH OR MORE:   5
MAX 90 OR ABOVE:   0    0.10 INCH OR MORE:   4
MIN 32 OR BELOW:   0    0.50 INCH OR MORE:   3
MIN  0 OR BELOW:   0    1.00 INCH OR MORE:   1

[HDD (BASE 65) ]
TOTAL THIS MO.   222    CLEAR  (SCALE 0-3)  19
DPTR FM NORMAL  -198    PTCLDY (SCALE 4-7)   7
TOTAL FM JUL 1  1461    CLOUDY (SCALE 8-10)  1
DPTR FM NORMAL  -686

[CDD (BASE 65) ]
TOTAL THIS MO.     0
DPTR FM NORMAL     0    [PRESSURE DATA]
TOTAL FM JAN 1     0    HIGHEST SLP M ON M
DPTR FM NORMAL     0    LOWEST  SLP 29.59 ON  6

[REMARKS]
