000
CXUS51 KPHI 210800
CF6RDG
PRELIMINARY LOCAL CLIMATOLOGICAL DATA (WS FORM: F-6)

                                          STATION:   READING PA
                                          MONTH:     OCTOBER
                                          YEAR:      2014
                                          LATITUDE:   40 22 N
                                          LONGITUDE:  75 58 W

  TEMPERATURE IN F:       :PCPN:    SNOW:  WIND      :SUNSHINE: SKY     :PK WND
================================================================================
1   2   3   4   5  6A  6B    7    8   9   10  11  12  13   14  15   16   17  18
                                     12Z  AVG MX 2MIN
DY MAX MIN AVG DEP HDD CDD  WTR  SNW DPTH SPD SPD DIR MIN PSBL S-S WX    SPD DR
================================================================================

 1  76  59  68   9   0   3 0.02    M    M  3.3  9  70   M    M   7 1      12  50
 2  70  53  62   4   3   0 0.00    M    M  2.0  8 240   M    M   6 1       9 210
 3  73  54  64   6   1   0 0.07    M    M  7.5 17 140   M    M   7 1      24 140
 4  67  44  56  -2   9   0 0.26    M    M 10.4 22 290   M    M   7 1      30 280
 5  59  36  48  -9  17   0 0.00    M    M  4.0 17 300   M    M   5        24 300
 6  73  40  57   0   8   0 0.00    M    M  8.6 23 180   M    M   2 1      35 190
 7  71  58  65   8   0   0 0.15    M    M  8.5 17 210   M    M   6 1      25 200
 8  73  50  62   6   3   0    T    M    M  9.2 23 260   M    M   2 1      30 240
 9  72  45  59   3   6   0 0.00    M    M  6.8 23 250   M    M   0        29 250
10  62  44  53  -3  12   0    T    M    M  1.5  6 360   M    M   7         8  20
11  56  44  50  -5  15   0 0.21    M    M  3.1 12  10   M    M   8 12     15  10
12  64  37  51  -4  14   0 0.00    M    M  2.3 12  30   M    M   3 12     14  40
13  65  53  59   5   6   0 0.05    M    M  3.4  9 160   M    M  10 18     12 160
14  78  65  72  18   0   7 0.00    M    M 10.4 18 160   M    M   9 1      27 160
15  76  66  71  17   0   6 2.98    M    M  9.0 24 220   M    M  10 13     30 220
16  70  56  63   9   2   0 0.48    M    M  5.4 16 270   M    M   7 12     21 290
17  72  52  62   9   3   0 0.00    M    M  5.3 16 230   M    M   4 12     25 200
18  69  52  61   8   4   0 0.00    M    M  7.9 26 310   M    M   6        33 280
19  55  40  48  -5  17   0 0.00    M    M 11.8 26 310   M    M   5        35 290
20  62  35  49  -3  16   0    T    M    M  3.9 17 210   M    M   2        22 220
================================================================================
SM 1363  983       136  16  4.22    M    124.3          M      113
================================================================================
AV 68.2 49.2                               6.2 FASTST   M    M   6    MAX(MPH)
                                 MISC ---->  # 26 310               # 35  190
================================================================================
NOTES:
# LAST OF SEVERAL OCCURRENCES

COLUMN 17 PEAK WIND IN M.P.H.

PRELIMINARY LOCAL CLIMATOLOGICAL DATA (WS FORM: F-6) , PAGE 2

                                          STATION:  READING PA
                                          MONTH:    OCTOBER
                                          YEAR:     2014
                                          LATITUDE:   40 22 N
                                          LONGITUDE:  75 58 W

[TEMPERATURE DATA]      [PRECIPITATION DATA]       SYMBOLS USED IN COLUMN 16

AVERAGE MONTHLY: 58.7   TOTAL FOR MONTH:   4.22    1 = FOG OR MIST
DPTR FM NORMAL:   3.2   DPTR FM NORMAL:    1.88    2 = FOG REDUCING VISIBILITY
HIGHEST:    78 ON 14    GRTST 24HR  3.08 ON 15-16      TO 1/4 MILE OR LESS
LOWEST:     35 ON 20                               3 = THUNDER
                        SNOW, ICE PELLETS, HAIL    4 = ICE PELLETS
                        TOTAL MONTH:    M          5 = HAIL
                        GRTST 24HR    M  ON   M    6 = FREEZING RAIN OR DRIZZLE
                        GRTST DEPTH:  M  ON   M    7 = DUSTSTORM OR SANDSTORM:
                                                       VSBY 1/2 MILE OR LESS
                                                   8 = SMOKE OR HAZE
[NO. OF DAYS WITH]      [WEATHER - DAYS WITH]      9 = BLOWING SNOW
                                                   X = TORNADO
MAX 32 OR BELOW:   0    0.01 INCH OR MORE:   8
MAX 90 OR ABOVE:   0    0.10 INCH OR MORE:   5
MIN 32 OR BELOW:   0    0.50 INCH OR MORE:   1
MIN  0 OR BELOW:   0    1.00 INCH OR MORE:   1

[HDD (BASE 65) ]
TOTAL THIS MO.   136    CLEAR  (SCALE 0-3)   4
DPTR FM NORMAL   -65    PTCLDY (SCALE 4-7)  13
TOTAL FM JUL 1   191    CLOUDY (SCALE 8-10)  3
DPTR FM NORMAL   -89

[CDD (BASE 65) ]
TOTAL THIS MO.    16
DPTR FM NORMAL    11    [PRESSURE DATA]
TOTAL FM JAN 1   962    HIGHEST SLP M ON M
DPTR FM NORMAL    70    LOWEST  SLP 29.54 ON  4

[REMARKS]
