000
CXUS56 KPDT 261832
CF6RDM
PRELIMINARY LOCAL CLIMATOLOGICAL DATA (WS FORM: F-6)

                                          STATION:   REDMOND OR
                                          MONTH:     AUGUST
                                          YEAR:      2016
                                          LATITUDE:   44 16 N
                                          LONGITUDE: 121  9 W

  TEMPERATURE IN F:       :PCPN:    SNOW:  WIND      :SUNSHINE: SKY     :PK WND
================================================================================
1   2   3   4   5  6A  6B    7    8   9   10  11  12  13   14  15   16   17  18
                                     12Z  AVG MX 2MIN
DY MAX MIN AVG DEP HDD CDD  WTR  SNW DPTH SPD SPD DIR MIN PSBL S-S WX    SPD DR
================================================================================

 1  90  39  65  -2   0   0 0.00  0.0    0  6.3 18 300   M    M   0        23 290
 2  78  43  61  -6   4   0 0.00  0.0    0  8.3 24 290   M    M   0 8      33 300
 3  84  41  63  -4   2   0 0.00  0.0    0  6.1 17 340   M    M   0        21 350
 4  91  41  66  -1   0   1 0.00  0.0    0  6.6 15 340   M    M   0        20 360
 5  92  52  72   5   0   7 0.00  0.0    0  7.6 22 290   M    M   1 38     26 280
 6  86  47  67   0   0   2 0.00  0.0    0  6.7 20 320   M    M   0 8      27 310
 7  79  40  60  -7   5   0 0.00  0.0    0  7.7 24 300   M    M   0        34 290
 8  72  42  57 -10   8   0 0.02  0.0    0  5.5 18 340   M    M   8 8      24 340
 9  75  49  62  -5   3   0    T  0.0    0  6.2 15 310   M    M   5        21 310
10  83  41  62  -4   3   0 0.00  0.0    0  4.1 14 340   M    M   1 18     20 350
11  89  44  67   1   0   2 0.00  0.0    0  5.8 18 340   M    M   0 8      22 350
12  94  50  72   6   0   7 0.00  0.0    0  5.7 15 350   M    M   0        20 360
13  97  47  72   6   0   7 0.00  0.0    0  6.3 22 320   M    M   0        31 320
14  93  56  75   9   0  10 0.00  0.0    0  6.1 18 350   M    M   0        23  10
15  94  42  68   2   0   3 0.00  0.0    0  6.2 17 340   M    M   0 8      22 340
16  93  46  70   5   0   5 0.00  0.0    0  5.7 17 340   M    M   0        22 330
17  93  48  71   6   0   6 0.00  0.0    0  6.8 16 350   M    M   0        22 360
18  96  48  72   7   0   7 0.00  0.0    0  5.5 17 330   M    M   0        22 330
19  90  49  70   5   0   5 0.00  0.0    0  9.1 18 340   M    M   0 8      24 360
20  95  44  70   6   0   5 0.00  0.0    0  5.6 16 340   M    M   0 8      19 340
21  93  52  73   9   0   8 0.00  0.0    0 10.1 23 310   M    M   0        30 290
22  81  43  62  -2   3   0 0.00  0.0    0  6.3 20  20   M    M   0        24  40
23  82  37  60  -4   5   0 0.00  0.0    0  5.3 15 340   M    M   0        18 340
24  83  39  61  -2   4   0 0.00  0.0    0  5.9 18  10   M    M   0        24 280
25  86  45  66   3   0   1 0.00  0.0    0  5.7 20 320   M    M   0        26  30
================================================================================
SM 2189 1125        37  76  0.02     0.0 161.2          M       15
================================================================================
AV 87.6 45.0                               6.4 FASTST   M    M   1    MAX(MPH)
                                 MISC ---->  # 24 290               # 34  290
================================================================================
NOTES:
# LAST OF SEVERAL OCCURRENCES

COLUMN 17 PEAK WIND IN M.P.H.

PRELIMINARY LOCAL CLIMATOLOGICAL DATA (WS FORM: F-6) , PAGE 2

                                          STATION:  REDMOND OR
                                          MONTH:    AUGUST
                                          YEAR:     2016
                                          LATITUDE:   44 16 N
                                          LONGITUDE: 121  9 W

[TEMPERATURE DATA]      [PRECIPITATION DATA]       SYMBOLS USED IN COLUMN 16

AVERAGE MONTHLY: 66.3   TOTAL FOR MONTH:   0.02    1 = FOG OR MIST
DPTR FM NORMAL:   0.6   DPTR FM NORMAL:   -0.38    2 = FOG REDUCING VISIBILITY
HIGHEST:    97 ON 13    GRTST 24HR  0.02 ON  8- 8      TO 1/4 MILE OR LESS
LOWEST:     37 ON 23                               3 = THUNDER
                        SNOW, ICE PELLETS, HAIL    4 = ICE PELLETS
                        TOTAL MONTH:   0.0 INCH    5 = HAIL
                        GRTST 24HR     0.0         6 = FREEZING RAIN OR DRIZZLE
                        GRTST DEPTH:   0           7 = DUSTSTORM OR SANDSTORM:
                                                       VSBY 1/2 MILE OR LESS
                                                   8 = SMOKE OR HAZE
[NO. OF DAYS WITH]      [WEATHER - DAYS WITH]      9 = BLOWING SNOW
                                                   X = TORNADO
MAX 32 OR BELOW:   0    0.01 INCH OR MORE:   1
MAX 90 OR ABOVE:  13    0.10 INCH OR MORE:   0
MIN 32 OR BELOW:   0    0.50 INCH OR MORE:   0
MIN  0 OR BELOW:   0    1.00 INCH OR MORE:   0

[HDD (BASE 65) ]
TOTAL THIS MO.    37    CLEAR  (SCALE 0-3)  23
DPTR FM NORMAL   -19    PTCLDY (SCALE 4-7)   2
TOTAL FM JUL 1    86    CLOUDY (SCALE 8-10)  0
DPTR FM NORMAL   -39

[CDD (BASE 65) ]
TOTAL THIS MO.    76
DPTR FM NORMAL     3    [PRESSURE DATA]
TOTAL FM JAN 1   219    HIGHEST SLP 30.03 ON  1
DPTR FM NORMAL    20    LOWEST  SLP 29.67 ON M

[REMARKS]
