000
CXUS52 KRAH 231345
CF6RDU
PRELIMINARY LOCAL CLIMATOLOGICAL DATA (WS FORM: F-6)

                                          STATION:   RALEIGH-DURHAM INTL AIRPORT NC
                                          MONTH:     AUGUST
                                          YEAR:      2017
                                          LATITUDE:   35 52 N
                                          LONGITUDE:  78 47 W

  TEMPERATURE IN F:       :PCPN:    SNOW:  WIND      :SUNSHINE: SKY     :PK WND
================================================================================
1   2   3   4   5  6A  6B    7    8   9   10  11  12  13   14  15   16   17  18
                                     12Z  AVG MX 2MIN
DY MAX MIN AVG DEP HDD CDD  WTR  SNW DPTH SPD SPD DIR MIN PSBL S-S WX    SPD DR
================================================================================

 1  88  60  74  -6   0   9 0.00  0.0    0  3.0 12  50   M    M   5        18  90
 2  91  66  79  -1   0  14 0.00  0.0    0  3.3  9  50   M    M   8        12 220
 3  91  68  80   0   0  15 0.00  0.0    0  3.8 14 170   M    M   8        19 160
 4  92  68  80   0   0  15 0.00  0.0    0  7.2 17 230   M    M   6        25 220
 5  92  68  80   0   0  15 0.00  0.0    0  6.5 15 240   M    M   5        21 270
 6  90  65  78  -2   0  13 0.00  0.0    0  7.6 15 110   M    M   4        22 100
 7  92  74  83   4   0  18 0.04  0.0    0 10.9 25 220   M    M   9 13     34 210
 8  78  68  73  -6   0   8 1.50  0.0    0  5.8 21 230   M    M   9 1      28 230
 9  84  67  76  -3   0  11    T  0.0    0  6.7 16  80   M    M   7        22 100
10  88  63  76  -3   0  11    T  0.0    0  4.1 12  70   M    M   4 1      19 110
11  89  73  81   2   0  16 1.20  0.0    0  4.2 13 260   M    M   7 13     16 290
12  92  73  83   4   0  18 0.48  0.0    0  5.4 12 300   M    M   6 1      17 280
13  81  73  77  -2   0  12 0.73  0.0    0  6.3 15  40   M    M   8 13     20  60
14  88  73  81   2   0  16 0.21  0.0    0  3.7 16 200   M    M   9 13     19 200
15  91  76  84   5   0  19 0.07  0.0    0  2.8 15 240   M    M   7 123    19 240
16  92  74  83   4   0  18 0.00  0.0    0  4.0 10  50   M    M   5 12     14 110
17  94  75  85   6   0  20 0.24  0.0    0  5.0 21 220   M    M   6 1      25 220
18  98  75  87   9   0  22 0.01  0.0    0  7.4 16 220   M    M   5 13     21 210
19  92  73  83   5   0  18 0.05  0.0    0  2.8 10  20   M    M   4 13     14  30
20  95  71  83   5   0  18 0.00  0.0    0  3.6 13  70   M    M   4 1      22 100
21  93  71  82   4   0  17 0.00  0.0    0  3.2 13 150   M    M   3 1      16 140
22  96  74  85   7   0  20 0.00  0.0    0  7.6 16 220   M    M   3 1      22 220
================================================================================
SM 1987 1548         0 343  4.53     0.0 114.9          M      132
================================================================================
AV 90.3 70.4                               5.2 FASTST   M    M   6    MAX(MPH)
                                 MISC ---->  # 25 220               # 34  210
================================================================================
NOTES:
# LAST OF SEVERAL OCCURRENCES

COLUMN 17 PEAK WIND IN M.P.H.

PRELIMINARY LOCAL CLIMATOLOGICAL DATA (WS FORM: F-6) , PAGE 2

                                          STATION:  RALEIGH-DURHAM INTL AIRPORT NC
                                          MONTH:    AUGUST
                                          YEAR:     2017
                                          LATITUDE:   35 52 N
                                          LONGITUDE:  78 47 W

[TEMPERATURE DATA]      [PRECIPITATION DATA]       SYMBOLS USED IN COLUMN 16

AVERAGE MONTHLY: 80.3   TOTAL FOR MONTH:   4.53    1 = FOG OR MIST
DPTR FM NORMAL:   1.3   DPTR FM NORMAL:    1.61    2 = FOG REDUCING VISIBILITY
HIGHEST:    98 ON 18    GRTST 24HR  1.50 ON  8- 8      TO 1/4 MILE OR LESS
LOWEST:     60 ON  1                               3 = THUNDER
                        SNOW, ICE PELLETS, HAIL    4 = ICE PELLETS
                        TOTAL MONTH:   0.0 INCH    5 = HAIL
                        GRTST 24HR     0.0         6 = FREEZING RAIN OR DRIZZLE
                        GRTST DEPTH:   0           7 = DUSTSTORM OR SANDSTORM:
                                                       VSBY 1/2 MILE OR LESS
                                                   8 = SMOKE OR HAZE
[NO. OF DAYS WITH]      [WEATHER - DAYS WITH]      9 = BLOWING SNOW
                                                   X = TORNADO
MAX 32 OR BELOW:   0    0.01 INCH OR MORE:  10
MAX 90 OR ABOVE:  15    0.10 INCH OR MORE:   6
MIN 32 OR BELOW:   0    0.50 INCH OR MORE:   3
MIN  0 OR BELOW:   0    1.00 INCH OR MORE:   2

[HDD (BASE 65) ]
TOTAL THIS MO.     0    CLEAR  (SCALE 0-3)   2
DPTR FM NORMAL     0    PTCLDY (SCALE 4-7)  16
TOTAL FM JUL 1     0    CLOUDY (SCALE 8-10)  4
DPTR FM NORMAL     0

[CDD (BASE 65) ]
TOTAL THIS MO.   343
DPTR FM NORMAL    34    [PRESSURE DATA]
TOTAL FM JAN 1  1541    HIGHEST SLP M ON M
DPTR FM NORMAL   210    LOWEST  SLP 29.82 ON 18

[REMARKS]
