000
CXUS56 KBOI 231002
CF6REO
PRELIMINARY LOCAL CLIMATOLOGICAL DATA (WS FORM: F-6)

                                          STATION:   ROME OR
                                          MONTH:     MAY
                                          YEAR:      2017
                                          LATITUDE:   42 35 N
                                          LONGITUDE: 117 52 W

  TEMPERATURE IN F:       :PCPN:    SNOW:  WIND      :SUNSHINE: SKY     :PK WND
================================================================================
1   2   3   4   5  6A  6B    7    8   9   10  11  12  13   14  15   16   17  18
                                     12Z  AVG MX 2MIN
DY MAX MIN AVG DEP HDD CDD  WTR  SNW DPTH SPD SPD DIR MIN PSBL S-S WX    SPD DR
================================================================================

 1  70  31  51   1  14   0 0.03    M    M  7.6 24 300   M    M   0        33 300
 2  72  47  60  10   5   0 0.00    M    M  6.7 17  20   M    M   0        20  20
 3  77  38  58   8   7   0 0.00    M    M  4.8 13  10   M    M   0        15  10
 4  88  43  66  15   0   1 0.00    M    M  7.6 17 170   M    M   0        24 160
 5  83  59  71  20   0   6 0.01    M    M 13.1 31 140   M    M   0        40 130
 6  59  45  52   1  13   0 0.09    M    M 10.4 20 330   M    M   0        24 340
 7  64  35  50  -1  15   0 0.00    M    M  9.6 17 360   M    M   0        23  10
 8  70  29  50  -2  15   0 0.00    M    M  5.6 17 360   M    M   0        21 330
 9  77  34  56   4   9   0 0.00    M    M  6.3 14 360   M    M   0        16  10
10  84  39  62  10   3   0 0.00    M    M  5.1 15 200   M    M   0        21 230
11  84  49  67  15   0   2 0.00    M    M 13.2 28 200   M    M   0        36 180
12  61  35  48  -5  17   0 0.19    M    M 10.0 20  40   M    M   0        25  40
13  59  27  43 -10  22   0 0.01    M    M  9.8 23 210   M    M   0        29 210
14  59  26  43 -10  22   0 0.00    M    M  7.1 21 320   M    M   0        24 320
15  64  27  46  -7  19   0 0.00    M    M  5.2 13 360   M    M   0        18 360
16  58  37  48  -6  17   0 0.06    M    M 16.7 36 210   M    M   0        54 250
17  51  34  43 -11  22   0 0.00    M    M 12.1 26 310   M    M   0        33 300
18  64  43  54   0  11   0 0.00    M    M  7.3 14 360   M    M   0        20  20
19  74  36  55   1  10   0 0.00    M    M  7.3 15 340   M    M   0        19 300
20  78  37  58   3   7   0 0.00    M    M  6.7 26  10   M    M   0        35  10
21  77  39  58   3   7   0 0.00    M    M  6.3 13  10   M    M   0        17  40
22  84  41  63   8   2   0 0.00    M    M  5.1 12  50   M    M   0        19 350
================================================================================
SM 1557  831       237   9  0.39    M    183.6          M        0
================================================================================
AV 70.8 37.8                               8.3 FASTST   M    M   0    MAX(MPH)
                                 MISC ---->  # 36 210               # 54  250
================================================================================
NOTES:
# LAST OF SEVERAL OCCURRENCES

COLUMN 17 PEAK WIND IN M.P.H.

PRELIMINARY LOCAL CLIMATOLOGICAL DATA (WS FORM: F-6) , PAGE 2

                                          STATION:  ROME OR
                                          MONTH:    MAY
                                          YEAR:     2017
                                          LATITUDE:   42 35 N
                                          LONGITUDE: 117 52 W

[TEMPERATURE DATA]      [PRECIPITATION DATA]       SYMBOLS USED IN COLUMN 16

AVERAGE MONTHLY: 54.3   TOTAL FOR MONTH:   0.39    1 = FOG OR MIST
DPTR FM NORMAL:   1.8   DPTR FM NORMAL:   -0.61    2 = FOG REDUCING VISIBILITY
HIGHEST:    88 ON  4    GRTST 24HR  0.19 ON 12-12      TO 1/4 MILE OR LESS
LOWEST:     26 ON 14                               3 = THUNDER
                        SNOW, ICE PELLETS, HAIL    4 = ICE PELLETS
                        TOTAL MONTH:    M          5 = HAIL
                        GRTST 24HR    M  ON   M    6 = FREEZING RAIN OR DRIZZLE
                        GRTST DEPTH:  M  ON   M    7 = DUSTSTORM OR SANDSTORM:
                                                       VSBY 1/2 MILE OR LESS
                                                   8 = SMOKE OR HAZE
[NO. OF DAYS WITH]      [WEATHER - DAYS WITH]      9 = BLOWING SNOW
                                                   X = TORNADO
MAX 32 OR BELOW:   0    0.01 INCH OR MORE:   6
MAX 90 OR ABOVE:   0    0.10 INCH OR MORE:   1
MIN 32 OR BELOW:   5    0.50 INCH OR MORE:   0
MIN  0 OR BELOW:   0    1.00 INCH OR MORE:   0

[HDD (BASE 65) ]
TOTAL THIS MO.   237    CLEAR  (SCALE 0-3)  22
DPTR FM NORMAL   -43    PTCLDY (SCALE 4-7)   0
TOTAL FM JUL 1  5898    CLOUDY (SCALE 8-10)  0
DPTR FM NORMAL  -476

[CDD (BASE 65) ]
TOTAL THIS MO.     9
DPTR FM NORMAL     9    [PRESSURE DATA]
TOTAL FM JAN 1     9    HIGHEST SLP M ON M
DPTR FM NORMAL     9    LOWEST  SLP 29.56 ON 16

[REMARKS]
