000
CXUS53 KGRB 230645
CF6RHI
PRELIMINARY LOCAL CLIMATOLOGICAL DATA (WS FORM: F-6)

                                          STATION:   RHINELANDER WI
                                          MONTH:     JANUARY
                                          YEAR:      2018
                                          LATITUDE:   45 37 N
                                          LONGITUDE:  89 27 W

  TEMPERATURE IN F:       :PCPN:    SNOW:  WIND      :SUNSHINE: SKY     :PK WND
================================================================================
1   2   3   4   5  6A  6B    7    8   9   10  11  12  13   14  15   16   17  18
                                     12Z  AVG MX 2MIN
DY MAX MIN AVG DEP HDD CDD  WTR  SNW DPTH SPD SPD DIR MIN PSBL S-S WX    SPD DR
================================================================================

 1   3 -15  -6 -19  71   0 0.00  0.0    7 10.0 16 280   M    M   4 1      21 290
 2  12  -6   3 -10  62   0 0.01  0.7    7 10.8 23 230   M    M   3 189    33 230
 3   9  -3   3 -10  62   0 0.01  0.4    7  7.4 15 330   M    M   9 18     21 320
 4   5  -1   2 -11  63   0    T    T    7  6.2 14 350   M    M  10        20 350
 5   5 -11  -3 -15  68   0    T    T    7  6.5 13 320   M    M   6        19  10
 6   9 -21  -6 -18  71   0 0.00  0.0    7  6.8 18 200   M    M   2        27 190
 7  24   9  17   5  48   0    T    T    7 12.8 21 220   M    M   8 189    32 220
 8  33  14  24  12  41   0    T    T    6 12.2 25 270   M    M   4 1      34 280
 9  30   2  16   4  49   0 0.00  0.0    6  6.0 14 170   M    M   5        23 170
10  35  30  33  21  32   0    T  0.0    6 10.7 18 200   M    M   7 12     27 200
11  37  11  24  12  41   0 0.42  3.1    8  7.6 16 360   M    M  10 12     25 330
12  11 -11   0 -12  65   0    T    T    8  7.2 15 350   M    M   6 18     24  10
13   4 -20  -8 -20  73   0 0.00  0.0    8  5.5 12 270   M    M   0        14 270
14  11 -24  -6 -18  71   0 0.03  0.4    8  5.8 17 200   M    M   5 1      21 200
15  21  10  16   4  49   0 0.11  1.9    9  5.8 14  90   M    M   9 18     17  90
16  20   2  11  -1  54   0    T    T    9  5.8 13 260   M    M   5 1      20  10
17  23   1  12   0  53   0 0.00  0.0    9 13.4 21 240   M    M   2 89     31 230
18  36  17  27  15  38   0 0.00  0.0    9  8.7 16 270   M    M   1        22 260
19  39  23  31  19  34   0 0.00  0.0    8  8.9 14 270   M    M   0        19 230
20  37  21  29  17  36   0 0.00  0.0    7  3.9 10 280   M    M   4 12     14 280
21  40  30  35  23  30   0 0.00  0.0    6  2.5  9  50   M    M  10 18     13  40
22  33  23  28  16  37   0 0.42  6.1   13 10.8 26  30   M    M  10 12     38  30
================================================================================
SM  477   81      1148   0  1.00    12.6 175.3          M      120
================================================================================
AV 21.7  3.7                               8.0 FASTST   M    M   5    MAX(MPH)
                                 MISC ---->  # 26  30               # 38   30
================================================================================
NOTES:
# LAST OF SEVERAL OCCURRENCES

COLUMN 17 PEAK WIND IN M.P.H.

PRELIMINARY LOCAL CLIMATOLOGICAL DATA (WS FORM: F-6) , PAGE 2

                                          STATION:  RHINELANDER WI
                                          MONTH:    JANUARY
                                          YEAR:     2018
                                          LATITUDE:   45 37 N
                                          LONGITUDE:  89 27 W

[TEMPERATURE DATA]      [PRECIPITATION DATA]       SYMBOLS USED IN COLUMN 16

AVERAGE MONTHLY: 12.7   TOTAL FOR MONTH:   1.00    1 = FOG OR MIST
DPTR FM NORMAL:   0.5   DPTR FM NORMAL:    0.20    2 = FOG REDUCING VISIBILITY
HIGHEST:    40 ON 21    GRTST 24HR  0.42 ON 22-22      TO 1/4 MILE OR LESS
LOWEST:    -24 ON 14                               3 = THUNDER
                        SNOW, ICE PELLETS, HAIL    4 = ICE PELLETS
                        TOTAL MONTH:  12.6 INCHES  5 = HAIL
                        GRTST 24HR   6.1 ON 22-22  6 = FREEZING RAIN OR DRIZZLE
                        GRTST DEPTH:  13 ON 22     7 = DUSTSTORM OR SANDSTORM:
                                                       VSBY 1/2 MILE OR LESS
                                                   8 = SMOKE OR HAZE
[NO. OF DAYS WITH]      [WEATHER - DAYS WITH]      9 = BLOWING SNOW
                                                   X = TORNADO
MAX 32 OR BELOW:  14    0.01 INCH OR MORE:   6
MAX 90 OR ABOVE:   0    0.10 INCH OR MORE:   3
MIN 32 OR BELOW:  22    0.50 INCH OR MORE:   0
MIN  0 OR BELOW:   9    1.00 INCH OR MORE:   0

[HDD (BASE 65) ]
TOTAL THIS MO.  1148    CLEAR  (SCALE 0-3)   6
DPTR FM NORMAL   -13    PTCLDY (SCALE 4-7)  10
TOTAL FM JUL 1  4725    CLOUDY (SCALE 8-10)  6
DPTR FM NORMAL   -62

[CDD (BASE 65) ]
TOTAL THIS MO.     0
DPTR FM NORMAL     0    [PRESSURE DATA]
TOTAL FM JAN 1     0    HIGHEST SLP M ON M
DPTR FM NORMAL     0    LOWEST  SLP 29.53 ON 19

[REMARKS]
