000
CXUS55 KGJT 281000
CF6RIL
PRELIMINARY LOCAL CLIMATOLOGICAL DATA (WS FORM: F-6)

                                          STATION:   RIFLE CO
                                          MONTH:     JUNE
                                          YEAR:      2017
                                          LATITUDE:   39 31 N
                                          LONGITUDE: 107 43 W

  TEMPERATURE IN F:       :PCPN:    SNOW:  WIND      :SUNSHINE: SKY     :PK WND
================================================================================
1   2   3   4   5  6A  6B    7    8   9   10  11  12  13   14  15   16   17  18
                                     12Z  AVG MX 2MIN
DY MAX MIN AVG DEP HDD CDD  WTR  SNW DPTH SPD SPD DIR MIN PSBL S-S WX    SPD DR
================================================================================

 1  84  50  67   6   0   2 0.07    M    M  5.7 25 150   M    M   3 3      28 140
 2  80  51  66   4   0   1    T    M    M  6.3 29 250   M    M   2 3      34 260
 3  87  45  66   4   0   1 0.00    M    M  3.4 13 100   M    M   0        15 110
 4  92  48  70   8   0   5 0.00    M    M  4.4 17 280   M    M   0        23 260
 5  90  55  73  10   0   8 0.00    M    M  7.1 30  80   M    M   1 3      38  80
 6  89  56  73  10   0   8 0.00    M    M  8.7 36 310   M    M   1 3      49 320
 7  93  60  77  14   0  12    T    M    M  8.1 26  30   M    M   0        37  20
 8  92  53  73   9   0   8 0.00    M    M  8.8 26 270   M    M   0        33 270
 9  93  48  71   7   0   6 0.00    M    M  8.2 33 230   M    M   0        41 210
10  94  62  78  14   0  13 0.00    M    M 11.2 29 210   M    M   0        39 220
11  90  56  73   8   0   8 0.00    M    M  9.2 29 140   M    M   0        36 150
12  89  52  71   6   0   6 0.00    M    M 18.0 44 260   M    M   0        57 180
13  76  41  59  -7   6   0 0.00    M    M 11.9 33 260   M    M   0        41 270
14  85  43  64  -2   1   0 0.00    M    M  8.9 26 260   M    M   0        35 270
15  91  46  69   3   0   4 0.00    M    M  8.0 25 290   M    M   0        32 300
16  94  51  73   7   0   8 0.00    M    M  7.9 25 260   M    M   0        31 250
17  94  55  75   8   0  10 0.00    M    M  8.1 24 320   M    M   1        34 320
18  91  53  72   5   0   7 0.00    M    M  5.8 17 310   M    M   0        22 320
19  93  54  74   7   0   9 0.00    M    M  4.4 14 110   M    M   0        16 320
20 100  55  78  10   0  13 0.00    M    M  6.3 26 260   M    M   0 3      38 270
21  98  60  79  11   0  14    T    M    M  7.9 38 310   M    M   0        51 310
22  96  58  77   9   0  12    T    M    M  8.5 59 270   M    M   1        70 270
23  90  51  71   2   0   6 0.00    M    M  5.7 18 350   M    M   0        25 310
24  88  48  68  -1   0   3 0.00    M    M  6.5 20 320   M    M   0        24 320
25  93  50  72   3   0   7 0.00    M    M  6.5 16  10   M    M   0        25 340
26  95  52  74   4   0   9 0.00    M    M  5.4 18 350   M    M   0        32 350
27  95  55  75   5   0  10 0.00    M    M  9.2 33 280   M    M   0        40 220
================================================================================
SM 2452 1408         7 190  0.07    M    210.1          M        9
================================================================================
AV 90.8 52.2                               7.8 FASTST   M    M   0    MAX(MPH)
                                 MISC ---->  # 59 270               # 70  270
================================================================================
NOTES:
# LAST OF SEVERAL OCCURRENCES

COLUMN 17 PEAK WIND IN M.P.H.

PRELIMINARY LOCAL CLIMATOLOGICAL DATA (WS FORM: F-6) , PAGE 2

                                          STATION:  RIFLE CO
                                          MONTH:    JUNE
                                          YEAR:     2017
                                          LATITUDE:   39 31 N
                                          LONGITUDE: 107 43 W

[TEMPERATURE DATA]      [PRECIPITATION DATA]       SYMBOLS USED IN COLUMN 16

AVERAGE MONTHLY: 71.5   TOTAL FOR MONTH:   0.07    1 = FOG OR MIST
DPTR FM NORMAL:   5.8   DPTR FM NORMAL:   -0.90    2 = FOG REDUCING VISIBILITY
HIGHEST:   100 ON 20    GRTST 24HR  0.07 ON  1- 1      TO 1/4 MILE OR LESS
LOWEST:     41 ON 13                               3 = THUNDER
                        SNOW, ICE PELLETS, HAIL    4 = ICE PELLETS
                        TOTAL MONTH:    M          5 = HAIL
                        GRTST 24HR    M  ON   M    6 = FREEZING RAIN OR DRIZZLE
                        GRTST DEPTH:  M  ON   M    7 = DUSTSTORM OR SANDSTORM:
                                                       VSBY 1/2 MILE OR LESS
                                                   8 = SMOKE OR HAZE
[NO. OF DAYS WITH]      [WEATHER - DAYS WITH]      9 = BLOWING SNOW
                                                   X = TORNADO
MAX 32 OR BELOW:   0    0.01 INCH OR MORE:   1
MAX 90 OR ABOVE:  19    0.10 INCH OR MORE:   0
MIN 32 OR BELOW:   0    0.50 INCH OR MORE:   0
MIN  0 OR BELOW:   0    1.00 INCH OR MORE:   0

[HDD (BASE 65) ]
TOTAL THIS MO.     7    CLEAR  (SCALE 0-3)  27
DPTR FM NORMAL   -50    PTCLDY (SCALE 4-7)   0
TOTAL FM JUL 1  5468    CLOUDY (SCALE 8-10)  0
DPTR FM NORMAL -1155

[CDD (BASE 65) ]
TOTAL THIS MO.   190
DPTR FM NORMAL   112    [PRESSURE DATA]
TOTAL FM JAN 1   196    HIGHEST SLP M ON M
DPTR FM NORMAL   111    LOWEST  SLP 29.47 ON M

[REMARKS]
