000
CXUS54 KCRP 301300
CF6RKP
PRELIMINARY LOCAL CLIMATOLOGICAL DATA (WS FORM: F-6)

                                          STATION:   ROCKPORT
                                          MONTH:     APRIL
                                          YEAR:      2017
                                          LATITUDE:   28  4 N
                                          LONGITUDE:  97  3 W

  TEMPERATURE IN F:       :PCPN:    SNOW:  WIND      :SUNSHINE: SKY     :PK WND
================================================================================
1   2   3   4   5  6A  6B    7    8   9   10  11  12  13   14  15   16   17  18
                                     12Z  AVG MX 2MIN
DY MAX MIN AVG DEP HDD CDD  WTR  SNW DPTH SPD SPD DIR MIN PSBL S-S WX    SPD DR
================================================================================

 1  80  72  76   7   0  11 0.00  0.0    0 17.8 23 140   M    M   8 1      29 140
 2  85  73  79  10   0  14    T  0.0    0 11.8 18 140   M    M   6 18     25 150
 3  91  57  74   4   0   9 0.00  0.0    0  9.1 20 330   M    M   0        25 330
 4  85  70  78   8   0  13 0.00  0.0    0 11.3 20 140   M    M   2 18     25 140
 5  80  55  68  -2   0   3 0.00  0.0    0 14.7 29 350   M    M   3 18     37 350
 6  79  49  64  -6   1   0 0.00  0.0    0  5.7 13 130   M    M   0        16 130
 7  81  64  73   3   0   8 0.00  0.0    0 10.6 21 140   M    M   0        25 130
 8  82  70  76   5   0  11 0.00  0.0    0 13.9 23 140   M    M   1        30 140
 9  83  71  77   6   0  12 0.00  0.0    0 15.7 24 140   M    M   5        31 140
10  81  73  77   6   0  12    T  0.0    0 13.8 21 120   M    M   9 18     27 120
11  81  67  74   3   0   9 0.13  0.0    0 16.3 37 130   M    M   6 13     46 120
12  78  65  72   0   0   7 0.00  0.0    0 10.9 16 130   M    M   5 18     20 120
13  82  72  77   5   0  12 0.00  0.0    0 12.8 20 120   M    M   2        25 130
14  82  70  76   4   0  11 0.00  0.0    0 12.7 20 130   M    M   1        24 140
15  83  72  78   6   0  13 0.00  0.0    0 13.3 18 130   M    M   4        24 140
16  83  74  79   7   0  14 0.00  0.0    0 13.5 20 140   M    M   7        25 140
17  84  70  77   4   0  12    T  0.0    0  9.5 18 120   M    M   4 3      23 120
18  80  69  75   2   0  10 0.31  0.0    0  9.1 20  50   M    M   5 138    23  50
19  85  72  79   6   0  14 0.00  0.0    0 11.5 18 140   M    M   2        24 140
20  85  75  80   7   0  15 0.00  0.0    0 12.8 18 140   M    M   6        24 140
21  85  75  80   6   0  15 0.00  0.0    0 12.8 18 150   M    M   3        27 140
22  86  64  75   1   0  10 0.00  0.0    0 12.5 24  20   M    M   6        32  10
23  81  60  71  -3   0   6    T  0.0    0 13.1 24  10   M    M   4        30  10
24  80  54  67  -7   0   2 0.00  0.0    0  9.1 17 150   M    M   0        24 170
25  86  73  80   6   0  15 0.00  0.0    0 14.3 23 150   M    M   7        33 150
26  99  72  86  11   0  21 0.00  0.0    0 11.9 25  20   M    M   4 8      33 180
27  79  65  72  -3   0   7 0.00  0.0    0 13.0 20  50   M    M   4        26  30
28  87  75  81   6   0  16 0.00  0.0    0 14.2 23 150   M    M   6 18     33 150
29  88  64  76   1   0  11 0.08  0.0    0 18.1 32 330   M    M  10 138    41 330
================================================================================
SM 2421 1962         1 313  0.52     0.0 365.8          M      120
================================================================================
AV 83.5 67.7                              12.6 FASTST   M    M   4    MAX(MPH)
                                 MISC ---->  # 37 130               # 46  120
================================================================================
NOTES:
# LAST OF SEVERAL OCCURRENCES

COLUMN 17 PEAK WIND IN M.P.H.

PRELIMINARY LOCAL CLIMATOLOGICAL DATA (WS FORM: F-6) , PAGE 2

                                          STATION:  ROCKPORT
                                          MONTH:    APRIL
                                          YEAR:     2017
                                          LATITUDE:   28  4 N
                                          LONGITUDE:  97  3 W

[TEMPERATURE DATA]      [PRECIPITATION DATA]       SYMBOLS USED IN COLUMN 16

AVERAGE MONTHLY: 75.6   TOTAL FOR MONTH:   0.52    1 = FOG OR MIST
DPTR FM NORMAL:   3.4   DPTR FM NORMAL:   -0.99    2 = FOG REDUCING VISIBILITY
HIGHEST:    99 ON 26    GRTST 24HR  0.31 ON 18-18      TO 1/4 MILE OR LESS
LOWEST:     49 ON  6                               3 = THUNDER
                        SNOW, ICE PELLETS, HAIL    4 = ICE PELLETS
                        TOTAL MONTH:   0.0 INCH    5 = HAIL
                        GRTST 24HR     0.0         6 = FREEZING RAIN OR DRIZZLE
                        GRTST DEPTH:   0           7 = DUSTSTORM OR SANDSTORM:
                                                       VSBY 1/2 MILE OR LESS
                                                   8 = SMOKE OR HAZE
[NO. OF DAYS WITH]      [WEATHER - DAYS WITH]      9 = BLOWING SNOW
                                                   X = TORNADO
MAX 32 OR BELOW:   0    0.01 INCH OR MORE:   3
MAX 90 OR ABOVE:   2    0.10 INCH OR MORE:   2
MIN 32 OR BELOW:   0    0.50 INCH OR MORE:   0
MIN  0 OR BELOW:   0    1.00 INCH OR MORE:   0

[HDD (BASE 65) ]
TOTAL THIS MO.     1    CLEAR  (SCALE 0-3)  11
DPTR FM NORMAL   -14    PTCLDY (SCALE 4-7)  16
TOTAL FM JUL 1   410    CLOUDY (SCALE 8-10)  2
DPTR FM NORMAL  -467

[CDD (BASE 65) ]
TOTAL THIS MO.   313
DPTR FM NORMAL    90    [PRESSURE DATA]
TOTAL FM JAN 1   750    HIGHEST SLP M ON M
DPTR FM NORMAL   378    LOWEST  SLP 29.43 ON 26

[REMARKS]
