000
CXUS52 KFFC 301110
CF6RMG
PRELIMINARY LOCAL CLIMATOLOGICAL DATA (WS FORM: F-6)

                                          STATION:   ROME
                                          MONTH:     JUNE
                                          YEAR:      2015
                                          LATITUDE:   34 20 N
                                          LONGITUDE:  85 10 W

  TEMPERATURE IN F:       :PCPN:    SNOW:  WIND      :SUNSHINE: SKY     :PK WND
================================================================================
1   2   3   4   5  6A  6B    7    8   9   10  11  12  13   14  15   16   17  18
                                     12Z  AVG MX 2MIN
DY MAX MIN AVG DEP HDD CDD  WTR  SNW DPTH SPD SPD DIR MIN PSBL S-S WX    SPD DR
================================================================================

 1  80  65  73   0   0   8 0.15  0.0    0  3.4 14 180   M    M   5 138    20 180
 2  81  63  72  -1   0   7 0.46    M    M  2.4 14  70   M    M   6 13     16  90
 3  82  61  72  -1   0   7 0.01  0.0    0  4.2 18 110   M    M   5 3      25 110
 4  82  60  71  -3   0   6 0.00  0.0    M  2.0 10 100   M    M   5        13 100
 5  86  62  74   0   0   9 0.00    M    M  2.2 12 300   M    M   2 3      14 310
 6  88  63  76   2   0  11 0.00    M    M  3.5 13  20   M    M   1        17 360
 7  90  64  77   3   0  12 0.00    M    M  2.8 13 140   M    M   1 1      16 150
 8  90  66  78   3   0  13 0.28    M    M  4.9 24 310   M    M   1 13     34 320
 9  88  67  78   3   0  13 0.00    M    M  3.4 15 170   M    M   3 13     18 160
10  90  65  78   3   0  13 0.00    M    M  2.4  8  60   M    M   0        11  80
11  87  67  77   2   0  12    T  0.0    M  2.4 15  80   M    M   3 13     21 110
12  89  69  79   4   0  14 0.15  0.0    M  2.8 16 170   M    M   7 1      19 160
13  92  67  80   4   0  15 0.00    M    M  2.2 10 140   M    M   1 1      13 120
14  94  67  81   5   0  16 0.00    M    M  2.1 10 230   M    M   1        15 210
15  96  68  82   6   0  17 0.00    M    M  1.3 10 310   M    M   1        16 300
16  96  69  83   7   0  18 0.00    M    M  2.4  9 310   M    M   2 3      12 350
17  97  71  84   8   0  19 0.00    M    M  2.5 12 260   M    M   1        15 280
18  96  71  84   7   0  19    T    M    M  3.4 16 190   M    M   1 3      23 170
19  94  69  82   5   0  17 0.00    M    M  4.2 15 250   M    M   2        20 240
20  93  74  84   7   0  19 0.01    M    M  6.9 20 280   M    M   4        30 280
21  96  72  84   7   0  19 0.00    M    M  5.0 15 290   M    M   3 1      20 320
22  98  70  84   7   0  19 0.00    M    M  3.0 14 350   M    M   1        20 340
23  97  72  85   7   0  20 0.00    M    M  4.6 15 300   M    M   2        22 320
24  99  71  85   7   0  20 0.00    M    M  4.7 28  20   M    M   1 3      37  30
25  96  67  82   4   0  17 1.02    M    M  2.3 28 300   M    M   2 38     34 290
26  95  71  83   5   0  18    T    M    M  3.3 15 260   M    M   1 13     22 280
27  83  70  77  -1   0  12 0.62  0.0    M  5.5 17 320   M    M   8 138    22 320
28  84  60  72  -6   0   7 0.00  0.0    M  4.2 14 330   M    M   1 1      18 330
29  88  58  73  -5   0   8 0.00  0.0    M  3.4 14 210   M    M   2        20 220
================================================================================
SM 2627 1939         0 405  2.70     0.0  97.4          M       73
================================================================================
AV 90.6 66.9                               3.4 FASTST   M    M   3    MAX(MPH)
                                 MISC ---->  # 28  20               # 37   30
================================================================================
NOTES:
# LAST OF SEVERAL OCCURRENCES

COLUMN 17 PEAK WIND IN M.P.H.

PRELIMINARY LOCAL CLIMATOLOGICAL DATA (WS FORM: F-6) , PAGE 2

                                          STATION:  ROME
                                          MONTH:    JUNE
                                          YEAR:     2015
                                          LATITUDE:   34 20 N
                                          LONGITUDE:  85 10 W

[TEMPERATURE DATA]      [PRECIPITATION DATA]       SYMBOLS USED IN COLUMN 16

AVERAGE MONTHLY: 78.7   TOTAL FOR MONTH:   2.70    1 = FOG OR MIST
DPTR FM NORMAL:   2.8   DPTR FM NORMAL:   -1.24    2 = FOG REDUCING VISIBILITY
HIGHEST:    99 ON 24    GRTST 24HR  1.02 ON 25-25      TO 1/4 MILE OR LESS
LOWEST:     58 ON 29                               3 = THUNDER
                        SNOW, ICE PELLETS, HAIL    4 = ICE PELLETS
                        TOTAL MONTH:   0.0 INCH    5 = HAIL
                        GRTST 24HR     0.0         6 = FREEZING RAIN OR DRIZZLE
                        GRTST DEPTH:   0           7 = DUSTSTORM OR SANDSTORM:
                                                       VSBY 1/2 MILE OR LESS
                                                   8 = SMOKE OR HAZE
[NO. OF DAYS WITH]      [WEATHER - DAYS WITH]      9 = BLOWING SNOW
                                                   X = TORNADO
MAX 32 OR BELOW:   0    0.01 INCH OR MORE:   8
MAX 90 OR ABOVE:  17    0.10 INCH OR MORE:   6
MIN 32 OR BELOW:   0    0.50 INCH OR MORE:   2
MIN  0 OR BELOW:   0    1.00 INCH OR MORE:   1

[HDD (BASE 65) ]
TOTAL THIS MO.     0    CLEAR  (SCALE 0-3)  21
DPTR FM NORMAL     0    PTCLDY (SCALE 4-7)   8
TOTAL FM JUL 1  3236    CLOUDY (SCALE 8-10)  0
DPTR FM NORMAL   -13

[CDD (BASE 65) ]
TOTAL THIS MO.   405
DPTR FM NORMAL    90    [PRESSURE DATA]
TOTAL FM JAN 1   662    HIGHEST SLP  0.00 ON 16
DPTR FM NORMAL   179    LOWEST  SLP  0.00 ON 16

[REMARKS]
