000
CXUS52 KFFC 301110
CF6RMG
PRELIMINARY LOCAL CLIMATOLOGICAL DATA (WS FORM: F-6)

                                          STATION:   ROME
                                          MONTH:     SEPTEMBER
                                          YEAR:      2014
                                          LATITUDE:   34 20 N
                                          LONGITUDE:  85 10 W

  TEMPERATURE IN F:       :PCPN:    SNOW:  WIND      :SUNSHINE: SKY     :PK WND
================================================================================
1   2   3   4   5  6A  6B    7    8   9   10  11  12  13   14  15   16   17  18
                                     12Z  AVG MX 2MIN
DY MAX MIN AVG DEP HDD CDD  WTR  SNW DPTH SPD SPD DIR MIN PSBL S-S WX    SPD DR
================================================================================

 1  94  70  82   6   0  17 0.00    M    M  3.8 20 180   M    M   1 3      26 180
 2  94  67  81   5   0  16 0.05    M    M  4.0 18 160   M    M   1 13     23 160
 3  93  72  83   7   0  18 0.51    M    M  3.8 23  70   M    M   4 13     28  70
 4  88  70  79   3   0  14 0.00  0.0    M  2.7 14 150   M    M   6        17 140
 5  89  70  80   5   0  15 0.00  0.0    M  2.1 10 360   M    M   2 13     16 250
 6  93  69  81   6   0  16 0.24  0.0    M  1.4 14 170   M    M   3 128    16 170
 7  91  69  80   5   0  15 0.00  0.0    M  3.4 16  50   M    M   1        20  40
 8  89  69  79   4   0  14 0.00  0.0    M  3.2  9 150   M    M   4        16 130
 9  88  71  80   6   0  15 0.00    M    M  3.5 13 180   M    M   5        16 170
10  89  71  80   6   0  15 0.00    M    M  5.5 14 160   M    M   7        19 180
11  92  71  82   8   0  17 0.18    M    M  3.3 16 260   M    M   5 1      20 270
12  89  72  81   8   0  16 0.57    M    M  3.1 20 320   M    M   5 13     24 320
13  82  65  74   1   0   9 0.00  0.0    M  8.2 16 360   M    M   4 1      20 340
14  80  62  71  -2   0   6 0.00  0.0    M  3.7 10 350   M    M   6 18     12 140
15  79  67  73   1   0   8 0.01  0.0    M  1.9  8 120   M    M   8 1      11 180
16  88  70  79   7   0  14    T  0.0    M  3.2 10 330   M    M   4 1      14 330
17  85  62  74   2   0   9 0.00  0.0    M  3.5 13 310   M    M   2        19 260
18  86  58  72   1   0   7 0.00  0.0    0  2.7  9  70   M    M   1 1      12  40
19  87  60  74   3   0   9 0.13    M    M  4.2 15  80   M    M   2        20  70
20  87  61  74   3   0   9 0.00    M    M  3.7 13  90   M    M   1        17 100
21  90  57  74   4   0   9 0.01    M    M  4.2 17 280   M    M   3 1      21 280
22  79  57  68  -2   0   3 0.00  0.0    0  9.4 22  20   M    M   1        29 340
23  82  52  67  -3   0   2 0.00  0.0    0  5.1 16  50   M    M   2        26  50
24  82  53  68  -1   0   3 0.00  0.0    0  3.9 14 110   M    M   0        17  90
25  84  54  69   0   0   4 0.00  0.0    M  4.3 15 350   M    M   1        22  10
26  83  58  71   3   0   6 0.00  0.0    M  3.5 14  80   M    M   4        19  50
27  78  60  69   1   0   4 0.00  0.0    M  3.5 15  60   M    M   7        18  90
28  77  59  68   0   0   3 0.00  0.0    M  2.3  8  60   M    M   8        11  30
29  76  61  69   2   0   4 0.12  0.0    M  2.6  8  60   M    M   8 1      11  50
================================================================================
SM 2494 1857         0 297  1.82     0.0 109.7          M      106
================================================================================
AV 86.0 64.0                               3.8 FASTST   M    M   4    MAX(MPH)
                                 MISC ---->  # 23  70               # 29  340
================================================================================
NOTES:
# LAST OF SEVERAL OCCURRENCES

COLUMN 17 PEAK WIND IN M.P.H.

PRELIMINARY LOCAL CLIMATOLOGICAL DATA (WS FORM: F-6) , PAGE 2

                                          STATION:  ROME
                                          MONTH:    SEPTEMBER
                                          YEAR:     2014
                                          LATITUDE:   34 20 N
                                          LONGITUDE:  85 10 W

[TEMPERATURE DATA]      [PRECIPITATION DATA]       SYMBOLS USED IN COLUMN 16

AVERAGE MONTHLY: 75.0   TOTAL FOR MONTH:   1.82    1 = FOG OR MIST
DPTR FM NORMAL:   2.8   DPTR FM NORMAL:   -1.45    2 = FOG REDUCING VISIBILITY
HIGHEST:    94 ON  2, 1 GRTST 24HR  0.62 ON 11-12      TO 1/4 MILE OR LESS
LOWEST:     52 ON 23                               3 = THUNDER
                        SNOW, ICE PELLETS, HAIL    4 = ICE PELLETS
                        TOTAL MONTH:   0.0 INCH    5 = HAIL
                        GRTST 24HR     0.0         6 = FREEZING RAIN OR DRIZZLE
                        GRTST DEPTH:   0           7 = DUSTSTORM OR SANDSTORM:
                                                       VSBY 1/2 MILE OR LESS
                                                   8 = SMOKE OR HAZE
[NO. OF DAYS WITH]      [WEATHER - DAYS WITH]      9 = BLOWING SNOW
                                                   X = TORNADO
MAX 32 OR BELOW:   0    0.01 INCH OR MORE:   9
MAX 90 OR ABOVE:   7    0.10 INCH OR MORE:   6
MIN 32 OR BELOW:   0    0.50 INCH OR MORE:   2
MIN  0 OR BELOW:   0    1.00 INCH OR MORE:   0

[HDD (BASE 65) ]
TOTAL THIS MO.     0    CLEAR  (SCALE 0-3)  14
DPTR FM NORMAL   -11    PTCLDY (SCALE 4-7)  15
TOTAL FM JUL 1     0    CLOUDY (SCALE 8-10)  0
DPTR FM NORMAL   -11

[CDD (BASE 65) ]
TOTAL THIS MO.   297
DPTR FM NORMAL    77    [PRESSURE DATA]
TOTAL FM JAN 1  1663    HIGHEST SLP M ON M
DPTR FM NORMAL    77    LOWEST  SLP 29.85 ON 17

[REMARKS]
