000
CXUS51 KRNK 310623
CF6RNK

PRELIMINARY LOCAL CLIMATOLOGICAL DATA (WS FORM: F-6)

                                          STATION:   BLACKSBURG VA
                                          MONTH:     AUGUST
                                          YEAR:      2015
                                          LATITUDE:   37 13 N
                                          LONGITUDE:  80 25 W

  TEMPERATURE IN F:       :PCPN:    SNOW:  WIND      :SUNSHINE: SKY     :PK WND
================================================================================
1   2   3   4   5  6A  6B    7    8   9   10  11  12  13   14  15   16   17  18
                                     12Z  AVG MX 2MIN
DY MAX MIN AVG DEP HDD CDD  WTR  SNW DPTH SPD SPD DIR MIN PSBL S-S WX    SPD DR
================================================================================

 1  83  56  70  -1   0   5 0.00  0.0    0  3.9 14 310   M    M   0        20 280
 2  81  55  68  -3   0   3 0.00  0.0    0  1.5  7  60   M    M   1         M  M
 3  86  56  71   0   0   6 0.00  0.0    0  2.8  8 250   M    M   1        16 230
 4  87  63  75   4   0  10    T  0.0    0  3.3 10 290   M    M   1        17 290
 5  88  66  77   6   0  12 0.05  0.0    0  3.6 10 260   M    M   2 13      M  M
 6  81  62  72   1   0   7 0.72  0.0    0  3.6  9  80   M    M   8 12      M  M
 7  75  64  70  -1   0   5    T  0.0    0  4.5  9 100   M    M  10 1       M  M
 8  83  64  74   3   0   9 0.08  0.0    0  1.9  8 100   M    M  10 1       M  M
 9  84  62  73   2   0   8 0.02  0.0    0  1.2  6 190   M    M   5 12      M  M
10  79  67  73   2   0   8 1.83  0.0    0  2.3  9 110   M    M   9 1       M  M
11  82  64  73   3   0   8 0.08  0.0    0  5.5 12 300   M    M   6 13     22 310
12  80  58  69  -1   0   4 0.00  0.0    0  4.8 14 320   M    M   3 1      18 320
13  80  55  68  -2   0   3 0.00  0.0    0  1.4  8 320   M    M   2         M  M
14  84  59  72   2   0   7 0.06  0.0    0  1.5  7 110   M    M   6 1      21  70
15  84  60  72   2   0   7 0.00  0.0    0  1.1 10 110   M    M   2 123     M  M
16  87  60  74   4   0   9 0.17  0.0    0  1.6 14  80   M    M   4 123    21  80
17  84  61  73   3   0   8 0.02  0.0    0  0.9  8 150   M    M   4 12      M  M
18  80  66  73   3   0   8 0.89  0.0    0  2.3  7 170   M    M   9 1       M  M
19  86  67  77   7   0  12 0.14  0.0    0  1.8 12 240   M    M   7 3      17 240
20  81  67  74   4   0   9 0.02  0.0    0  2.3 12 320   M    M   6 1      18 320
21  78  58  68  -2   0   3 0.00  0.0    0  2.3  8 350   M    M   1 1       M  M
22  81  54  68  -2   0   3 0.00  0.0    0  2.1  7 120   M    M   4 1       M  M
23  82  62  72   2   0   7    T  0.0    0  1.8  7 190   M    M   7        16 210
24  84  59  72   2   0   7 0.00  0.0    0  3.8 10 310   M    M   5 12     18 300
25  78  54  66  -3   0   1 0.00  0.0    0  3.0 10 320   M    M   0        17 300
26  75  52  64  -5   1   0 0.00  0.0    0  2.8 12 310   M    M   2         M  M
27  79  53  66  -3   0   1 0.00  0.0    0  1.6  9  10   M    M   7         M  M
28  82  57  70   1   0   5 0.00  0.0    0  2.3  9 160   M    M   7         M  M
29  80  59  70   1   0   5 0.00  0.0    0  0.9  6 160   M    M   5 1       M  M
30  80  60  70   2   0   5    T  0.0    0  1.0  9 140   M    M   5 1       M  M
================================================================================
SM 2454 1800         1 185  4.08     0.0  73.4          M      139
================================================================================
AV 81.8 60.0                               2.4 FASTST   M    M   5    MAX(MPH)
                                 MISC ---->  # 14 310               # 22  310
================================================================================
NOTES:
# LAST OF SEVERAL OCCURRENCES

COLUMN 17 PEAK WIND IN M.P.H.

PRELIMINARY LOCAL CLIMATOLOGICAL DATA (WS FORM: F-6) , PAGE 2

                                          STATION:  BLACKSBURG VA
                                          MONTH:    AUGUST
                                          YEAR:     2015
                                          LATITUDE:   37 13 N
                                          LONGITUDE:  80 25 W

[TEMPERATURE DATA]      [PRECIPITATION DATA]       SYMBOLS USED IN COLUMN 16

AVERAGE MONTHLY: 70.9   TOTAL FOR MONTH:   4.08    1 = FOG OR MIST
DPTR FM NORMAL:   0.8   DPTR FM NORMAL:    0.59    2 = FOG REDUCING VISIBILITY
HIGHEST:    88 ON  5    GRTST 24HR  1.83 ON 10-10      TO 1/4 MILE OR LESS
LOWEST:     52 ON 26                               3 = THUNDER
                        SNOW, ICE PELLETS, HAIL    4 = ICE PELLETS
                        TOTAL MONTH:   0.0 INCH    5 = HAIL
                        GRTST 24HR     0.0         6 = FREEZING RAIN OR DRIZZLE
                        GRTST DEPTH:   0           7 = DUSTSTORM OR SANDSTORM:
                                                       VSBY 1/2 MILE OR LESS
                                                   8 = SMOKE OR HAZE
[NO. OF DAYS WITH]      [WEATHER - DAYS WITH]      9 = BLOWING SNOW
                                                   X = TORNADO
MAX 32 OR BELOW:   0    0.01 INCH OR MORE:  12
MAX 90 OR ABOVE:   0    0.10 INCH OR MORE:   5
MIN 32 OR BELOW:   0    0.50 INCH OR MORE:   3
MIN  0 OR BELOW:   0    1.00 INCH OR MORE:   1

[HDD (BASE 65) ]
TOTAL THIS MO.     1    CLEAR  (SCALE 0-3)  11
DPTR FM NORMAL    -4    PTCLDY (SCALE 4-7)  15
TOTAL FM JUL 1     1    CLOUDY (SCALE 8-10)  4
DPTR FM NORMAL   -10

[CDD (BASE 65) ]
TOTAL THIS MO.   185
DPTR FM NORMAL    20    [PRESSURE DATA]
TOTAL FM JAN 1   719    HIGHEST SLP M ON M
DPTR FM NORMAL   210    LOWEST  SLP M ON M

[REMARKS]
