000
CXUS51 KRNK 240637
CF6ROA
PRELIMINARY LOCAL CLIMATOLOGICAL DATA (WS FORM: F-6)

                                          STATION:   ROANOKE VA
                                          MONTH:     NOVEMBER
                                          YEAR:      2017
                                          LATITUDE:   37 19 N
                                          LONGITUDE:  79 58 W

  TEMPERATURE IN F:       :PCPN:    SNOW:  WIND      :SUNSHINE: SKY     :PK WND
================================================================================
1   2   3   4   5  6A  6B    7    8   9   10  11  12  13   14  15   16   17  18
                                     12Z  AVG MX 2MIN
DY MAX MIN AVG DEP HDD CDD  WTR  SNW DPTH SPD SPD DIR MIN PSBL S-S WX    SPD DR
================================================================================

 1  60  40  50  -3  15   0 0.00  0.0    0  1.2  6  10   M    M   6         7  30
 2  76  49  63  10   2   0    T  0.0    0  1.9 13 160   M    M   4        16 160
 3  79  51  65  13   0   0    T  0.0    0  3.8 14 340   M    M   5        17 260
 4  67  47  57   5   8   0 0.32  0.0    0  4.7 12 140   M    M  10 1      14 150
 5  57  48  53   1  12   0 0.00  0.0    0  2.2  9 110   M    M  10 1      11 100
 6  77  51  64  12   1   0 0.02  0.0    0  3.4 20 350   M    M   7 12     24 340
 7  58  43  51   0  14   0 0.04  0.0    0  6.9 15 150   M    M  10 1      18 140
 8  44  42  43  -8  22   0 0.04  0.0    0  6.7 13  20   M    M  10 1      16  20
 9  53  42  48  -2  17   0 0.08  0.0    0  4.6 13 310   M    M   6 1      16 290
10  51  31  41  -9  24   0 0.00  0.0    0  9.3 18 360   M    M   1        29 330
11  39  24  32 -18  33   0 0.00  0.0    0  3.8 10 110   M    M   3        13 130
12  47  28  38 -12  27   0 0.10  0.0    0  2.9 10 110   M    M   7 1      13 110
13  57  38  48  -1  17   0    T  0.0    0  5.8 21 300   M    M   8 1      24 300
14  49  33  41  -8  24   0 0.00  0.0    0  3.0  9  70   M    M   7        13  80
15  49  36  43  -5  22   0    T  0.0    0  1.8 10 130   M    M   9        12 120
16  62  38  50   2  15   0 0.00  0.0    0 10.5 29 310   M    M   3        36 300
17  57  31  44  -4  21   0 0.00  0.0    0  3.6 14 320   M    M   1        17 320
18  63  33  48   1  17   0    T  0.0    0  5.8 20 210   M    M   7        25 220
19  62  38  50   3  15   0 0.10  0.0    0 17.3 35 300   M    M   7        44 290
20  52  33  43  -4  22   0 0.00  0.0    0  6.9 18 300   M    M   1        25 300
21  60  27  44  -2  21   0 0.00  0.0    0  2.3 14 170   M    M   4        18 150
22  54  31  43  -3  22   0 0.00  0.0    0 10.9 24 320   M    M   1        41 330
23  49  25  37  -9  28   0 0.00  0.0    0  3.5 10 330   M    M   0        11 330
================================================================================
SM 1322  859       399   0  0.70     0.0 122.8          M      127
================================================================================
AV 57.5 37.4                               5.3 FASTST   M    M   6    MAX(MPH)
                                 MISC ---->  # 35 300               # 44  290
================================================================================
NOTES:
# LAST OF SEVERAL OCCURRENCES

COLUMN 17 PEAK WIND IN M.P.H.

PRELIMINARY LOCAL CLIMATOLOGICAL DATA (WS FORM: F-6) , PAGE 2

                                          STATION:  ROANOKE VA
                                          MONTH:    NOVEMBER
                                          YEAR:     2017
                                          LATITUDE:   37 19 N
                                          LONGITUDE:  79 58 W

[TEMPERATURE DATA]      [PRECIPITATION DATA]       SYMBOLS USED IN COLUMN 16

AVERAGE MONTHLY: 47.4   TOTAL FOR MONTH:   0.70    1 = FOG OR MIST
DPTR FM NORMAL:  -2.0   DPTR FM NORMAL:   -1.92    2 = FOG REDUCING VISIBILITY
HIGHEST:    79 ON  3    GRTST 24HR  0.32 ON  4- 4      TO 1/4 MILE OR LESS
LOWEST:     24 ON 11                               3 = THUNDER
                        SNOW, ICE PELLETS, HAIL    4 = ICE PELLETS
                        TOTAL MONTH:   0.0 INCH    5 = HAIL
                        GRTST 24HR     0.0         6 = FREEZING RAIN OR DRIZZLE
                        GRTST DEPTH:   0           7 = DUSTSTORM OR SANDSTORM:
                                                       VSBY 1/2 MILE OR LESS
                                                   8 = SMOKE OR HAZE
[NO. OF DAYS WITH]      [WEATHER - DAYS WITH]      9 = BLOWING SNOW
                                                   X = TORNADO
MAX 32 OR BELOW:   0    0.01 INCH OR MORE:   7
MAX 90 OR ABOVE:   0    0.10 INCH OR MORE:   3
MIN 32 OR BELOW:   7    0.50 INCH OR MORE:   0
MIN  0 OR BELOW:   0    1.00 INCH OR MORE:   0

[HDD (BASE 65) ]
TOTAL THIS MO.   399    CLEAR  (SCALE 0-3)   6
DPTR FM NORMAL    38    PTCLDY (SCALE 4-7)  12
TOTAL FM JUL 1   616    CLOUDY (SCALE 8-10)  5
DPTR FM NORMAL   -42

[CDD (BASE 65) ]
TOTAL THIS MO.     0
DPTR FM NORMAL     0    [PRESSURE DATA]
TOTAL FM JAN 1  1414    HIGHEST SLP M ON M
DPTR FM NORMAL   207    LOWEST  SLP 29.44 ON 18

[REMARKS]
