000
CXUS51 KBUF 251205
CF6ROC
PRELIMINARY LOCAL CLIMATOLOGICAL DATA (WS FORM: F-6)

                                          STATION:   ROCHESTER NY
                                          MONTH:     AUGUST
                                          YEAR:      2016
                                          LATITUDE:   43  7 N
                                          LONGITUDE:  77 40 W

  TEMPERATURE IN F:       :PCPN:    SNOW:  WIND      :SUNSHINE: SKY     :PK WND
================================================================================
1   2   3   4   5  6A  6B    7    8   9   10  11  12  13   14  15   16   17  18
                                     12Z  AVG MX 2MIN
DY MAX MIN AVG DEP HDD CDD  WTR  SNW DPTH SPD SPD DIR MIN PSBL S-S WX    SPD DR
================================================================================

 1  83  68  76   5   0  11    T  0.0    0  6.2 17  30   M    M   6 1      21  60
 2  83  62  73   2   0   8 0.00  0.0    0  5.7 15  10   M    M   1 1      18  40
 3  90  62  76   5   0  11 0.00  0.0    0  5.7 16  20   M    M   3        21  20
 4  92  67  80  10   0  15 0.00  0.0    0  6.1 15  30   M    M   1        19  70
 5  93  72  83  13   0  18    T  0.0    0 11.3 24 240   M    M   7 13     29 260
 6  84  66  75   5   0  10 0.14  0.0    0  9.0 21 290   M    M   4 13     28 290
 7  84  62  73   3   0   8 0.00  0.0    0  8.1 17 310   M    M   4        22 340
 8  84  57  71   1   0   6 0.00  0.0    0  4.3 14  20   M    M   1        20 110
 9  93  58  76   6   0  11 0.00  0.0    0  7.7 17 210   M    M   5        22 150
10  94  71  83  13   0  18 0.36  0.0    0  7.0 24 260   M    M   6 13     29 260
11  94  71  83  13   0  18 0.00  0.0    0  7.3 21 230   M    M   4 1      24 230
12  96  75  86  16   0  21 0.00  0.0    0 11.3 31 310   M    M   7 3      37 310
13  95  75  85  15   0  20 0.18  0.0    0  9.2 32 250   M    M   7 13     40 250
14  84  71  78   8   0  13 0.01  0.0    0  7.8 17 270   M    M   7        21 310
15  82  66  74   4   0   9 0.00  0.0    0  4.2 12 220   M    M   9        14 230
16  89  69  79   9   0  14 1.12  0.0    0 10.4 29 270   M    M   9 138    41 270
17  84  64  74   5   0   9 0.00  0.0    0  4.4 23 330   M    M   8        32 330
18  82  66  74   5   0   9    T  0.0    0  6.5 15 360   M    M   7        21  10
19  88  64  76   7   0  11 0.00  0.0    0  5.0 12  40   M    M   4 1      13  40
20  90  70  80  11   0  15 0.59  0.0    0  6.5 29 140   M    M   6 13     39 140
21  79  65  72   3   0   7 0.28  0.0    0 11.4 24 250   M    M   8 1      30 260
22  75  59  67  -2   0   2 0.00  0.0    0  6.9 16 290   M    M   6        22 290
23  83  56  70   1   0   5 0.00  0.0    0  6.1 15 230   M    M   2        22 260
24  88  61  75   7   0  10 0.00  0.0    0  8.5 21 220   M    M   4        25 220
================================================================================
SM 2089 1577         0 279  2.68     0.0 176.6          M      126
================================================================================
AV 87.0 65.7                               7.4 FASTST   M    M   5    MAX(MPH)
                                 MISC ---->  # 32 250               # 41  270
================================================================================
NOTES:
# LAST OF SEVERAL OCCURRENCES

COLUMN 17 PEAK WIND IN M.P.H.

PRELIMINARY LOCAL CLIMATOLOGICAL DATA (WS FORM: F-6) , PAGE 2

                                          STATION:  ROCHESTER NY
                                          MONTH:    AUGUST
                                          YEAR:     2016
                                          LATITUDE:   43  7 N
                                          LONGITUDE:  77 40 W

[TEMPERATURE DATA]      [PRECIPITATION DATA]       SYMBOLS USED IN COLUMN 16

AVERAGE MONTHLY: 76.4   TOTAL FOR MONTH:   2.68    1 = FOG OR MIST
DPTR FM NORMAL:   6.6   DPTR FM NORMAL:   -0.06    2 = FOG REDUCING VISIBILITY
HIGHEST:    96 ON 12    GRTST 24HR  1.12 ON 16-16      TO 1/4 MILE OR LESS
LOWEST:     56 ON 23                               3 = THUNDER
                        SNOW, ICE PELLETS, HAIL    4 = ICE PELLETS
                        TOTAL MONTH:   0.0 INCH    5 = HAIL
                        GRTST 24HR     0.0         6 = FREEZING RAIN OR DRIZZLE
                        GRTST DEPTH:   0           7 = DUSTSTORM OR SANDSTORM:
                                                       VSBY 1/2 MILE OR LESS
                                                   8 = SMOKE OR HAZE
[NO. OF DAYS WITH]      [WEATHER - DAYS WITH]      9 = BLOWING SNOW
                                                   X = TORNADO
MAX 32 OR BELOW:   0    0.01 INCH OR MORE:   7
MAX 90 OR ABOVE:   9    0.10 INCH OR MORE:   6
MIN 32 OR BELOW:   0    0.50 INCH OR MORE:   2
MIN  0 OR BELOW:   0    1.00 INCH OR MORE:   1

[HDD (BASE 65) ]
TOTAL THIS MO.     0    CLEAR  (SCALE 0-3)   5
DPTR FM NORMAL   -14    PTCLDY (SCALE 4-7)  16
TOTAL FM JUL 1     0    CLOUDY (SCALE 8-10)  3
DPTR FM NORMAL   -26

[CDD (BASE 65) ]
TOTAL THIS MO.   279
DPTR FM NORMAL   150    [PRESSURE DATA]
TOTAL FM JAN 1   783    HIGHEST SLP M ON M
DPTR FM NORMAL   325    LOWEST  SLP 29.62 ON 21

[REMARKS]
