000
CXUS56 KFGZ 290900
CF6RQE
PRELIMINARY LOCAL CLIMATOLOGICAL DATA (WS FORM: F-6)

                                          STATION:   WINDOW ROCK AZ AIRPORT
                                          MONTH:     AUGUST
                                          YEAR:      2014
                                          LATITUDE:   35 39 N
                                          LONGITUDE: 109  4 W

  TEMPERATURE IN F:       :PCPN:    SNOW:  WIND      :SUNSHINE: SKY     :PK WND
================================================================================
1   2   3   4   5  6A  6B    7    8   9   10  11  12  13   14  15   16   17  18
                                     12Z  AVG MX 2MIN
DY MAX MIN AVG DEP HDD CDD  WTR  SNW DPTH SPD SPD DIR MIN PSBL S-S WX    SPD DR
================================================================================

 1  84  58  71   1   0   6    T    M    M  3.5 16  60   M    M   3        22  50
 2  83  55  69  -1   0   4    T    M    M  4.3 15 150   M    M   2        23 150
 3  74  59  67  -2   0   2 0.02    M    M  4.9 13 180   M    M   7        19 100
 4  82  53  68  -1   0   3    T    M    M  4.6 16 240   M    M   3 1      21 230
 5  84  49  67  -2   0   2 0.00    M    M  5.4 17 240   M    M   1        27 250
 6  86  50  68  -1   0   3 0.00    M    M  3.6 18 200   M    M   0        25 230
 7  89  50  70   1   0   5 0.00    M    M  4.5 16 250   M    M   1        25 240
 8  89  46  68  -1   0   3 0.00    M    M  3.0 14 280   M    M   0        18 190
 9  89  46  68  -1   0   3 0.00    M    M  2.9 20 360   M    M   0        23  10
10  90  48  69   0   0   4 0.00    M    M  4.6 20 130   M    M   1        30 140
11  86  55  71   2   0   6 0.00    M    M  5.3 18 180   M    M   2        24 180
12  87  54  71   2   0   6    T    M    M  5.3 18 150   M    M   3        24 100
13  81  57  69   1   0   4    T    M    M  5.4 13 190   M    M   5        17 200
14  85  50  68   0   0   3 0.18    M    M  4.7 16 300   M    M   4 18     29 300
15  86  55  71   3   0   6    T    M    M   M  18  40   M    M   3        22  40
16  89  52  71   3   0   6    T    M    M  3.4 17  70   M    M   1        24 350
17  92  50  71   3   0   6 0.00    M    M  4.0 21  20   M    M   3        26 360
18  88  50  69   1   0   4    T    M    M  5.3 28 190   M    M   1        37 190
19  74  55  65  -2   0   0    T    M    M  6.4 20 230   M    M   5        23 230
20  80  49  65  -2   0   0 0.00    M    M  5.2 16 270   M    M   2        26 290
21  79  53  66  -1   0   1 0.03    M    M  5.6 16 250   M    M   7        25 250
22  74  51  63  -4   2   0 0.04    M    M  6.0 18 250   M    M   6 1      27 250
23  80  49  65  -2   0   0 0.00    M    M  6.1 13 300   M    M   2        23 240
24  82  53  68   1   0   3 0.00    M    M  3.5 15 210   M    M   2        24 210
25  83  50  67   1   0   2 0.00    M    M  6.0 20 160   M    M   1        27 150
26  76  52  64  -2   1   0 0.15    M    M  2.6 10  20   M    M   6         M  M
27   M   M   M   M   M   M    T    M    M  6.0 12 310   M    M   8 12     18 310
28  80  43  62  -4   3   0 0.00    M    M  5.0 17  20   M    M   0        24  10
================================================================================
SM 2252 1392         6  82  0.42    M    127.1          M       79
================================================================================
AV 83.4 51.6                               4.7 FASTST   M    M   3    MAX(MPH)
                                 MISC ---->  # 28 190               # 37  190
================================================================================
NOTES:
# LAST OF SEVERAL OCCURRENCES

COLUMN 17 PEAK WIND IN M.P.H.

PRELIMINARY LOCAL CLIMATOLOGICAL DATA (WS FORM: F-6) , PAGE 2

                                          STATION:  WINDOW ROCK AZ AIRPORT
                                          MONTH:    AUGUST
                                          YEAR:     2014
                                          LATITUDE:   35 39 N
                                          LONGITUDE: 109  4 W

[TEMPERATURE DATA]      [PRECIPITATION DATA]       SYMBOLS USED IN COLUMN 16

AVERAGE MONTHLY: 67.5   TOTAL FOR MONTH:   0.42    1 = FOG OR MIST
DPTR FM NORMAL:  -0.5   DPTR FM NORMAL:   -1.30    2 = FOG REDUCING VISIBILITY
HIGHEST:    92 ON 17    GRTST 24HR  0.28 ON 31- 1      TO 1/4 MILE OR LESS
LOWEST:     43 ON 28                               3 = THUNDER
                        SNOW, ICE PELLETS, HAIL    4 = ICE PELLETS
                        TOTAL MONTH:    M          5 = HAIL
                        GRTST 24HR    M  ON   M    6 = FREEZING RAIN OR DRIZZLE
                        GRTST DEPTH:  M  ON   M    7 = DUSTSTORM OR SANDSTORM:
                                                       VSBY 1/2 MILE OR LESS
                                                   8 = SMOKE OR HAZE
[NO. OF DAYS WITH]      [WEATHER - DAYS WITH]      9 = BLOWING SNOW
                                                   X = TORNADO
MAX 32 OR BELOW:   0    0.01 INCH OR MORE:   5
MAX 90 OR ABOVE:   2    0.10 INCH OR MORE:   2
MIN 32 OR BELOW:   0    0.50 INCH OR MORE:   0
MIN  0 OR BELOW:   0    1.00 INCH OR MORE:   0

[HDD (BASE 65) ]
TOTAL THIS MO.     6    CLEAR  (SCALE 0-3)  18
DPTR FM NORMAL     0    PTCLDY (SCALE 4-7)  10
TOTAL FM JUL 1     6    CLOUDY (SCALE 8-10)  0
DPTR FM NORMAL     0

[CDD (BASE 65) ]
TOTAL THIS MO.    82
DPTR FM NORMAL    -9    [PRESSURE DATA]
TOTAL FM JAN 1   416    HIGHEST SLP M ON M
DPTR FM NORMAL   145    LOWEST  SLP 29.87 ON 19

[REMARKS]
