000
CXUS53 KARX 210930
CF6RST
PRELIMINARY LOCAL CLIMATOLOGICAL DATA (WS FORM: F-6)

                                          STATION:   ROCHESTER MN
                                          MONTH:     OCTOBER
                                          YEAR:      2014
                                          LATITUDE:   43 55 N
                                          LONGITUDE:  92 30 W

  TEMPERATURE IN F:       :PCPN:    SNOW:  WIND      :SUNSHINE: SKY     :PK WND
================================================================================
1   2   3   4   5  6A  6B    7    8   9   10  11  12  13   14  15   16   17  18
                                     12Z  AVG MX 2MIN
DY MAX MIN AVG DEP HDD CDD  WTR  SNW DPTH SPD SPD DIR MIN PSBL S-S WX    SPD DR
================================================================================

 1  59  47  53  -1  12   0 0.55  0.0    0  9.5 18 130   M    M   8 1      25 140
 2  62  50  56   2   9   0 0.30  0.0    0  7.4 21 340   M    M  10 12     27 340
 3  50  35  43 -11  22   0    T    T    0 16.6 30 290   M    M  10 1      41 290
 4  51  33  42 -11  23   0 0.05    T    0 13.8 23 310   M    M   7 1      33 290
 5  51  32  42 -11  23   0    T  0.0    0  8.6 20 270   M    M   7        27 250
 6  60  34  47  -5  18   0 0.00  0.0    0 10.4 20 270   M    M   3        28 270
 7  61  41  51  -1  14   0    T  0.0    0 10.9 23 280   M    M   4        32 280
 8  62  38  50  -2  15   0 0.00  0.0    0 10.1 21 310   M    M   0        29 310
 9  55  32  44  -7  21   0 0.00  0.0    0  6.8 14 350   M    M   0        18 330
10  55  30  43  -8  22   0 0.00  0.0    0  5.1 10 360   M    M   0        17 350
11  56  28  42  -8  23   0 0.00  0.0    0  5.0 13 170   M    M   0        17 160
12  56  35  46  -4  19   0    T  0.0    0 10.7 22 170   M    M   5 1      30 170
13  54  49  52   2  13   0 0.97    M    0  8.8 23  10   M    M  10 1      30 360
14  60  46  53   4  12   0 0.21  0.0    0 19.6 31  10   M    M   7 1      41  10
15  64  40  52   3  13   0 0.00  0.0    0  9.4 20 350   M    M   0        26 350
16  72  34  53   5  12   0 0.00  0.0    0  9.5 21 220   M    M   0 18     27 220
17  55  45  50   2  15   0 0.01  0.0    0 13.0 22 310   M    M   9 1      32 300
18  54  33  44  -4  21   0 0.00  0.0    0  7.9 18  10   M    M   5        23 360
19  67  35  51   4  14   0 0.00  0.0    0 12.0 23 210   M    M   0        32 210
20  63  41  52   5  13   0 0.00  0.0    0  7.9 18 350   M    M   0        24 340
================================================================================
SM 1167  758       334   0  2.09    T    203.0          M       85
================================================================================
AV 58.3 37.9                              10.1 FASTST   M    M   4    MAX(MPH)
                                 MISC ---->  # 31  10               # 41  290
================================================================================
NOTES:
# LAST OF SEVERAL OCCURRENCES

COLUMN 17 PEAK WIND IN M.P.H.

PRELIMINARY LOCAL CLIMATOLOGICAL DATA (WS FORM: F-6) , PAGE 2

                                          STATION:  ROCHESTER MN
                                          MONTH:    OCTOBER
                                          YEAR:     2014
                                          LATITUDE:   43 55 N
                                          LONGITUDE:  92 30 W

[TEMPERATURE DATA]      [PRECIPITATION DATA]       SYMBOLS USED IN COLUMN 16

AVERAGE MONTHLY: 48.1   TOTAL FOR MONTH:   2.09    1 = FOG OR MIST
DPTR FM NORMAL:  -2.5   DPTR FM NORMAL:    0.53    2 = FOG REDUCING VISIBILITY
HIGHEST:    72 ON 16    GRTST 24HR  1.18 ON 13-14      TO 1/4 MILE OR LESS
LOWEST:     28 ON 11                               3 = THUNDER
                        SNOW, ICE PELLETS, HAIL    4 = ICE PELLETS
                        TOTAL MONTH:    T          5 = HAIL
                        GRTST 24HR    T  ON  4- 4  6 = FREEZING RAIN OR DRIZZLE
                        GRTST DEPTH:   0           7 = DUSTSTORM OR SANDSTORM:
                                                       VSBY 1/2 MILE OR LESS
                                                   8 = SMOKE OR HAZE
[NO. OF DAYS WITH]      [WEATHER - DAYS WITH]      9 = BLOWING SNOW
                                                   X = TORNADO
MAX 32 OR BELOW:   0    0.01 INCH OR MORE:   6
MAX 90 OR ABOVE:   0    0.10 INCH OR MORE:   4
MIN 32 OR BELOW:   4    0.50 INCH OR MORE:   2
MIN  0 OR BELOW:   0    1.00 INCH OR MORE:   0

[HDD (BASE 65) ]
TOTAL THIS MO.   334    CLEAR  (SCALE 0-3)   9
DPTR FM NORMAL    39    PTCLDY (SCALE 4-7)   7
TOTAL FM JUL 1   539    CLOUDY (SCALE 8-10)  4
DPTR FM NORMAL    29

[CDD (BASE 65) ]
TOTAL THIS MO.     0
DPTR FM NORMAL    -4    [PRESSURE DATA]
TOTAL FM JAN 1   491    HIGHEST SLP M ON M
DPTR FM NORMAL   -92    LOWEST  SLP 29.48 ON M

[REMARKS]
