000
CXUS55 KCYS 301000
CF6RWL
PRELIMINARY LOCAL CLIMATOLOGICAL DATA (WS FORM: F-6)

                                          STATION:   RAWLINS WYOMING AIRPORT
                                          MONTH:     SEPTEMBER
                                          YEAR:      2016
                                          LATITUDE:   41 47 N
                                          LONGITUDE: 107 12 W

  TEMPERATURE IN F:       :PCPN:    SNOW:  WIND      :SUNSHINE: SKY     :PK WND
================================================================================
1   2   3   4   5  6A  6B    7    8   9   10  11  12  13   14  15   16   17  18
                                     12Z  AVG MX 2MIN
DY MAX MIN AVG DEP HDD CDD  WTR  SNW DPTH SPD SPD DIR MIN PSBL S-S WX    SPD DR
================================================================================

 1  88  46  67   6   0   2    T    M    M  7.6 24 250   M    M   1        29 240
 2  81  60  71  10   0   6 0.05    M    M 13.3 33 210   M    M   2 3      43 220
 3  83  54  69   9   0   4    T    M    M 15.7 33 240   M    M   2 3      43 240
 4  70  47  59  -1   6   0 0.17    M    M 10.7 29 200   M    M   6 1      39 240
 5  71  40  56  -4   9   0 0.00    M    M  7.9 24 210   M    M   1        30 210
 6  75  39  57  -2   8   0 0.00    M    M  6.6 24 240   M    M   1        34 240
 7  75  41  58  -1   7   0 0.00    M    M 10.0 29 270   M    M   1        37 250
 8  76  41  59   0   6   0 0.00    M    M 18.5 39 280   M    M   0        49 290
 9  63  33  48 -10  17   0 0.00    M    M 11.3 24 270   M    M   0        29 260
10  76  25  51  -7  14   0 0.00    M    M 11.0 26 250   M    M   0        36 240
11  82  51  67  10   0   2 0.00    M    M 15.5 32 270   M    M   0        41 280
12  69  44  57   0   8   0    T    M    M 15.0 31  60   M    M   5        39  70
13  76  42  59   3   6   0 0.01    M    M 11.6 29 170   M    M   4 3      46 150
14  64  41  53  -3  12   0 0.17    M    M  9.5 41 240   M    M   5 3      54 240
15  58  38  48  -8  17   0 0.01    M    M 11.2 22 230   M    M   5 3      30 230
16  65  30  48  -7  17   0 0.00    M    M  3.2 13 250   M    M   2        17 330
17  69  32  51  -4  14   0 0.00    M    M 13.2 29 250   M    M   0        37 250
18  77  51  64  10   1   0 0.00    M    M 19.8 33 250   M    M   2        42 240
19  82  49  66  12   0   1 0.00    M    M 12.4 28 250   M    M   0        36 260
20  83  37  60   6   5   0 0.00    M    M  9.4 23 230   M    M   0        31 230
21  73  45  59   6   6   0 0.00    M    M 12.3 24 190   M    M   4        30 180
22  66  48  57   4   8   0 0.09    M    M  8.3 25 200   M    M   7 1      34 200
23  55  40  48  -4  17   0 0.09    M    M 10.8 25 230   M    M   8 1      31 220
24  46  37  42 -10  23   0 0.04    M    M 11.7 24 250   M    M  10 1      31 240
25  60  27  44  -7  21   0 0.00    M    M  7.3 18 230   M    M   2        28 240
26  68  30  49  -2  16   0 0.00    M    M  5.0 16 260   M    M   0        21 260
27  74  32  53   2  12   0 0.00    M    M  4.8 16 260   M    M   0        23 250
28  79  32  56   6   9   0 0.00    M    M  6.8 20  60   M    M   0        25  60
29  67  41  54   4  11   0 0.02    M    0  7.1 25 230   M    M   4        32 240
================================================================================
SM 2071 1173       270  15  0.65    M    307.5          M       72
================================================================================
AV 71.4 40.5                              10.6 FASTST   M    M   2    MAX(MPH)
                                 MISC ---->  # 41 240               # 54  240
================================================================================
NOTES:
# LAST OF SEVERAL OCCURRENCES

COLUMN 17 PEAK WIND IN M.P.H.

PRELIMINARY LOCAL CLIMATOLOGICAL DATA (WS FORM: F-6) , PAGE 2

                                          STATION:  RAWLINS WYOMING AIRPORT
                                          MONTH:    SEPTEMBER
                                          YEAR:     2016
                                          LATITUDE:   41 47 N
                                          LONGITUDE: 107 12 W

[TEMPERATURE DATA]      [PRECIPITATION DATA]       SYMBOLS USED IN COLUMN 16

AVERAGE MONTHLY: 55.9   TOTAL FOR MONTH:   0.65    1 = FOG OR MIST
DPTR FM NORMAL:   0.3   DPTR FM NORMAL:   -0.29    2 = FOG REDUCING VISIBILITY
HIGHEST:    88 ON  1    GRTST 24HR  0.17 ON 14-14      TO 1/4 MILE OR LESS
LOWEST:     25 ON 10                               3 = THUNDER
                        SNOW, ICE PELLETS, HAIL    4 = ICE PELLETS
                        TOTAL MONTH:    M          5 = HAIL
                        GRTST 24HR    M  ON   M    6 = FREEZING RAIN OR DRIZZLE
                        GRTST DEPTH:   0           7 = DUSTSTORM OR SANDSTORM:
                                                       VSBY 1/2 MILE OR LESS
                                                   8 = SMOKE OR HAZE
[NO. OF DAYS WITH]      [WEATHER - DAYS WITH]      9 = BLOWING SNOW
                                                   X = TORNADO
MAX 32 OR BELOW:   0    0.01 INCH OR MORE:   9
MAX 90 OR ABOVE:   0    0.10 INCH OR MORE:   2
MIN 32 OR BELOW:   7    0.50 INCH OR MORE:   0
MIN  0 OR BELOW:   0    1.00 INCH OR MORE:   0

[HDD (BASE 65) ]
TOTAL THIS MO.   270    CLEAR  (SCALE 0-3)  19
DPTR FM NORMAL    -6    PTCLDY (SCALE 4-7)   8
TOTAL FM JUL 1   361    CLOUDY (SCALE 8-10)  2
DPTR FM NORMAL    -8

[CDD (BASE 65) ]
TOTAL THIS MO.    15
DPTR FM NORMAL    13    [PRESSURE DATA]
TOTAL FM JAN 1   235    HIGHEST SLP M ON M
DPTR FM NORMAL    52    LOWEST  SLP 29.52 ON 23

[REMARKS]
