000
CXUS55 KPIH 311200
CF6RXE

PRELIMINARY LOCAL CLIMATOLOGICAL DATA (WS FORM: F-6)

                                          STATION:   REXBURG ID
                                          MONTH:     JANUARY
                                          YEAR:      2015
                                          LATITUDE:   43 49 N
                                          LONGITUDE: 111 48 W

  TEMPERATURE IN F:       :PCPN:    SNOW:  WIND      :SUNSHINE: SKY     :PK WND
================================================================================
1   2   3   4   5  6A  6B    7    8   9   10  11  12  13   14  15   16   17  18
                                     12Z  AVG MX 2MIN
DY MAX MIN AVG DEP HDD CDD  WTR  SNW DPTH SPD SPD DIR MIN PSBL S-S WX    SPD DR
================================================================================

 1   6 -14  -4 -24  69   0 0.00    M    M  2.2  7  30   M    M   0 1       8  30
 2  13 -12   1 -19  64   0    T    M    M  1.9  8  70   M    M   6 1      10  60
 3  17   8  13  -7  52   0 0.01    M    M  1.5  7  30   M    M   8 1       7  30
 4  24  15  20   0  45   0    T    M    M  1.7  7  60   M    M  10 18      8  70
 5  37  22  30  10  35   0    T    M    M 14.5 30 230   M    M  10 1      40 220
 6  39  20  30  10  35   0 0.00    M    M  2.7  9 230   M    M   5 12     12 210
 7  40  16  28   8  37   0 0.00    M    M  2.8  9  60   M    M   2 1      11  70
 8  35  15  25   5  40   0 0.00    M    M  4.7 14  60   M    M   2 12     17  60
 9  31  13  22   2  43   0 0.00    M    M  4.6 10  50   M    M   1        13  40
10  34  24  29   9  36   0 0.00    M    M  0.6  5 360   M    M  10         6  30
11  32  27  30  10  35   0 0.10    M    M  1.4  7 200   M    M  10 12      9 210
12  38  21  30  10  35   0 0.02    M    M  4.8  9  50   M    M   7 12     11 200
13  28  13  21   1  44   0    T    M    M  3.0  8  30   M    M  10 12     10  20
14  21  13  17  -3  48   0 0.00    M    M  4.5  8  60   M    M  10 1      10  80
15  17  11  14  -6  51   0 0.00    M    M  5.4 10  50   M    M   7 1      13  50
16  29  15  22   2  43   0 0.25    M    M  3.3 12 210   M    M  10 12     13 210
17  29  23  26   6  39   0 0.00    M    M  4.4 20 220   M    M   9 12     26 210
18  41  28  35  15  30   0 0.08    M    M  5.6 16 210   M    M   9 16     22 200
19  36  24  30  10  35   0 0.00    M    M  6.3 15 210   M    M  10        20 220
20  28   5  17  -3  48   0 0.00    M    M  2.8  9  70   M    M   8 1      11  70
21  17   0   9 -11  56   0    T    M    M  3.7  7  60   M    M   6 12      9  70
22  23  -3  10 -10  55   0 0.00    M    M  3.0  7  60   M    M   0 1       8  60
23  28   8  18  -2  47   0    T    M    M  2.9  9 170   M    M   6 18     12 180
24  27  11  19  -1  46   0 0.00    M    M  2.4  8  50   M    M  10 1       9  50
25  32  25  29   9  36   0 0.00    M    M  2.3  8  30   M    M  10 1       9  30
26  40  16  28   8  37   0 0.00    M    M  3.1  7  60   M    M   2 12     10  60
27   M  19   M   M   M   M 0.05    M    M  3.1  8 290   M    M   3 8      10 280
28   M  32   M   M   M   M 0.21    M    M  6.0 13 230   M    M  10 128    17 230
29  37  26  32  12  33   0 0.00    M    M  4.8  9  60   M    M   4 1      13  70
30  36  20  28   8  37   0 0.00    M    M  4.5 12  60   M    M   0        14  60
================================================================================
SM  815  441      1211   0  0.72    M    114.5          M      195
================================================================================
AV 29.1 14.7                               3.8 FASTST   M    M   7    MAX(MPH)
                                 MISC ---->  # 30 230               # 40  220
================================================================================
NOTES:
# LAST OF SEVERAL OCCURRENCES

COLUMN 17 PEAK WIND IN M.P.H.

PRELIMINARY LOCAL CLIMATOLOGICAL DATA (WS FORM: F-6) , PAGE 2

                                          STATION:  REXBURG ID
                                          MONTH:    JANUARY
                                          YEAR:     2015
                                          LATITUDE:   43 49 N
                                          LONGITUDE: 111 48 W

[TEMPERATURE DATA]      [PRECIPITATION DATA]       SYMBOLS USED IN COLUMN 16

AVERAGE MONTHLY: 21.9   TOTAL FOR MONTH:   0.72    1 = FOG OR MIST
DPTR FM NORMAL:   1.9   DPTR FM NORMAL:    0.00    2 = FOG REDUCING VISIBILITY
HIGHEST:    41 ON 18    GRTST 24HR  0.26 ON 27-28      TO 1/4 MILE OR LESS
LOWEST:    -14 ON  1                               3 = THUNDER
                        SNOW, ICE PELLETS, HAIL    4 = ICE PELLETS
                        TOTAL MONTH:    M          5 = HAIL
                        GRTST 24HR    M  ON   M    6 = FREEZING RAIN OR DRIZZLE
                        GRTST DEPTH:  M  ON   M    7 = DUSTSTORM OR SANDSTORM:
                                                       VSBY 1/2 MILE OR LESS
                                                   8 = SMOKE OR HAZE
[NO. OF DAYS WITH]      [WEATHER - DAYS WITH]      9 = BLOWING SNOW
                                                   X = TORNADO
MAX 32 OR BELOW:  17    0.01 INCH OR MORE:   7
MAX 90 OR ABOVE:   0    0.10 INCH OR MORE:   3
MIN 32 OR BELOW:  30    0.50 INCH OR MORE:   0
MIN  0 OR BELOW:   4    1.00 INCH OR MORE:   0

[HDD (BASE 65) ]
TOTAL THIS MO.  1211    CLEAR  (SCALE 0-3)   7
DPTR FM NORMAL  -139    PTCLDY (SCALE 4-7)  10
TOTAL FM JUL 1  4180    CLOUDY (SCALE 8-10) 13
DPTR FM NORMAL  -552

[CDD (BASE 65) ]
TOTAL THIS MO.     0
DPTR FM NORMAL     0    [PRESSURE DATA]
TOTAL FM JAN 1     0    HIGHEST SLP M ON M
DPTR FM NORMAL     0    LOWEST  SLP 30.08 ON 10

[REMARKS]
