000
CXUS55 KTWC 210855
CF6SAD
PRELIMINARY LOCAL CLIMATOLOGICAL DATA (WS FORM: F-6)

                                          STATION:   SAFFORD AZ AIRPORT
                                          MONTH:     SEPTEMBER
                                          YEAR:      2014
                                          LATITUDE:   32 50 N
                                          LONGITUDE: 109 38 W

  TEMPERATURE IN F:       :PCPN:    SNOW:  WIND      :SUNSHINE: SKY     :PK WND
================================================================================
1   2   3   4   5  6A  6B    7    8   9   10  11  12  13   14  15   16   17  18
                                     12Z  AVG MX 2MIN
DY MAX MIN AVG DEP HDD CDD  WTR  SNW DPTH SPD SPD DIR MIN PSBL S-S WX    SPD DR
================================================================================

 1 100  65  83   1   0  18 0.00  0.0    0  8.0 22 290   M    M   0        27 310
 2 102  64  83   1   0  18 0.00  0.0    0  6.2 17 310   M    M   0        23 310
 3 102  67  85   3   0  20 0.00  0.0    0  6.6 18 290   M    M   0        26 280
 4  99  73  86   4   0  21    T  0.0    0  9.6 36 310   M    M   1 8      44 310
 5  94  70  82   0   0  17 0.00  0.0    0  6.2 16 300   M    M   2        19 270
 6  93  69  81   0   0  16 0.48  0.0    0  6.4 31  80   M    M   3 13     42  80
 7  89  70  80  -1   0  15 0.00  0.0    0  9.5 18 140   M    M   3        22 130
 8  85  72  79  -2   0  14    T  0.0    0  6.9 24 280   M    M   7        27 280
 9  92  68  80  -1   0  15 0.00  0.0    0  7.9 22 320   M    M   2        29 290
10  92  68  80  -1   0  15 0.00  0.0    0  8.0 18 280   M    M   1        25 260
11  96  67  82   1   0  17 0.00  0.0    0  4.8 13 270   M    M   0        16 260
12  96  71  84   4   0  19 0.26  0.0    0 10.2 39 130   M    M   0 3      52 140
13  85  66  76  -4   0  11 0.00  0.0    0 13.5 21 150   M    M   3        29  90
14  89  64  77  -3   0  12 0.00  0.0    0 11.1 22 150   M    M   0        26 140
15  93  71  82   2   0  17 0.00  0.0    0 11.1 21  90   M    M   1 3      26  80
16  79  68  74  -5   0   9 0.41  0.0    0  7.2 20 100   M    M   7 13     25 100
17  79  67  73  -6   0   8 1.03  0.0    0  8.2 24 160   M    M   M 13     30 160
18  78  65  72  -7   0   7 0.07  0.0    0  5.6 26 210   M    M   9 18     39 210
19  88  69  79   1   0  14 0.00  0.0    0  3.7  9 280   M    M   3        14 290
20  91  68  80   2   0  15    T  0.0    0  3.7 17 170   M    M   0 3      22 170
================================================================================
SM 1822 1362         0 298  2.25     0.0 154.4          M       42
================================================================================
AV 91.1 68.1                               7.7 FASTST   M    M   2    MAX(MPH)
                                 MISC ---->  # 39 130               # 52  140
================================================================================
NOTES:
# LAST OF SEVERAL OCCURRENCES

COLUMN 17 PEAK WIND IN M.P.H.

PRELIMINARY LOCAL CLIMATOLOGICAL DATA (WS FORM: F-6) , PAGE 2

                                          STATION:  SAFFORD AZ AIRPORT
                                          MONTH:    SEPTEMBER
                                          YEAR:     2014
                                          LATITUDE:   32 50 N
                                          LONGITUDE: 109 38 W

[TEMPERATURE DATA]      [PRECIPITATION DATA]       SYMBOLS USED IN COLUMN 16

AVERAGE MONTHLY: 79.6   TOTAL FOR MONTH:   2.25    1 = FOG OR MIST
DPTR FM NORMAL:  -0.8   DPTR FM NORMAL:    1.54    2 = FOG REDUCING VISIBILITY
HIGHEST:   102 ON  3, 2 GRTST 24HR  1.08 ON 17-18      TO 1/4 MILE OR LESS
LOWEST:     64 ON 14, 2                            3 = THUNDER
                        SNOW, ICE PELLETS, HAIL    4 = ICE PELLETS
                        TOTAL MONTH:   0.0 INCH    5 = HAIL
                        GRTST 24HR     0.0         6 = FREEZING RAIN OR DRIZZLE
                        GRTST DEPTH:   0           7 = DUSTSTORM OR SANDSTORM:
                                                       VSBY 1/2 MILE OR LESS
                                                   8 = SMOKE OR HAZE
[NO. OF DAYS WITH]      [WEATHER - DAYS WITH]      9 = BLOWING SNOW
                                                   X = TORNADO
MAX 32 OR BELOW:   0    0.01 INCH OR MORE:   5
MAX 90 OR ABOVE:  12    0.10 INCH OR MORE:   4
MIN 32 OR BELOW:   0    0.50 INCH OR MORE:   1
MIN  0 OR BELOW:   0    1.00 INCH OR MORE:   1

[HDD (BASE 65) ]
TOTAL THIS MO.     0    CLEAR  (SCALE 0-3)  15
DPTR FM NORMAL     0    PTCLDY (SCALE 4-7)   3
TOTAL FM JUL 1     0    CLOUDY (SCALE 8-10)  1
DPTR FM NORMAL     0

[CDD (BASE 65) ]
TOTAL THIS MO.   298
DPTR FM NORMAL   -11    [PRESSURE DATA]
TOTAL FM JAN 1  2484    HIGHEST SLP M ON M
DPTR FM NORMAL   112    LOWEST  SLP 29.60 ON  4

[REMARKS]
