000
CXUS53 KMKX 300659
CF6SBM
PRELIMINARY LOCAL CLIMATOLOGICAL DATA (WS FORM: F-6)

                                          STATION:   SHEBOYGAN WI
                                          MONTH:     APRIL
                                          YEAR:      2016
                                          LATITUDE:   43 46 N
                                          LONGITUDE:  87 51 W

  TEMPERATURE IN F:       :PCPN:    SNOW:  WIND      :SUNSHINE: SKY     :PK WND
================================================================================
1   2   3   4   5  6A  6B    7    8   9   10  11  12  13   14  15   16   17  18
                                     12Z  AVG MX 2MIN
DY MAX MIN AVG DEP HDD CDD  WTR  SNW DPTH SPD SPD DIR MIN PSBL S-S WX    SPD DR
================================================================================

 1  50  30  40   2  25   0 0.02    M    M  9.1 25 290   M    M   4        37 300
 2  34  19  27 -12  38   0 0.11    M    M 10.8 26 330   M    M   8 128    35 330
 3  44  20  32  -7  33   0    T    M    M 11.7 28  40   M    M   7        34  40
 4  33  24  29 -11  36   0    T    M    M 10.0 22  20   M    M   8        28  20
 5  38  22  30 -10  35   0 0.08    M    0 10.2 22 170   M    M   4 168    30 180
 6  45  34  40   0  25   0 0.49    M    0  8.6 18 160   M    M  10 1      25 180
 7  40  32  36  -5  29   0 0.02    M    0 11.0 23 340   M    M  10 1      29 340
 8  35  22  29 -12  36   0 0.10    M    0  8.9 23  40   M    M  10 128    29  40
 9  32  18  25 -17  40   0 0.00  0.0    0 10.3 18 330   M    M   3        24 330
10  46  31  39  -3  26   0    T    M    0 12.2 28 170   M    M   9        37 170
11  43  33  38  -4  27   0 0.00  0.0    0 15.0 26 320   M    M   3        35 310
12  42  28  35  -8  30   0 0.00    M    M  6.9 13 170   M    M   2        17 140
13  40  32  36  -7  29   0 0.13    M    M  4.4 13 130   M    M   9 1      16 130
14  52  30  41  -2  24   0 0.00    M    M  7.7 20 180   M    M   1        26 170
15  59  32  46   2  19   0 0.00  0.0    0  6.2 17 180   M    M   0 18     21 170
16  71  32  52   8  13   0 0.00  0.0    0  4.3 12 150   M    M   0 1      15 160
17  72  37  55  11  10   0 0.00  0.0    0  3.5 14 180   M    M   0 1      16 140
18  80  42  61  16   4   0 0.00  0.0    0 10.4 30  40   M    M   1        38  40
19  48  40  44  -1  21   0    T    M    0 12.1 21  40   M    M   6        26  40
20  64  44  54   9  11   0 0.02    M    0  8.3 18 150   M    M   6        27 150
21  67  46  57  11   8   0 0.20    M    0  6.8 18  40   M    M   8 18     23  40
22  51  36  44  -2  21   0 0.00  0.0    0 11.9 22  40   M    M   6 1      28  20
23  53  32  43  -3  22   0 0.00  0.0    0  5.9 12 140   M    M   0        16 120
24  54  35  45  -1  20   0 0.16    M    0  6.1 14  50   M    M   6 1      16  50
25  65  41  53   6  12   0 0.13    M    0  8.0 20 340   M    M   6 138    24 340
26  45  38  42  -5  23   0 0.00  0.0    0 13.7 23  40   M    M   8 1      28  40
27  48  36  42  -5  23   0 0.00  0.0    0 16.8 30  50   M    M   2        35  50
28  43  38  41  -7  24   0    T  0.0    0 11.5 23  80   M    M  10 18     35  90
29  53  34  44  -4  21   0 0.01    M    M  6.7 20  40   M    M   5        23  40
================================================================================
SM 1447  938       685   0  1.47     0.0 269.0          M      152
================================================================================
AV 49.9 32.3                               9.3 FASTST   M    M   5    MAX(MPH)
                                 MISC ---->  # 30  40               # 38   40
================================================================================
NOTES:
# LAST OF SEVERAL OCCURRENCES

COLUMN 17 PEAK WIND IN M.P.H.

PRELIMINARY LOCAL CLIMATOLOGICAL DATA (WS FORM: F-6) , PAGE 2

                                          STATION:  SHEBOYGAN WI
                                          MONTH:    APRIL
                                          YEAR:     2016
                                          LATITUDE:   43 46 N
                                          LONGITUDE:  87 51 W

[TEMPERATURE DATA]      [PRECIPITATION DATA]       SYMBOLS USED IN COLUMN 16

AVERAGE MONTHLY: 41.1   TOTAL FOR MONTH:   1.47    1 = FOG OR MIST
DPTR FM NORMAL:  -2.4   DPTR FM NORMAL:   -1.40    2 = FOG REDUCING VISIBILITY
HIGHEST:    80 ON 18    GRTST 24HR  0.56 ON  5- 6      TO 1/4 MILE OR LESS
LOWEST:     18 ON  9                               3 = THUNDER
                        SNOW, ICE PELLETS, HAIL    4 = ICE PELLETS
                        TOTAL MONTH:   0.0 INCH    5 = HAIL
                        GRTST 24HR     0.0         6 = FREEZING RAIN OR DRIZZLE
                        GRTST DEPTH:   0           7 = DUSTSTORM OR SANDSTORM:
                                                       VSBY 1/2 MILE OR LESS
                                                   8 = SMOKE OR HAZE
[NO. OF DAYS WITH]      [WEATHER - DAYS WITH]      9 = BLOWING SNOW
                                                   X = TORNADO
MAX 32 OR BELOW:   1    0.01 INCH OR MORE:  12
MAX 90 OR ABOVE:   0    0.10 INCH OR MORE:   7
MIN 32 OR BELOW:  15    0.50 INCH OR MORE:   0
MIN  0 OR BELOW:   0    1.00 INCH OR MORE:   0

[HDD (BASE 65) ]
TOTAL THIS MO.   685    CLEAR  (SCALE 0-3)  10
DPTR FM NORMAL    61    PTCLDY (SCALE 4-7)  13
TOTAL FM JUL 1  6191    CLOUDY (SCALE 8-10)  6
DPTR FM NORMAL  -972

[CDD (BASE 65) ]
TOTAL THIS MO.     0
DPTR FM NORMAL     0    [PRESSURE DATA]
TOTAL FM JAN 1     0    HIGHEST SLP M ON M
DPTR FM NORMAL     0    LOWEST  SLP 29.45 ON  3

[REMARKS]
