000
CXUS53 KIWX 170800
CF6SBN
PRELIMINARY LOCAL CLIMATOLOGICAL DATA (WS FORM: F-6)

                                          STATION:   SOUTH BEND
                                          MONTH:     SEPTEMBER
                                          YEAR:      2014
                                          LATITUDE:   41 42 N
                                          LONGITUDE:  86 19 W

  TEMPERATURE IN F:       :PCPN:    SNOW:  WIND      :SUNSHINE: SKY     :PK WND
================================================================================
1   2   3   4   5  6A  6B    7    8   9   10  11  12  13   14  15   16   17  18
                                     12Z  AVG MX 2MIN
DY MAX MIN AVG DEP HDD CDD  WTR  SNW DPTH SPD SPD DIR MIN PSBL S-S WX    SPD DR
================================================================================

 1  84  71  78   9   0  13 0.03  0.0    0 11.3 23 220   M    M   5 1      31 220
 2  82  65  74   5   0   9    T  0.0    0  6.8 15 310   M    M   4        19 320
 3  84  61  73   4   0   8 0.00  0.0    0  4.9 15 210   M    M   1 1      19 200
 4  84  66  75   7   0  10 0.07  0.0    0  9.5 23 200   M    M   1 13     28 200
 5  91  67  79  11   0  14 1.10  0.0    0 11.1 30 330   M    M   3 13     36 320
 6  72  54  63  -5   2   0 0.04  0.0    0  7.6 18 340   M    M   3        25  10
 7  78  53  66  -1   0   1 0.00  0.0    0  3.2 13 330   M    M   1        16 340
 8  78  55  67   0   0   2 0.00  0.0    0  4.7 14 170   M    M   1        18 190
 9  78  57  68   1   0   3 0.00  0.0    0  7.0 17 200   M    M   4        22 190
10  79  59  69   3   0   4 0.93  0.0    0 13.4 26 310   M    M   8 1      35 220
11  60  53  57  -9   8   0 0.04  0.0    0 11.1 20 350   M    M  10 1      25 340
12  59  48  54 -12  11   0 0.03  0.0    0  6.0 13  20   M    M   7        17 210
13  61  43  52 -13  13   0 0.04  0.0    0  8.1 17 360   M    M   6 1      23 330
14  65  43  54 -11  11   0 0.00  0.0    0  3.3 14 220   M    M   5        18 240
15  60  46  53 -11  12   0 0.07  0.0    0  4.9 14 220   M    M   6 1      18 220
16  67  44  56  -8   9   0 0.00  0.0    0  3.8 13 320   M    M   4 12     16 310
================================================================================
SM 1182  885        66  64  2.35     0.0 116.7          M       69
================================================================================
AV 73.9 55.3                               7.3 FASTST   M    M   4    MAX(MPH)
                                 MISC ---->  # 30 330               # 36  320
================================================================================
NOTES:
# LAST OF SEVERAL OCCURRENCES

COLUMN 17 PEAK WIND IN M.P.H.

PRELIMINARY LOCAL CLIMATOLOGICAL DATA (WS FORM: F-6) , PAGE 2

                                          STATION:  SOUTH BEND
                                          MONTH:    SEPTEMBER
                                          YEAR:     2014
                                          LATITUDE:   41 42 N
                                          LONGITUDE:  86 19 W

[TEMPERATURE DATA]      [PRECIPITATION DATA]       SYMBOLS USED IN COLUMN 16

AVERAGE MONTHLY: 64.6   TOTAL FOR MONTH:   2.35    1 = FOG OR MIST
DPTR FM NORMAL:  -2.2   DPTR FM NORMAL:    0.48    2 = FOG REDUCING VISIBILITY
HIGHEST:    91 ON  5    GRTST 24HR  1.14 ON  5- 6      TO 1/4 MILE OR LESS
LOWEST:     43 ON 14,13                            3 = THUNDER
                        SNOW, ICE PELLETS, HAIL    4 = ICE PELLETS
                        TOTAL MONTH:   0.0 INCH    5 = HAIL
                        GRTST 24HR     0.0         6 = FREEZING RAIN OR DRIZZLE
                        GRTST DEPTH:   0           7 = DUSTSTORM OR SANDSTORM:
                                                       VSBY 1/2 MILE OR LESS
                                                   8 = SMOKE OR HAZE
[NO. OF DAYS WITH]      [WEATHER - DAYS WITH]      9 = BLOWING SNOW
                                                   X = TORNADO
MAX 32 OR BELOW:   0    0.01 INCH OR MORE:   9
MAX 90 OR ABOVE:   1    0.10 INCH OR MORE:   2
MIN 32 OR BELOW:   0    0.50 INCH OR MORE:   2
MIN  0 OR BELOW:   0    1.00 INCH OR MORE:   1

[HDD (BASE 65) ]
TOTAL THIS MO.    66    CLEAR  (SCALE 0-3)   6
DPTR FM NORMAL    33    PTCLDY (SCALE 4-7)   9
TOTAL FM JUL 1    94    CLOUDY (SCALE 8-10)  1
DPTR FM NORMAL    43

[CDD (BASE 65) ]
TOTAL THIS MO.    64
DPTR FM NORMAL     4    [PRESSURE DATA]
TOTAL FM JAN 1   757    HIGHEST SLP M ON M
DPTR FM NORMAL    15    LOWEST  SLP 29.62 ON 10

[REMARKS]
