000
CXUS56 KSGX 181445
CF6SDM
PRELIMINARY LOCAL CLIMATOLOGICAL DATA (WS FORM: F-6)

                                          STATION:   SAN DIEGO/BROWN
                                          MONTH:     AUGUST
                                          YEAR:      2017
                                          LATITUDE:   32 34 N
                                          LONGITUDE: 116 59 W

  TEMPERATURE IN F:       :PCPN:    SNOW:  WIND      :SUNSHINE: SKY     :PK WND
================================================================================
1   2   3   4   5  6A  6B    7    8   9   10  11  12  13   14  15   16   17  18
                                     12Z  AVG MX 2MIN
DY MAX MIN AVG DEP HDD CDD  WTR  SNW DPTH SPD SPD DIR MIN PSBL S-S WX    SPD DR
================================================================================

 1  82  66  74   4   0   9    T  0.0    0  5.0 10 300   M    M   4        19 280
 2  86  77  82  12   0  17 0.00  0.0    M  5.8 10 280   M    M   0 1      14 270
 3  83  68  76   6   0  11 0.00  0.0    M  6.6 12 270   M    M   1 128    19 250
 4  84  66  75   5   0  10 0.00  0.0    M  7.4 13 260   M    M   2 1      16 280
 5  81  65  73   3   0   8 0.00  0.0    M  4.2 13 280   M    M   4 18     17 280
 6  78  68  73   3   0   8 0.00  0.0    M  6.7 12 300   M    M   1        17 260
 7  80  65  73   2   0   8 0.00  0.0    M  4.4 14 280   M    M   3        18 290
 8  80  63  72   1   0   7 0.00  0.0    0  4.9 14 270   M    M   4 18     18 270
 9  80  63  72   1   0   7 0.00  0.0    0  4.3 13 290   M    M   3 18     19 270
10  80  65  73   2   0   8 0.00  0.0    0  4.1 13 280   M    M   4 18     17 280
11  80  64  72   1   0   7 0.00  0.0    0  4.4 13 270   M    M   3 18     17 280
12  79  63  71   0   0   6 0.00  0.0    0  3.8 13 260   M    M   5 18     18 270
13  81  62  72   1   0   7 0.00  0.0    0  4.0 13 270   M    M   4 18     18 280
14  79  62  71   0   0   6 0.00  0.0    0  3.7 14 260   M    M   4 18     19 250
15  73  60  67  -4   0   2 0.00  0.0    0  3.8 14 260   M    M   8 18     17 280
16  78  62  70  -1   0   5 0.00  0.0    0  3.7 13 280   M    M   3 18     24 210
17  78  59  69  -2   0   4 0.00  0.0    0  3.9 13 280   M    M   1 18     18 280
================================================================================
SM 1362 1098         0 130    T      0.0  80.7          M       54
================================================================================
AV 80.1 64.6                               4.7 FASTST   M    M   3    MAX(MPH)
                                 MISC ---->  # 14 280               # 24  210
================================================================================
NOTES:
# LAST OF SEVERAL OCCURRENCES

COLUMN 17 PEAK WIND IN M.P.H.

PRELIMINARY LOCAL CLIMATOLOGICAL DATA (WS FORM: F-6) , PAGE 2

                                          STATION:  SAN DIEGO/BROWN
                                          MONTH:    AUGUST
                                          YEAR:     2017
                                          LATITUDE:   32 34 N
                                          LONGITUDE: 116 59 W

[TEMPERATURE DATA]      [PRECIPITATION DATA]       SYMBOLS USED IN COLUMN 16

AVERAGE MONTHLY: 72.4   TOTAL FOR MONTH:      T    1 = FOG OR MIST
DPTR FM NORMAL:   1.7   DPTR FM NORMAL:   -0.03    2 = FOG REDUCING VISIBILITY
HIGHEST:    86 ON  2    GRTST 24HR    T  ON  1- 1      TO 1/4 MILE OR LESS
LOWEST:     59 ON 17                               3 = THUNDER
                        SNOW, ICE PELLETS, HAIL    4 = ICE PELLETS
                        TOTAL MONTH:   0.0 INCH    5 = HAIL
                        GRTST 24HR     0.0         6 = FREEZING RAIN OR DRIZZLE
                        GRTST DEPTH:   0           7 = DUSTSTORM OR SANDSTORM:
                                                       VSBY 1/2 MILE OR LESS
                                                   8 = SMOKE OR HAZE
[NO. OF DAYS WITH]      [WEATHER - DAYS WITH]      9 = BLOWING SNOW
                                                   X = TORNADO
MAX 32 OR BELOW:   0    0.01 INCH OR MORE:   0
MAX 90 OR ABOVE:   0    0.10 INCH OR MORE:   0
MIN 32 OR BELOW:   0    0.50 INCH OR MORE:   0
MIN  0 OR BELOW:   0    1.00 INCH OR MORE:   0

[HDD (BASE 65) ]
TOTAL THIS MO.     0    CLEAR  (SCALE 0-3)   7
DPTR FM NORMAL     0    PTCLDY (SCALE 4-7)  10
TOTAL FM JUL 1     0    CLOUDY (SCALE 8-10)  0
DPTR FM NORMAL    -3

[CDD (BASE 65) ]
TOTAL THIS MO.   130
DPTR FM NORMAL    33    [PRESSURE DATA]
TOTAL FM JAN 1   514    HIGHEST SLP M ON M
DPTR FM NORMAL   204    LOWEST  SLP 29.79 ON 11

[REMARKS]
